{"id":715218,"date":"2025-08-27T17:27:34","date_gmt":"2025-08-27T14:27:34","guid":{"rendered":"https:\/\/roveyayinevi.com.tr\/index.php\/urun\/toplumsal-cinsiyet-algisina-ekonomik-ve-sosyolojik-bir-bakis\/"},"modified":"2026-04-16T02:23:23","modified_gmt":"2026-04-15T23:23:23","slug":"toplumsal-cinsiyet-algisina-ekonomik-ve-sosyolojik-bir-bakis","status":"publish","type":"product","link":"https:\/\/roveyayinevi.com.tr\/index.php\/urun\/toplumsal-cinsiyet-algisina-ekonomik-ve-sosyolojik-bir-bakis\/","title":{"rendered":"Toplumsal Cinsiyet Alg\u0131s\u0131na Ekonomik ve Sosyolojik Bir Bak\u0131\u015f"},"content":{"rendered":"<p>Toplumsal Cinsiyet Bak\u0131\u015f A\u00e7\u0131s\u0131ndan Mekan\u0131n G\u00f6r Dedikleri Toplumsal Cinsiyet, Din ve Kuran Din ve Toplumsal Cinsiyet Bir \u0130ktidar Arac\u0131 Olarak kad\u0131n Hayat\u0131nda \u015eiddet Toplumsal Cinsiyet Alg\u0131s\u0131yla Geli\u015fen Cinsiyete Duyarl\u0131 B\u00fct\u00e7eleme Toplumsal Cinsiyet ba\u011flam\u0131nda \u0130\u015fg\u00fcc\u00fc Piyasalar\u0131n\u0131n Yap\u0131s\u0131 ve End\u00fcstri 4.0 Ger\u00e7e\u011fi Kalk\u0131nman\u0131n \u00d6n\u00fcndeki Engel Kad\u0131n\u0131n \u0130\u015fg\u00fcc\u00fcne Kat\u0131l\u0131m\u0131n\u0131 Etkileyen Sosyo-ekonomik De\u011fi\u015fkenlerin ekonometrik bir analizi <\/p>\n","protected":false},"excerpt":{"rendered":"<p>Toplumsal Cinsiyet Bak\u0131\u015f A\u00e7\u0131s\u0131ndan Mekan\u0131n G\u00f6r Dedikleri Toplumsal Cinsiyet, Din ve Kuran Din ve Toplumsal Cinsiyet Bir \u0130ktidar Arac\u0131 Olarak kad\u0131n Hayat\u0131nda \u015eiddet Toplumsal Cinsiyet Alg\u0131s\u0131yla<span class=\"excerpt-hellip\"> [\u2026]<\/span><\/p>\n","protected":false},"featured_media":0,"template":"","meta":{"_monsterinsights_skip_tracking":false,"_monsterinsights_sitenote_active":false,"_monsterinsights_sitenote_note":"","_monsterinsights_sitenote_category":0},"product_brand":[],"product_cat":[14787,13488],"product_tag":[],"class_list":{"0":"post-715218","1":"product","2":"type-product","3":"status-publish","5":"product_cat-diger-toplum-ve-insan","6":"product_cat-toplum-ve-insan","7":"pa_cilt-ciltsiz","8":"pa_tur-kitap","9":"pa_yayinevi-gazi-kitabevi","10":"pa_yazar-yesim-kubar-handan-karakayab","12":"first","13":"instock","14":"sale","15":"shipping-taxable","16":"purchasable","17":"product-type-simple"},"_links":{"self":[{"href":"https:\/\/roveyayinevi.com.tr\/index.php\/wp-json\/wp\/v2\/product\/715218","targetHints":{"allow":["GET"]}}],"collection":[{"href":"https:\/\/roveyayinevi.com.tr\/index.php\/wp-json\/wp\/v2\/product"}],"about":[{"href":"https:\/\/roveyayinevi.com.tr\/index.php\/wp-json\/wp\/v2\/types\/product"}],"wp:attachment":[{"href":"https:\/\/roveyayinevi.com.tr\/index.php\/wp-json\/wp\/v2\/media?parent=715218"}],"wp:term":[{"taxonomy":"product_brand","embeddable":true,"href":"https:\/\/roveyayinevi.com.tr\/index.php\/wp-json\/wp\/v2\/product_brand?post=715218"},{"taxonomy":"product_cat","embeddable":true,"href":"https:\/\/roveyayinevi.com.tr\/index.php\/wp-json\/wp\/v2\/product_cat?post=715218"},{"taxonomy":"product_tag","embeddable":true,"href":"https:\/\/roveyayinevi.com.tr\/index.php\/wp-json\/wp\/v2\/product_tag?post=715218"}],"curies":[{"name":"wp","href":"https:\/\/api.w.org\/{rel}","templated":true}]}}