{"id":715203,"date":"2025-08-27T17:27:24","date_gmt":"2025-08-27T14:27:24","guid":{"rendered":"https:\/\/roveyayinevi.com.tr\/index.php\/urun\/kalemimden-dokulenler\/"},"modified":"2026-04-16T02:23:23","modified_gmt":"2026-04-15T23:23:23","slug":"kalemimden-dokulenler","status":"publish","type":"product","link":"https:\/\/roveyayinevi.com.tr\/index.php\/urun\/kalemimden-dokulenler\/","title":{"rendered":"Kalemimden D\u00f6k\u00fclenler"},"content":{"rendered":"<p>DORUK ve BARS&#8217;a g\u00f6sterdi\u011finiz ilgi ve sevgi, o kadar g\u00fczel ve muhte\u015femdi ki bir an \u00f6nce \u00fc\u00e7\u00fcnc\u00fc kitab\u0131m\u0131 sizler ile payla\u015fmak istedim. Hayata dair etkilendi\u011fim konularda ve farkl\u0131 tarihlerde kaleme ald\u0131\u011f\u0131m yaz\u0131lar\u0131mdan olu\u015fan bu kitapla sizlere tekrar ula\u015fman\u0131n gururunu ya\u015f\u0131yorum. Herkesin kendinden bir \u015feyler bulaca\u011f\u0131 yaz\u0131lar\u0131m\u0131 sohbet havas\u0131nda okuman\u0131z dileklerimle, Sevgiyle kal\u0131n&#8230; <\/p>\n","protected":false},"excerpt":{"rendered":"<p>DORUK ve BARS&#8217;a g\u00f6sterdi\u011finiz ilgi ve sevgi, o kadar g\u00fczel ve muhte\u015femdi ki bir an \u00f6nce \u00fc\u00e7\u00fcnc\u00fc kitab\u0131m\u0131 sizler ile payla\u015fmak istedim. Hayata dair etkilendi\u011fim konularda<span class=\"excerpt-hellip\"> [\u2026]<\/span><\/p>\n","protected":false},"featured_media":0,"template":"","meta":{"_monsterinsights_skip_tracking":false,"_monsterinsights_sitenote_active":false,"_monsterinsights_sitenote_note":"","_monsterinsights_sitenote_category":0},"product_brand":[],"product_cat":[27157,12291],"product_tag":[],"class_list":{"0":"post-715203","1":"product","2":"type-product","3":"status-publish","5":"product_cat-derleme","6":"product_cat-edebiyat","7":"pa_cilt-ciltsiz","8":"pa_tur-kitap","9":"pa_yayinevi-ayata-kitap","10":"pa_yazar-haluk-ilhan","12":"first","13":"instock","14":"sale","15":"shipping-taxable","16":"purchasable","17":"product-type-simple"},"_links":{"self":[{"href":"https:\/\/roveyayinevi.com.tr\/index.php\/wp-json\/wp\/v2\/product\/715203","targetHints":{"allow":["GET"]}}],"collection":[{"href":"https:\/\/roveyayinevi.com.tr\/index.php\/wp-json\/wp\/v2\/product"}],"about":[{"href":"https:\/\/roveyayinevi.com.tr\/index.php\/wp-json\/wp\/v2\/types\/product"}],"wp:attachment":[{"href":"https:\/\/roveyayinevi.com.tr\/index.php\/wp-json\/wp\/v2\/media?parent=715203"}],"wp:term":[{"taxonomy":"product_brand","embeddable":true,"href":"https:\/\/roveyayinevi.com.tr\/index.php\/wp-json\/wp\/v2\/product_brand?post=715203"},{"taxonomy":"product_cat","embeddable":true,"href":"https:\/\/roveyayinevi.com.tr\/index.php\/wp-json\/wp\/v2\/product_cat?post=715203"},{"taxonomy":"product_tag","embeddable":true,"href":"https:\/\/roveyayinevi.com.tr\/index.php\/wp-json\/wp\/v2\/product_tag?post=715203"}],"curies":[{"name":"wp","href":"https:\/\/api.w.org\/{rel}","templated":true}]}}