{"id":715195,"date":"2025-08-27T17:27:18","date_gmt":"2025-08-27T14:27:18","guid":{"rendered":"https:\/\/roveyayinevi.com.tr\/index.php\/urun\/patlayici-muhendisliginde-kayit-ve-raporlamalar\/"},"modified":"2026-04-16T02:23:22","modified_gmt":"2026-04-15T23:23:22","slug":"patlayici-muhendisliginde-kayit-ve-raporlamalar","status":"publish","type":"product","link":"https:\/\/roveyayinevi.com.tr\/index.php\/urun\/patlayici-muhendisliginde-kayit-ve-raporlamalar\/","title":{"rendered":"Patlay\u0131c\u0131 M\u00fchendisli\u011finde Kay\u0131t ve Raporlamalar"},"content":{"rendered":"<p>Patlay\u0131c\u0131 m\u00fchendisli\u011fi uygulamalar\u0131nda \u00e7ok \u00f6nemli olan kay\u0131t ve raporlama i\u015flemlerinin m\u00fchendislik hesaplamalar\u0131 ve m\u00fchendislik disiplini i\u00e7erisinde y\u00fcr\u00fct\u00fclmesi, yasal mevzuatlar, hukuki y\u00fck\u00fcml\u00fcl\u00fckler ve hayati sorumluluk bilinci i\u00e7erisinde ciddiyetle ar\u015fivlenmesi, m\u00fchendislik sorumlulu\u011funun ve patlay\u0131c\u0131 m\u00fchendisli\u011fi ilkesinin temel prensibidir.Patlay\u0131c\u0131 M\u00fchendisli\u011fi Uygulamalar\u0131nda Kay\u0131t ve Raporlamalar eserinde, patlatma i\u015flemi i\u00e7in bilinmesi gereken t\u00fcm bilgiler ilk kez bir arada sunulmaktad\u0131r.<\/p>\n","protected":false},"excerpt":{"rendered":"<p>Patlay\u0131c\u0131 m\u00fchendisli\u011fi uygulamalar\u0131nda \u00e7ok \u00f6nemli olan kay\u0131t ve raporlama i\u015flemlerinin m\u00fchendislik hesaplamalar\u0131 ve m\u00fchendislik disiplini i\u00e7erisinde y\u00fcr\u00fct\u00fclmesi, yasal mevzuatlar, hukuki y\u00fck\u00fcml\u00fcl\u00fckler ve hayati sorumluluk bilinci i\u00e7erisinde<span class=\"excerpt-hellip\"> [\u2026]<\/span><\/p>\n","protected":false},"featured_media":0,"template":"","meta":{"_monsterinsights_skip_tracking":false,"_monsterinsights_sitenote_active":false,"_monsterinsights_sitenote_note":"","_monsterinsights_sitenote_category":0},"product_brand":[],"product_cat":[13005,18664],"product_tag":[],"class_list":{"0":"post-715195","1":"product","2":"type-product","3":"status-publish","5":"product_cat-bilim-muhendislik","6":"product_cat-muhendislik","7":"pa_cilt-ciltsiz","8":"pa_tur-kitap","9":"pa_yayinevi-ideal-kultur-akademik","10":"pa_yazar-murat-canbal","12":"first","13":"instock","14":"sale","15":"shipping-taxable","16":"purchasable","17":"product-type-simple"},"_links":{"self":[{"href":"https:\/\/roveyayinevi.com.tr\/index.php\/wp-json\/wp\/v2\/product\/715195","targetHints":{"allow":["GET"]}}],"collection":[{"href":"https:\/\/roveyayinevi.com.tr\/index.php\/wp-json\/wp\/v2\/product"}],"about":[{"href":"https:\/\/roveyayinevi.com.tr\/index.php\/wp-json\/wp\/v2\/types\/product"}],"wp:attachment":[{"href":"https:\/\/roveyayinevi.com.tr\/index.php\/wp-json\/wp\/v2\/media?parent=715195"}],"wp:term":[{"taxonomy":"product_brand","embeddable":true,"href":"https:\/\/roveyayinevi.com.tr\/index.php\/wp-json\/wp\/v2\/product_brand?post=715195"},{"taxonomy":"product_cat","embeddable":true,"href":"https:\/\/roveyayinevi.com.tr\/index.php\/wp-json\/wp\/v2\/product_cat?post=715195"},{"taxonomy":"product_tag","embeddable":true,"href":"https:\/\/roveyayinevi.com.tr\/index.php\/wp-json\/wp\/v2\/product_tag?post=715195"}],"curies":[{"name":"wp","href":"https:\/\/api.w.org\/{rel}","templated":true}]}}