{"id":715177,"date":"2025-08-27T17:27:07","date_gmt":"2025-08-27T14:27:07","guid":{"rendered":"https:\/\/roveyayinevi.com.tr\/index.php\/urun\/dunyamiza-ne-olmus\/"},"modified":"2026-04-16T02:23:22","modified_gmt":"2026-04-15T23:23:22","slug":"dunyamiza-ne-olmus","status":"publish","type":"product","link":"https:\/\/roveyayinevi.com.tr\/index.php\/urun\/dunyamiza-ne-olmus\/","title":{"rendered":"D\u00fcnyam\u0131za Ne Olmu\u015f?"},"content":{"rendered":"<p>\u201cGe\u00e7mi\u015fteki g\u00fczel d\u00fcnya hi\u00e7bir \u015fekilde \u00e7ocuklara anlat\u0131lmayacakt\u0131. Evlerde, okullarda eski d\u00fcnyadan bahsedilmiyor, derslerde bu konular hakk\u0131nda hi\u00e7 konu\u015fulmuyordu. \u00c7ocuklar t\u00fcm o g\u00fczellikleri bilirse \u00fcz\u00fclebilirlerdi\u2026 Bu y\u00fczden Nili ve Orbi hi\u00e7bir \u015feyden haberleri olmadan kafalar\u0131ndaki fanuslarla, toz bulutunun i\u00e7inde oynamaya \u00e7al\u0131\u015f\u0131yorlard\u0131\u2026\u201dGer\u00e7ekten D\u00fcnya\u2019ya ne olmu\u015ftu?<\/p>\n","protected":false},"excerpt":{"rendered":"<p>\u201cGe\u00e7mi\u015fteki g\u00fczel d\u00fcnya hi\u00e7bir \u015fekilde \u00e7ocuklara anlat\u0131lmayacakt\u0131. Evlerde, okullarda eski d\u00fcnyadan bahsedilmiyor, derslerde bu konular hakk\u0131nda hi\u00e7 konu\u015fulmuyordu. \u00c7ocuklar t\u00fcm o g\u00fczellikleri bilirse \u00fcz\u00fclebilirlerdi\u2026 Bu y\u00fczden<span class=\"excerpt-hellip\"> [\u2026]<\/span><\/p>\n","protected":false},"featured_media":0,"template":"","meta":{"_monsterinsights_skip_tracking":false,"_monsterinsights_sitenote_active":false,"_monsterinsights_sitenote_note":"","_monsterinsights_sitenote_category":0},"product_brand":[],"product_cat":[12274,12284],"product_tag":[],"class_list":{"0":"post-715177","1":"product","2":"type-product","3":"status-publish","5":"product_cat-cocuk-ve-genclik-kitaplari","6":"product_cat-hikayeler","7":"pa_cilt-ciltsiz","8":"pa_tur-kitap","9":"pa_yayinevi-dinozor-cocuk","10":"pa_yazar-hazal-uzuner","12":"first","13":"instock","14":"sale","15":"shipping-taxable","16":"purchasable","17":"product-type-simple"},"_links":{"self":[{"href":"https:\/\/roveyayinevi.com.tr\/index.php\/wp-json\/wp\/v2\/product\/715177","targetHints":{"allow":["GET"]}}],"collection":[{"href":"https:\/\/roveyayinevi.com.tr\/index.php\/wp-json\/wp\/v2\/product"}],"about":[{"href":"https:\/\/roveyayinevi.com.tr\/index.php\/wp-json\/wp\/v2\/types\/product"}],"wp:attachment":[{"href":"https:\/\/roveyayinevi.com.tr\/index.php\/wp-json\/wp\/v2\/media?parent=715177"}],"wp:term":[{"taxonomy":"product_brand","embeddable":true,"href":"https:\/\/roveyayinevi.com.tr\/index.php\/wp-json\/wp\/v2\/product_brand?post=715177"},{"taxonomy":"product_cat","embeddable":true,"href":"https:\/\/roveyayinevi.com.tr\/index.php\/wp-json\/wp\/v2\/product_cat?post=715177"},{"taxonomy":"product_tag","embeddable":true,"href":"https:\/\/roveyayinevi.com.tr\/index.php\/wp-json\/wp\/v2\/product_tag?post=715177"}],"curies":[{"name":"wp","href":"https:\/\/api.w.org\/{rel}","templated":true}]}}