{"id":715170,"date":"2025-08-27T17:27:02","date_gmt":"2025-08-27T14:27:02","guid":{"rendered":"https:\/\/roveyayinevi.com.tr\/index.php\/urun\/babialinin-oteki-yuzu\/"},"modified":"2026-04-16T02:23:22","modified_gmt":"2026-04-15T23:23:22","slug":"babialinin-oteki-yuzu","status":"publish","type":"product","link":"https:\/\/roveyayinevi.com.tr\/index.php\/urun\/babialinin-oteki-yuzu\/","title":{"rendered":"Bab\u0131ali\u2019nin \u00d6teki Y\u00fcz\u00fc"},"content":{"rendered":"<p>Bu an\u0131lar ve de\u011ferlendirmeler kitab\u0131nda, bas\u0131n d\u00fcnyas\u0131nda bir zamanlar \u201cBizim Yoku\u015f\u201d olarak an\u0131lan Bab\u0131\u00e2li\u2019nin perde arkas\u0131ndaki ya\u015famlara tan\u0131k olacaks\u0131n\u0131z. Gazetecilerin d\u00fcnyas\u0131na girdik\u00e7e, her sabah elinize al\u0131p okudu\u011funuz gazetenin ne b\u00fcy\u00fck zorluklarla haz\u0131rland\u0131\u011f\u0131n\u0131, mesle\u011fin ne kadar \u00f6zveri gerektiren, ne kadar \u00e7ileli bir u\u011fra\u015f oldu\u011funu da g\u00f6receksiniz. Bab\u0131\u00e2li\u2019de \u00fcnlenen, tan\u0131nm\u0131\u015f isimlerin yer ald\u0131\u011f\u0131 olaylar\u0131 okuduk\u00e7a, yaz\u0131l\u0131 ve g\u00f6rsel bas\u0131ndaki dostluklar\u0131, vefay\u0131, \u00f6zveriyi, d\u00fcr\u00fcstl\u00fc\u011f\u00fc hayranl\u0131kla kar\u015f\u0131layacak ama ayn\u0131 zamanda ihanetlerin, ac\u0131mas\u0131zl\u0131\u011f\u0131n b\u00fcy\u00fckl\u00fc\u011f\u00fcne de hayret edeceksiniz. Kitapta bug\u00fcne kadar hi\u00e7 bilinmeyen olaylarla, az bilinen olaylar\u0131n t\u00fcm ayr\u0131nt\u0131lar\u0131 kodlar\u0131yla yer al\u0131yor. Ku\u015fkusuz kitab\u0131 okuyup bitiren okurlar, T\u00fcrkiye\u2019nin bug\u00fcn nereye geldi\u011fi \u00fczerine de uzun uzun d\u00fc\u015f\u00fcneceklerdir<\/p>\n","protected":false},"excerpt":{"rendered":"<p>Bu an\u0131lar ve de\u011ferlendirmeler kitab\u0131nda, bas\u0131n d\u00fcnyas\u0131nda bir zamanlar \u201cBizim Yoku\u015f\u201d olarak an\u0131lan Bab\u0131\u00e2li\u2019nin perde arkas\u0131ndaki ya\u015famlara tan\u0131k olacaks\u0131n\u0131z. Gazetecilerin d\u00fcnyas\u0131na girdik\u00e7e, her sabah elinize al\u0131p<span class=\"excerpt-hellip\"> [\u2026]<\/span><\/p>\n","protected":false},"featured_media":0,"template":"","meta":{"_monsterinsights_skip_tracking":false,"_monsterinsights_sitenote_active":false,"_monsterinsights_sitenote_note":"","_monsterinsights_sitenote_category":0},"product_brand":[],"product_cat":[13701,12291],"product_tag":[],"class_list":{"0":"post-715170","1":"product","2":"type-product","3":"status-publish","5":"product_cat-ani-mektup-gunluk","6":"product_cat-edebiyat","7":"pa_cilt-ciltsiz","8":"pa_tur-kitap","9":"pa_yayinevi-remzi-kitabevi","10":"pa_yazar-tufan-turenc","12":"first","13":"instock","14":"sale","15":"shipping-taxable","16":"purchasable","17":"product-type-simple"},"_links":{"self":[{"href":"https:\/\/roveyayinevi.com.tr\/index.php\/wp-json\/wp\/v2\/product\/715170","targetHints":{"allow":["GET"]}}],"collection":[{"href":"https:\/\/roveyayinevi.com.tr\/index.php\/wp-json\/wp\/v2\/product"}],"about":[{"href":"https:\/\/roveyayinevi.com.tr\/index.php\/wp-json\/wp\/v2\/types\/product"}],"wp:attachment":[{"href":"https:\/\/roveyayinevi.com.tr\/index.php\/wp-json\/wp\/v2\/media?parent=715170"}],"wp:term":[{"taxonomy":"product_brand","embeddable":true,"href":"https:\/\/roveyayinevi.com.tr\/index.php\/wp-json\/wp\/v2\/product_brand?post=715170"},{"taxonomy":"product_cat","embeddable":true,"href":"https:\/\/roveyayinevi.com.tr\/index.php\/wp-json\/wp\/v2\/product_cat?post=715170"},{"taxonomy":"product_tag","embeddable":true,"href":"https:\/\/roveyayinevi.com.tr\/index.php\/wp-json\/wp\/v2\/product_tag?post=715170"}],"curies":[{"name":"wp","href":"https:\/\/api.w.org\/{rel}","templated":true}]}}