{"id":715168,"date":"2025-08-27T17:27:01","date_gmt":"2025-08-27T14:27:01","guid":{"rendered":"https:\/\/roveyayinevi.com.tr\/index.php\/urun\/avrupa-tarihi-2\/"},"modified":"2026-04-16T02:23:22","modified_gmt":"2026-04-15T23:23:22","slug":"avrupa-tarihi-2","status":"publish","type":"product","link":"https:\/\/roveyayinevi.com.tr\/index.php\/urun\/avrupa-tarihi-2\/","title":{"rendered":"Avrupa Tarihi"},"content":{"rendered":"<p>Yaln\u0131z Avrupa\u2019n\u0131n de\u011fil d\u00fcnya tarihinin en \u00f6nemli imparatorluklar\u0131ndan Roma\u2019n\u0131n kurulu\u015fu ve biraz da tesad\u00fcflere ba\u011fl\u0131 olarak y\u00fckseli\u015fi, Holywood\u2019un 300 Spartal\u0131\u2019s\u0131n\u0131n ger\u00e7ek ve \u00e7arp\u0131c\u0131 hik\u00e2yesi, G\u00f6ksu\u2019da bo\u011fulan Alman imparatoru, Venedik\u2019in ihti\u015fam\u0131, Orta\u00e7a\u011f\u2019da \u00e7ocuklardan olu\u015fan ordular, \u0130slam medeniyetine hayran bir imparatorun isteksizce \u00e7\u0131kt\u0131\u011f\u0131 Ha\u00e7l\u0131 seferi, Habsburglar\u0131n evlilik \u00fczerine in\u015fa ettikleri muazzam imparatorluklar\u0131, Barbaros ve Andrea Doria aras\u0131ndaki b\u00fcy\u00fck hesapla\u015fma, en kritik noktalar\u0131yla \u0130nebaht\u0131 Sava\u015f\u0131, II. Frederich ve Koca Rag\u0131b Pa\u015fa aras\u0131ndaki stratejik m\u00fccadele, Joseph olarak do\u011fup Yusuf olarak \u00f6len \u00fcnl\u00fc tarih\u00e7i Hammer\u2019in hik\u00e2yesi, II. Abd\u00fclhamid\u2019in \u00c7in\u2019e g\u00f6nderdi\u011fi Heyet-i Nasiha, Almanya\u2019n\u0131n kurulu\u015fu ve Hitler\u2019in rahat b\u0131rakmad\u0131\u011f\u0131 \u00e7ingeneler, paran\u0131n Avrupa\u2019daki s\u0131f\u0131r atma ge\u00e7mi\u015fi gibi birbirinden ilgin\u00e7 konulardan olu\u015fan bu \u00e7al\u0131\u015fma \u0130lk\u00e7a\u011f\u2019dan 20. y\u00fczy\u0131la kadar Avrupa\u2019n\u0131n \u00e7arp\u0131c\u0131 bir foto\u011fraf\u0131n\u0131 g\u00f6zler \u00f6n\u00fcne seriyor.<\/p>\n","protected":false},"excerpt":{"rendered":"<p>Yaln\u0131z Avrupa\u2019n\u0131n de\u011fil d\u00fcnya tarihinin en \u00f6nemli imparatorluklar\u0131ndan Roma\u2019n\u0131n kurulu\u015fu ve biraz da tesad\u00fcflere ba\u011fl\u0131 olarak y\u00fckseli\u015fi, Holywood\u2019un 300 Spartal\u0131\u2019s\u0131n\u0131n ger\u00e7ek ve \u00e7arp\u0131c\u0131 hik\u00e2yesi, G\u00f6ksu\u2019da bo\u011fulan<span class=\"excerpt-hellip\"> [\u2026]<\/span><\/p>\n","protected":false},"featured_media":0,"template":"","meta":{"_monsterinsights_skip_tracking":false,"_monsterinsights_sitenote_active":false,"_monsterinsights_sitenote_note":"","_monsterinsights_sitenote_category":0},"product_brand":[],"product_cat":[12305,12304],"product_tag":[],"class_list":{"0":"post-715168","1":"product","2":"type-product","3":"status-publish","5":"product_cat-dunya-tarihi","6":"product_cat-tarih","7":"pa_cilt-ciltsiz","8":"pa_tur-kitap","9":"pa_yayinevi-kronik-kitap","10":"pa_yazar-onder-kaya","12":"first","13":"instock","14":"sale","15":"shipping-taxable","16":"purchasable","17":"product-type-simple"},"_links":{"self":[{"href":"https:\/\/roveyayinevi.com.tr\/index.php\/wp-json\/wp\/v2\/product\/715168","targetHints":{"allow":["GET"]}}],"collection":[{"href":"https:\/\/roveyayinevi.com.tr\/index.php\/wp-json\/wp\/v2\/product"}],"about":[{"href":"https:\/\/roveyayinevi.com.tr\/index.php\/wp-json\/wp\/v2\/types\/product"}],"wp:attachment":[{"href":"https:\/\/roveyayinevi.com.tr\/index.php\/wp-json\/wp\/v2\/media?parent=715168"}],"wp:term":[{"taxonomy":"product_brand","embeddable":true,"href":"https:\/\/roveyayinevi.com.tr\/index.php\/wp-json\/wp\/v2\/product_brand?post=715168"},{"taxonomy":"product_cat","embeddable":true,"href":"https:\/\/roveyayinevi.com.tr\/index.php\/wp-json\/wp\/v2\/product_cat?post=715168"},{"taxonomy":"product_tag","embeddable":true,"href":"https:\/\/roveyayinevi.com.tr\/index.php\/wp-json\/wp\/v2\/product_tag?post=715168"}],"curies":[{"name":"wp","href":"https:\/\/api.w.org\/{rel}","templated":true}]}}