{"id":715157,"date":"2025-08-27T17:26:54","date_gmt":"2025-08-27T14:26:54","guid":{"rendered":"https:\/\/roveyayinevi.com.tr\/index.php\/urun\/is-kontrol-noktalarinda-stresin-onlenmesi\/"},"modified":"2026-04-16T02:23:22","modified_gmt":"2026-04-15T23:23:22","slug":"is-kontrol-noktalarinda-stresin-onlenmesi","status":"publish","type":"product","link":"https:\/\/roveyayinevi.com.tr\/index.php\/urun\/is-kontrol-noktalarinda-stresin-onlenmesi\/","title":{"rendered":"\u0130\u015f Kontrol Noktalar\u0131nda Stresin \u00d6nlenmesi"},"content":{"rendered":"<p>\u0130\u015fle ilintili stres, pek \u00e7ok \u00fclkede en \u00f6nemli sorunlardan biridir. Stresin olumsuz etkileri pek \u00e7ok farkl\u0131 bi\u00e7imdedir; kan dola\u015f\u0131m\u0131 ve mide-ba\u011f\u0131rsak rahats\u0131zl\u0131klar\u0131n\u0131n yan\u0131 s\u0131ra fiziksel, psikosomatik ve psikososyal sorunlar\u0131 da kapsar. Bu da dolay\u0131s\u0131yla, zay\u0131f i\u015f performans\u0131n\u0131, y\u00fcksek kaza ve sakatlanma oranlar\u0131n\u0131 ve d\u00fc\u015f\u00fck verimlili\u011fi beraberinde getirmektedir. Bu nedenle, \u00e7al\u0131\u015fma ko\u015fullar\u0131n\u0131n ve organizasyonunun optimize edilmesi \u00e7ok b\u00fcy\u00fck \u00f6nem ta\u015f\u0131r. Bu kitap\u00e7\u0131k, \u00e7al\u0131\u015fma hayat\u0131ndaki stres unsurlar\u0131n\u0131 tan\u0131mlamak ve onlar\u0131n zararl\u0131 etkilerini azaltmak ad\u0131na kolay uygulanabilir kontrol noktalar\u0131 i\u00e7ermektedir. Ayn\u0131 zamanda, i\u015fyeri risk de\u011ferlendirmesi ve stres \u00f6nleme s\u00fcreci aras\u0131ndaki ba\u011flant\u0131y\u0131 sa\u011flamaya y\u00f6nelik rehber i\u015flevi g\u00f6rmektedir. Bu kitap\u00e7\u0131ktaki kontrol noktalar\u0131 genel anlamda i\u015fletmeler ve kurulu\u015flar i\u00e7in yararl\u0131 uygulamalard\u0131r ve stres \u00f6nlemeyi kendi genel i\u015f g\u00fcvenli\u011fi ve sa\u011fl\u0131\u011f\u0131 politikalar\u0131na ve y\u00f6netim sistemlerine d\u00e2hil etmek isteyen \u015firketler ve kurulu\u015flar i\u00e7in \u00f6zel fayda sa\u011flar. Bu kontrol noktalar\u0131n\u0131n her biri -tam renkli ill\u00fcstrasyonlarla- bir faaliyeti betimler, onun neden gerekli oldu\u011funu belirtir ve nas\u0131l tatbik edilece\u011fini g\u00f6sterir, daha fazla ipucu ve hat\u0131rlanmas\u0131 gereken noktalar sunar. Bu yay\u0131n, ulusal otoriteler, \u015firket ve kurulu\u015f y\u00f6neticileri, sendikalar, i\u015f sa\u011fl\u0131\u011f\u0131 ve g\u00fcvenli\u011fi uygulay\u0131c\u0131lar\u0131 ve i\u015fyerinde stresin \u00f6nlenmesine ilgisi olan di\u011fer taraflar i\u00e7in vazge\u00e7ilmez bir \u00e7al\u0131\u015fma olacakt\u0131r.<\/p>\n","protected":false},"excerpt":{"rendered":"<p>\u0130\u015fle ilintili stres, pek \u00e7ok \u00fclkede en \u00f6nemli sorunlardan biridir. Stresin olumsuz etkileri pek \u00e7ok farkl\u0131 bi\u00e7imdedir; kan dola\u015f\u0131m\u0131 ve mide-ba\u011f\u0131rsak rahats\u0131zl\u0131klar\u0131n\u0131n yan\u0131 s\u0131ra fiziksel, psikosomatik<span class=\"excerpt-hellip\"> [\u2026]<\/span><\/p>\n","protected":false},"featured_media":0,"template":"","meta":{"_monsterinsights_skip_tracking":false,"_monsterinsights_sitenote_active":false,"_monsterinsights_sitenote_note":"","_monsterinsights_sitenote_category":0},"product_brand":[],"product_cat":[13043,17647],"product_tag":[],"class_list":{"0":"post-715157","1":"product","2":"type-product","3":"status-publish","5":"product_cat-ekonomi","6":"product_cat-is-dunyasi","7":"pa_cilt-ciltsiz","8":"pa_tur-kitap","9":"pa_yayinevi-efil-yayinevi","10":"pa_yazar-kolektif","12":"first","13":"instock","14":"sale","15":"shipping-taxable","16":"purchasable","17":"product-type-simple"},"_links":{"self":[{"href":"https:\/\/roveyayinevi.com.tr\/index.php\/wp-json\/wp\/v2\/product\/715157","targetHints":{"allow":["GET"]}}],"collection":[{"href":"https:\/\/roveyayinevi.com.tr\/index.php\/wp-json\/wp\/v2\/product"}],"about":[{"href":"https:\/\/roveyayinevi.com.tr\/index.php\/wp-json\/wp\/v2\/types\/product"}],"wp:attachment":[{"href":"https:\/\/roveyayinevi.com.tr\/index.php\/wp-json\/wp\/v2\/media?parent=715157"}],"wp:term":[{"taxonomy":"product_brand","embeddable":true,"href":"https:\/\/roveyayinevi.com.tr\/index.php\/wp-json\/wp\/v2\/product_brand?post=715157"},{"taxonomy":"product_cat","embeddable":true,"href":"https:\/\/roveyayinevi.com.tr\/index.php\/wp-json\/wp\/v2\/product_cat?post=715157"},{"taxonomy":"product_tag","embeddable":true,"href":"https:\/\/roveyayinevi.com.tr\/index.php\/wp-json\/wp\/v2\/product_tag?post=715157"}],"curies":[{"name":"wp","href":"https:\/\/api.w.org\/{rel}","templated":true}]}}