{"id":715123,"date":"2025-08-27T17:26:32","date_gmt":"2025-08-27T14:26:32","guid":{"rendered":"https:\/\/roveyayinevi.com.tr\/index.php\/urun\/benjamin-fraklin-bilime-yon-verenler\/"},"modified":"2026-04-16T02:23:21","modified_gmt":"2026-04-15T23:23:21","slug":"benjamin-fraklin-bilime-yon-verenler","status":"publish","type":"product","link":"https:\/\/roveyayinevi.com.tr\/index.php\/urun\/benjamin-fraklin-bilime-yon-verenler\/","title":{"rendered":"Benjamin Fraklin &#8211; Bilime Y\u00f6n Verenler"},"content":{"rendered":"<p>1706\u2019da bir sabun ve mum imalat\u00e7\u0131s\u0131n\u0131n 17 \u00e7ocu\u011fundan biri olarak d\u00fcnyaya geldi. 10 ya\u015f\u0131nda okulu b\u0131rak\u0131p, abisinin matbaas\u0131nda \u00e7\u0131rak olarak \u00e7al\u0131\u015fmaya ba\u015flad\u0131 Benjamin, 24 ya\u015f\u0131na geldi\u011finde kendi matbaas\u0131n\u0131 ve gazetesini kurdu. \u00c7ok y\u00f6nl\u00fc ki\u015fili\u011fi erken ya\u015flarda belirginle\u015fen Franklin, \u00e7e\u015fitli konular\u0131n tart\u0131\u015f\u0131ld\u0131\u011f\u0131 bir fikir kul\u00fcb\u00fc, Amerikan Felsefe Derne\u011fi\u2019ni, Franklin Akademisi\u2019ni, bir k\u00fct\u00fcphane, g\u00f6n\u00fcll\u00fc yang\u0131n s\u00f6nd\u00fcrme kurulu\u015flar\u0131 ve hastane kurdu. Philadelphia\u2019daki ilk matbaas\u0131n\u0131 \u00e7e\u015fitli kentlere yayd\u0131. Farkl\u0131 sekt\u00f6rlere girdi. M\u00fcte\u015febbisli\u011fi yan\u0131nda, mucitli\u011fiyle de \u00fcnlendi. Bifokal g\u00f6zl\u00fck, y\u0131ld\u0131r\u0131ma kar\u015f\u0131 paratoner, Franklin sobas\u0131, kilometre sayac\u0131 gibi icatlar\u0131n\u0131n yan\u0131nda matematik ve haritac\u0131l\u0131k \u00fczerine de \u00e7al\u0131\u015fmalar yapt\u0131. Benjamin Franklin, siyasete de girdi ve Amerika Birle\u015fik Devletleri\u2019nin \u201ckurucu babalar\u0131\u201dndan biri oldu. Gazetesinde yapt\u0131\u011f\u0131 ba\u011f\u0131ms\u0131zl\u0131k taraftar\u0131 yay\u0131nlar\u0131 sayesinde Amerikan Kongresi\u2019ne se\u00e7ilen Benjamin Franklin, 1776\u2019da tam 70 ya\u015f\u0131ndayken, Thomas Jefferson ve John Adams ile ba\u011f\u0131ms\u0131zl\u0131k Bildirgesi\u2019ni haz\u0131rlad\u0131. Amerikan Ba\u011f\u0131ms\u0131zl\u0131k Sava\u015f\u0131 sonras\u0131 \u0130ngiltere\u2019yle y\u00fcr\u00fct\u00fclen bar\u0131\u015f g\u00f6r\u00fc\u015fmelerinde g\u00f6rev ald\u0131. \u00d6lmeden \u00f6nce Philadelphia Anayasa Kurultay\u0131\u2019n\u0131n \u00e7al\u0131\u015fmalar\u0131na kat\u0131ld\u0131.<\/p>\n","protected":false},"excerpt":{"rendered":"<p>1706\u2019da bir sabun ve mum imalat\u00e7\u0131s\u0131n\u0131n 17 \u00e7ocu\u011fundan biri olarak d\u00fcnyaya geldi. 10 ya\u015f\u0131nda okulu b\u0131rak\u0131p, abisinin matbaas\u0131nda \u00e7\u0131rak olarak \u00e7al\u0131\u015fmaya ba\u015flad\u0131 Benjamin, 24 ya\u015f\u0131na geldi\u011finde<span class=\"excerpt-hellip\"> [\u2026]<\/span><\/p>\n","protected":false},"featured_media":0,"template":"","meta":{"_monsterinsights_skip_tracking":false,"_monsterinsights_sitenote_active":false,"_monsterinsights_sitenote_note":"","_monsterinsights_sitenote_category":0},"product_brand":[],"product_cat":[14009,12291],"product_tag":[],"class_list":{"0":"post-715123","1":"product","2":"type-product","3":"status-publish","5":"product_cat-biyografi-otobiyografi-edebiyat","6":"product_cat-edebiyat","7":"pa_cilt-ciltsiz","8":"pa_tur-kitap","9":"pa_yayinevi-parola-yayinlari","10":"pa_yazar-m-murat-sezer","12":"first","13":"instock","14":"sale","15":"shipping-taxable","16":"purchasable","17":"product-type-simple"},"_links":{"self":[{"href":"https:\/\/roveyayinevi.com.tr\/index.php\/wp-json\/wp\/v2\/product\/715123","targetHints":{"allow":["GET"]}}],"collection":[{"href":"https:\/\/roveyayinevi.com.tr\/index.php\/wp-json\/wp\/v2\/product"}],"about":[{"href":"https:\/\/roveyayinevi.com.tr\/index.php\/wp-json\/wp\/v2\/types\/product"}],"wp:attachment":[{"href":"https:\/\/roveyayinevi.com.tr\/index.php\/wp-json\/wp\/v2\/media?parent=715123"}],"wp:term":[{"taxonomy":"product_brand","embeddable":true,"href":"https:\/\/roveyayinevi.com.tr\/index.php\/wp-json\/wp\/v2\/product_brand?post=715123"},{"taxonomy":"product_cat","embeddable":true,"href":"https:\/\/roveyayinevi.com.tr\/index.php\/wp-json\/wp\/v2\/product_cat?post=715123"},{"taxonomy":"product_tag","embeddable":true,"href":"https:\/\/roveyayinevi.com.tr\/index.php\/wp-json\/wp\/v2\/product_tag?post=715123"}],"curies":[{"name":"wp","href":"https:\/\/api.w.org\/{rel}","templated":true}]}}