{"id":715081,"date":"2025-08-27T17:26:05","date_gmt":"2025-08-27T14:26:05","guid":{"rendered":"https:\/\/roveyayinevi.com.tr\/index.php\/urun\/hep-fazlasidir-annem\/"},"modified":"2026-04-16T02:23:20","modified_gmt":"2026-04-15T23:23:20","slug":"hep-fazlasidir-annem","status":"publish","type":"product","link":"https:\/\/roveyayinevi.com.tr\/index.php\/urun\/hep-fazlasidir-annem\/","title":{"rendered":"Hep Fazlas\u0131d\u0131r Annem"},"content":{"rendered":"<p>K\u00fc\u00e7\u00fck bir k\u0131z okul sergisi i\u00e7in haz\u0131rlanmaktad\u0131r. Sabah oldu\u011funda, boyay\u0131p s\u00fcsledi\u011fi denizy\u0131ld\u0131z\u0131n\u0131 heyecanla yan\u0131na al\u0131r ve annesiyle birlikte sergi alan\u0131na var\u0131rlar. Ama arkada\u015f\u0131 h\u0131zla ko\u015fup ona \u00e7arp\u0131nca denizy\u0131ld\u0131z\u0131 par\u00e7alara ayr\u0131l\u0131r. Neyse ki kahraman\u0131m\u0131z\u0131n arad\u0131\u011f\u0131 \u00e7\u00f6z\u00fcm, hemen yan\u0131 ba\u015f\u0131ndad\u0131r&#8230;K\u00fc\u00e7\u00fck bir k\u0131z\u0131n g\u00f6z\u00fcnden annesinin anlat\u0131ld\u0131\u011f\u0131 bu \u00f6yk\u00fcde, anne-\u00e7ocuk aras\u0131ndaki o \u00f6zel ba\u011f\u0131 ve annelerimizin nas\u0131l hep fazlas\u0131yla yan\u0131m\u0131zda oldu\u011funu g\u00f6r\u00fcyoruz. Kitab\u0131n sonunda yer alan denizy\u0131ld\u0131z\u0131 etkinli\u011fi ile de \u00e7ocuklar hamuru boyay\u0131p s\u00fcsleyerek denizy\u0131ld\u0131zlar\u0131 yap\u0131yorlar.<\/p>\n","protected":false},"excerpt":{"rendered":"<p>K\u00fc\u00e7\u00fck bir k\u0131z okul sergisi i\u00e7in haz\u0131rlanmaktad\u0131r. Sabah oldu\u011funda, boyay\u0131p s\u00fcsledi\u011fi denizy\u0131ld\u0131z\u0131n\u0131 heyecanla yan\u0131na al\u0131r ve annesiyle birlikte sergi alan\u0131na var\u0131rlar. Ama arkada\u015f\u0131 h\u0131zla ko\u015fup ona<span class=\"excerpt-hellip\"> [\u2026]<\/span><\/p>\n","protected":false},"featured_media":0,"template":"","meta":{"_monsterinsights_skip_tracking":false,"_monsterinsights_sitenote_active":false,"_monsterinsights_sitenote_note":"","_monsterinsights_sitenote_category":0},"product_brand":[],"product_cat":[12913,12274],"product_tag":[],"class_list":{"0":"post-715081","1":"product","2":"type-product","3":"status-publish","5":"product_cat-3-6-yas-kitaplari","6":"product_cat-cocuk-ve-genclik-kitaplari","7":"pa_cilt-ciltsiz","8":"pa_tur-kitap","9":"pa_yayinevi-redhouse-kidz-yayinlari","10":"pa_yazar-ozge-bahar-sunar","12":"first","13":"instock","14":"sale","15":"shipping-taxable","16":"purchasable","17":"product-type-simple"},"_links":{"self":[{"href":"https:\/\/roveyayinevi.com.tr\/index.php\/wp-json\/wp\/v2\/product\/715081","targetHints":{"allow":["GET"]}}],"collection":[{"href":"https:\/\/roveyayinevi.com.tr\/index.php\/wp-json\/wp\/v2\/product"}],"about":[{"href":"https:\/\/roveyayinevi.com.tr\/index.php\/wp-json\/wp\/v2\/types\/product"}],"wp:attachment":[{"href":"https:\/\/roveyayinevi.com.tr\/index.php\/wp-json\/wp\/v2\/media?parent=715081"}],"wp:term":[{"taxonomy":"product_brand","embeddable":true,"href":"https:\/\/roveyayinevi.com.tr\/index.php\/wp-json\/wp\/v2\/product_brand?post=715081"},{"taxonomy":"product_cat","embeddable":true,"href":"https:\/\/roveyayinevi.com.tr\/index.php\/wp-json\/wp\/v2\/product_cat?post=715081"},{"taxonomy":"product_tag","embeddable":true,"href":"https:\/\/roveyayinevi.com.tr\/index.php\/wp-json\/wp\/v2\/product_tag?post=715081"}],"curies":[{"name":"wp","href":"https:\/\/api.w.org\/{rel}","templated":true}]}}