{"id":715076,"date":"2025-08-27T17:26:02","date_gmt":"2025-08-27T14:26:02","guid":{"rendered":"https:\/\/roveyayinevi.com.tr\/index.php\/urun\/dan\/"},"modified":"2026-04-16T02:23:20","modified_gmt":"2026-04-15T23:23:20","slug":"dan","status":"publish","type":"product","link":"https:\/\/roveyayinevi.com.tr\/index.php\/urun\/dan\/","title":{"rendered":"Dan"},"content":{"rendered":"<p>DAN; 30\u2019unu ge\u00e7mi\u015f bir kad\u0131n\u0131n, olgunluk d\u00f6nemine denk gelen ili\u015fkileri, \u00e7eli\u015fkileri, daha \u00f6nce \u201cNeden? Nas\u0131l?\u201d dediklerinin kar\u015f\u0131l\u0131k buldu\u011fu bir otobiyografik roman. Yazar, ya\u015fad\u0131klar\u0131 ve g\u00f6zlemledikleri \u00fczerinden  d\u00fcnyay\u0131, insanlar\u0131, ileti\u015fimi ve sevgiyi anlama bi\u00e7imini aktar\u0131yor.  Nefretten, kinden, zorbal\u0131ktan uzak ya\u015fant\u0131s\u0131nda, kendisiyle ayn\u0131 de\u011ferlere  sahip insanlarla kar\u015f\u0131la\u015famad\u0131\u011f\u0131 i\u00e7in yak\u0131nan, d\u00fcr\u00fcstl\u00fc\u011f\u00fcn can s\u0131ksa bile hayattaki en gerekli erdem oldu\u011funu savunan, bir \u015feyler bitse bile h\u0131rsla ve kavgayla sonlanmamas\u0131 gerekti\u011fine inanan yazar\u0131n, sohbet eder  gibi anlatt\u0131\u011f\u0131 bu hik\u00e2ye size de ilham verecek. G\u00fczellik anlay\u0131\u015f\u0131, genellemeler ve empatinin tan\u0131m\u0131yla tamamlad\u0131\u011f\u0131 hik\u00e2ye, g\u00fcn\u00fcn sonunda karakterin g\u00fcc\u00fcn\u00fc yitirmedi\u011finden ama bir \u015feyleri aramaktan vazge\u00e7ti\u011finden bahsediyor. <\/p>\n","protected":false},"excerpt":{"rendered":"<p>DAN; 30\u2019unu ge\u00e7mi\u015f bir kad\u0131n\u0131n, olgunluk d\u00f6nemine denk gelen ili\u015fkileri, \u00e7eli\u015fkileri, daha \u00f6nce \u201cNeden? Nas\u0131l?\u201d dediklerinin kar\u015f\u0131l\u0131k buldu\u011fu bir otobiyografik roman. Yazar, ya\u015fad\u0131klar\u0131 ve g\u00f6zlemledikleri \u00fczerinden<span class=\"excerpt-hellip\"> [\u2026]<\/span><\/p>\n","protected":false},"featured_media":0,"template":"","meta":{"_monsterinsights_skip_tracking":false,"_monsterinsights_sitenote_active":false,"_monsterinsights_sitenote_note":"","_monsterinsights_sitenote_category":0},"product_brand":[],"product_cat":[14009,12291],"product_tag":[],"class_list":{"0":"post-715076","1":"product","2":"type-product","3":"status-publish","5":"product_cat-biyografi-otobiyografi-edebiyat","6":"product_cat-edebiyat","7":"pa_cilt-ciltsiz","8":"pa_tur-kitap","9":"pa_yayinevi-inkilap-kitabevi","10":"pa_yazar-selcan-aydin","12":"first","13":"instock","14":"sale","15":"shipping-taxable","16":"purchasable","17":"product-type-simple"},"_links":{"self":[{"href":"https:\/\/roveyayinevi.com.tr\/index.php\/wp-json\/wp\/v2\/product\/715076","targetHints":{"allow":["GET"]}}],"collection":[{"href":"https:\/\/roveyayinevi.com.tr\/index.php\/wp-json\/wp\/v2\/product"}],"about":[{"href":"https:\/\/roveyayinevi.com.tr\/index.php\/wp-json\/wp\/v2\/types\/product"}],"wp:attachment":[{"href":"https:\/\/roveyayinevi.com.tr\/index.php\/wp-json\/wp\/v2\/media?parent=715076"}],"wp:term":[{"taxonomy":"product_brand","embeddable":true,"href":"https:\/\/roveyayinevi.com.tr\/index.php\/wp-json\/wp\/v2\/product_brand?post=715076"},{"taxonomy":"product_cat","embeddable":true,"href":"https:\/\/roveyayinevi.com.tr\/index.php\/wp-json\/wp\/v2\/product_cat?post=715076"},{"taxonomy":"product_tag","embeddable":true,"href":"https:\/\/roveyayinevi.com.tr\/index.php\/wp-json\/wp\/v2\/product_tag?post=715076"}],"curies":[{"name":"wp","href":"https:\/\/api.w.org\/{rel}","templated":true}]}}