{"id":715075,"date":"2025-08-27T17:26:01","date_gmt":"2025-08-27T14:26:01","guid":{"rendered":"https:\/\/roveyayinevi.com.tr\/index.php\/urun\/eksik-sayfalar\/"},"modified":"2026-04-15T02:31:17","modified_gmt":"2026-04-14T23:31:17","slug":"eksik-sayfalar","status":"publish","type":"product","link":"https:\/\/roveyayinevi.com.tr\/index.php\/urun\/eksik-sayfalar\/","title":{"rendered":"Eksik Sayfalar"},"content":{"rendered":"<p>Hakl\u0131yd\u0131n asl\u0131nda nas\u0131l olsa bitecekti. Biz seninle iki laf\u0131 bir araya getirip tart\u0131\u015famazken \u00f6l\u00fcms\u00fcz bir a\u015fk istemek imkans\u0131zd\u0131. Seninle \u00f6\u011frendi\u011fim mucizelere seninle veda ettim. Vedam\u0131z d\u00fcnden erken yar\u0131ndan ge\u00e7 olmayacakt\u0131.Asl\u0131nda ya\u015fatt\u0131\u011f\u0131n her \u015feyi ya\u015fayacak kadar uzun ya\u015faman\u0131 isterdim.Sen kolay olan\u0131 se\u00e7tin ve gittin \u201cGiden mi kalan m\u0131?\u201d demi\u015ftin bana. Kalanm\u0131\u015f a\u015fk\u0131m, son vedam\u0131zda anlad\u0131m.\u015eimdi ba\u011f\u0131ra ba\u011f\u0131ra yazd\u0131m seni sevgilim. \u00d6nce i\u00e7ime, sonra da ka\u011f\u0131tlara&#8230; Duydun mu?Soluklar\u0131n\u0131z\u0131 tutarak okuyaca\u011f\u0131n\u0131z, ger\u00e7ek a\u015fk\u0131 i\u00e7inizde hissedece\u011finiz muhte\u015fem bir a\u015fk ve gen\u00e7lik roman\u0131&#8230;<\/p>\n","protected":false},"excerpt":{"rendered":"<p>Hakl\u0131yd\u0131n asl\u0131nda nas\u0131l olsa bitecekti. Biz seninle iki laf\u0131 bir araya getirip tart\u0131\u015famazken \u00f6l\u00fcms\u00fcz bir a\u015fk istemek imkans\u0131zd\u0131. Seninle \u00f6\u011frendi\u011fim mucizelere seninle veda ettim. Vedam\u0131z d\u00fcnden<span class=\"excerpt-hellip\"> [\u2026]<\/span><\/p>\n","protected":false},"featured_media":0,"template":"","meta":{"_monsterinsights_skip_tracking":false,"_monsterinsights_sitenote_active":false,"_monsterinsights_sitenote_note":"","_monsterinsights_sitenote_category":0},"product_brand":[],"product_cat":[12291,12711],"product_tag":[],"class_list":{"0":"post-715075","1":"product","2":"type-product","3":"status-publish","5":"product_cat-edebiyat","6":"product_cat-roman-oyku","7":"pa_cilt-ciltsiz","8":"pa_tur-kitap","9":"pa_yayinevi-kitap-saati-yayinevi","10":"pa_yazar-pinar-oztulun","12":"first","13":"instock","14":"sale","15":"shipping-taxable","16":"purchasable","17":"product-type-simple"},"_links":{"self":[{"href":"https:\/\/roveyayinevi.com.tr\/index.php\/wp-json\/wp\/v2\/product\/715075","targetHints":{"allow":["GET"]}}],"collection":[{"href":"https:\/\/roveyayinevi.com.tr\/index.php\/wp-json\/wp\/v2\/product"}],"about":[{"href":"https:\/\/roveyayinevi.com.tr\/index.php\/wp-json\/wp\/v2\/types\/product"}],"wp:attachment":[{"href":"https:\/\/roveyayinevi.com.tr\/index.php\/wp-json\/wp\/v2\/media?parent=715075"}],"wp:term":[{"taxonomy":"product_brand","embeddable":true,"href":"https:\/\/roveyayinevi.com.tr\/index.php\/wp-json\/wp\/v2\/product_brand?post=715075"},{"taxonomy":"product_cat","embeddable":true,"href":"https:\/\/roveyayinevi.com.tr\/index.php\/wp-json\/wp\/v2\/product_cat?post=715075"},{"taxonomy":"product_tag","embeddable":true,"href":"https:\/\/roveyayinevi.com.tr\/index.php\/wp-json\/wp\/v2\/product_tag?post=715075"}],"curies":[{"name":"wp","href":"https:\/\/api.w.org\/{rel}","templated":true}]}}