{"id":715066,"date":"2025-08-27T17:25:56","date_gmt":"2025-08-27T14:25:56","guid":{"rendered":"https:\/\/roveyayinevi.com.tr\/index.php\/urun\/seni-cok-seviyorum-kokusuk-suratciltli\/"},"modified":"2025-10-10T04:52:03","modified_gmt":"2025-10-10T01:52:03","slug":"seni-cok-seviyorum-kokusuk-suratciltli","status":"publish","type":"product","link":"https:\/\/roveyayinevi.com.tr\/index.php\/urun\/seni-cok-seviyorum-kokusuk-suratciltli\/","title":{"rendered":"Seni \u00c7ok Seviyorum Koku\u015fuk Surat(Ciltli)"},"content":{"rendered":"<p>Seni \u00c7ok Seviyorum, Koku\u015fuk Surat annelerin \u00e7ocuklar\u0131na duyduklar\u0131 ko\u015fulsuz sevgiyi son derece duygusal ama bir o kadar da e\u011flenceli bir dille anlatan bir modern \u00e7ocuk klasi\u011fi\u2026<\/p>\n","protected":false},"excerpt":{"rendered":"<p>Seni \u00c7ok Seviyorum, Koku\u015fuk Surat annelerin \u00e7ocuklar\u0131na duyduklar\u0131 ko\u015fulsuz sevgiyi son derece duygusal ama bir o kadar da e\u011flenceli bir dille anlatan bir modern \u00e7ocuk klasi\u011fi\u2026<\/p>\n","protected":false},"featured_media":0,"template":"","meta":{"_monsterinsights_skip_tracking":false,"_monsterinsights_sitenote_active":false,"_monsterinsights_sitenote_note":"","_monsterinsights_sitenote_category":0},"product_brand":[],"product_cat":[12913,12274],"product_tag":[],"class_list":{"0":"post-715066","1":"product","2":"type-product","3":"status-publish","5":"product_cat-3-6-yas-kitaplari","6":"product_cat-cocuk-ve-genclik-kitaplari","7":"pa_cilt-ciltli","8":"pa_tur-kitap","9":"pa_yayinevi-beyaz-balina-yayinlari","10":"pa_yazar-lisa-mccourt","12":"first","13":"instock","14":"sale","15":"shipping-taxable","16":"purchasable","17":"product-type-simple"},"_links":{"self":[{"href":"https:\/\/roveyayinevi.com.tr\/index.php\/wp-json\/wp\/v2\/product\/715066","targetHints":{"allow":["GET"]}}],"collection":[{"href":"https:\/\/roveyayinevi.com.tr\/index.php\/wp-json\/wp\/v2\/product"}],"about":[{"href":"https:\/\/roveyayinevi.com.tr\/index.php\/wp-json\/wp\/v2\/types\/product"}],"wp:attachment":[{"href":"https:\/\/roveyayinevi.com.tr\/index.php\/wp-json\/wp\/v2\/media?parent=715066"}],"wp:term":[{"taxonomy":"product_brand","embeddable":true,"href":"https:\/\/roveyayinevi.com.tr\/index.php\/wp-json\/wp\/v2\/product_brand?post=715066"},{"taxonomy":"product_cat","embeddable":true,"href":"https:\/\/roveyayinevi.com.tr\/index.php\/wp-json\/wp\/v2\/product_cat?post=715066"},{"taxonomy":"product_tag","embeddable":true,"href":"https:\/\/roveyayinevi.com.tr\/index.php\/wp-json\/wp\/v2\/product_tag?post=715066"}],"curies":[{"name":"wp","href":"https:\/\/api.w.org\/{rel}","templated":true}]}}