{"id":715064,"date":"2025-08-27T17:25:54","date_gmt":"2025-08-27T14:25:54","guid":{"rendered":"https:\/\/roveyayinevi.com.tr\/index.php\/urun\/benim-adim-kane\/"},"modified":"2026-04-16T02:23:20","modified_gmt":"2026-04-15T23:23:20","slug":"benim-adim-kane","status":"publish","type":"product","link":"https:\/\/roveyayinevi.com.tr\/index.php\/urun\/benim-adim-kane\/","title":{"rendered":"Benim Ad\u0131m Kane"},"content":{"rendered":"<p>David Beckham, \u201cNerede oynamay\u0131 hayal ediyorsun?\u201d diye sordu \u00e7ocu\u011fa.\u00c7ocuk, hi\u00e7 d\u00fc\u015f\u00fcnmeden cevap verdi: \u201cMilli tak\u0131m formas\u0131yla Wembley\u2019de oynamak istiyorum!\u201dBu \u00e7ocu\u011fun ad\u0131, Harry Kane\u2019di. Y\u0131llar sonra hayalini ger\u00e7ekle\u015ftirdi; hem \u0130ngiltere Milli Tak\u0131m\u0131\u2019n\u0131n kaptan\u0131 hem de Tottenham Hotspur tak\u0131m\u0131n\u0131n forveti oldu.Bu kitapta futbolu y\u0131ld\u0131z olmak i\u00e7in de\u011fil \u00e7ok sevdi\u011fi i\u00e7in oynayan, al\u00e7akg\u00f6n\u00fcll\u00fc bir oyuncunun \u00f6yk\u00fcs\u00fcn\u00fc okuyacaks\u0131n\u0131z.<\/p>\n","protected":false},"excerpt":{"rendered":"<p>David Beckham, \u201cNerede oynamay\u0131 hayal ediyorsun?\u201d diye sordu \u00e7ocu\u011fa.\u00c7ocuk, hi\u00e7 d\u00fc\u015f\u00fcnmeden cevap verdi: \u201cMilli tak\u0131m formas\u0131yla Wembley\u2019de oynamak istiyorum!\u201dBu \u00e7ocu\u011fun ad\u0131, Harry Kane\u2019di. Y\u0131llar sonra hayalini<span class=\"excerpt-hellip\"> [\u2026]<\/span><\/p>\n","protected":false},"featured_media":0,"template":"","meta":{"_monsterinsights_skip_tracking":false,"_monsterinsights_sitenote_active":false,"_monsterinsights_sitenote_note":"","_monsterinsights_sitenote_category":0},"product_brand":[],"product_cat":[15563,15564],"product_tag":[],"class_list":{"0":"post-715064","1":"product","2":"type-product","3":"status-publish","5":"product_cat-hobi","6":"product_cat-spor","7":"pa_cilt-ciltsiz","8":"pa_tur-kitap","9":"pa_yayinevi-beyaz-balina-yayinlari","10":"pa_yazar-matt-oldfield-tom-oldfield","12":"first","13":"instock","14":"sale","15":"shipping-taxable","16":"purchasable","17":"product-type-simple"},"_links":{"self":[{"href":"https:\/\/roveyayinevi.com.tr\/index.php\/wp-json\/wp\/v2\/product\/715064","targetHints":{"allow":["GET"]}}],"collection":[{"href":"https:\/\/roveyayinevi.com.tr\/index.php\/wp-json\/wp\/v2\/product"}],"about":[{"href":"https:\/\/roveyayinevi.com.tr\/index.php\/wp-json\/wp\/v2\/types\/product"}],"wp:attachment":[{"href":"https:\/\/roveyayinevi.com.tr\/index.php\/wp-json\/wp\/v2\/media?parent=715064"}],"wp:term":[{"taxonomy":"product_brand","embeddable":true,"href":"https:\/\/roveyayinevi.com.tr\/index.php\/wp-json\/wp\/v2\/product_brand?post=715064"},{"taxonomy":"product_cat","embeddable":true,"href":"https:\/\/roveyayinevi.com.tr\/index.php\/wp-json\/wp\/v2\/product_cat?post=715064"},{"taxonomy":"product_tag","embeddable":true,"href":"https:\/\/roveyayinevi.com.tr\/index.php\/wp-json\/wp\/v2\/product_tag?post=715064"}],"curies":[{"name":"wp","href":"https:\/\/api.w.org\/{rel}","templated":true}]}}