{"id":715057,"date":"2025-08-27T17:25:50","date_gmt":"2025-08-27T14:25:50","guid":{"rendered":"https:\/\/roveyayinevi.com.tr\/index.php\/urun\/orgeneral-muzaffer-erguderin-havacilik-anilari-1922-1930\/"},"modified":"2026-04-16T02:23:19","modified_gmt":"2026-04-15T23:23:19","slug":"orgeneral-muzaffer-erguderin-havacilik-anilari-1922-1930","status":"publish","type":"product","link":"https:\/\/roveyayinevi.com.tr\/index.php\/urun\/orgeneral-muzaffer-erguderin-havacilik-anilari-1922-1930\/","title":{"rendered":"Orgeneral Muzaffer Erg\u00fcder&#8217;in Havac\u0131l\u0131k An\u0131lar\u0131 1922 &#8211; 1930"},"content":{"rendered":"<p>T\u00fcrk Hava Kuvvetleri\u2019nin bug\u00fcnk\u00fc ba\u015far\u0131l\u0131 yeri, Kurtulu\u015f Sava\u015f\u0131\u2019ndaki bir avu\u00e7 kararl\u0131 havac\u0131n\u0131n \u00e7abalar\u0131n\u0131n \u00fczerinde geli\u015fti. \u0130\u015fte  Orgeneral Muzaffer Erg\u00fcder o \u00e7abalar\u0131n \u00fczerine, 1924 ve 1927 y\u0131llar\u0131nda yapt\u0131\u011f\u0131 inceleme gezisi raporlar\u0131n\u0131 ve 1926 y\u0131l\u0131nda haz\u0131rlad\u0131\u011f\u0131 Hava Kuvveti Rehberi\u2019ni ekleyerek, bu s\u0131n\u0131fa e\u011fitim ve uygulamada bilimsel \u00f6l\u00e7\u00fctler getirmi\u015f; b\u00f6ylece Hava Kuvvetleri h\u0131zla \u00e7a\u011fda\u015f \u00fclkeler seviyesine \u00e7\u0131kmaya ba\u015flam\u0131\u015ft\u0131r&#8230; <\/p>\n","protected":false},"excerpt":{"rendered":"<p>T\u00fcrk Hava Kuvvetleri\u2019nin bug\u00fcnk\u00fc ba\u015far\u0131l\u0131 yeri, Kurtulu\u015f Sava\u015f\u0131\u2019ndaki bir avu\u00e7 kararl\u0131 havac\u0131n\u0131n \u00e7abalar\u0131n\u0131n \u00fczerinde geli\u015fti. \u0130\u015fte Orgeneral Muzaffer Erg\u00fcder o \u00e7abalar\u0131n \u00fczerine, 1924 ve 1927 y\u0131llar\u0131nda<span class=\"excerpt-hellip\"> [\u2026]<\/span><\/p>\n","protected":false},"featured_media":0,"template":"","meta":{"_monsterinsights_skip_tracking":false,"_monsterinsights_sitenote_active":false,"_monsterinsights_sitenote_note":"","_monsterinsights_sitenote_category":0},"product_brand":[],"product_cat":[14009,12291],"product_tag":[],"class_list":{"0":"post-715057","1":"product","2":"type-product","3":"status-publish","5":"product_cat-biyografi-otobiyografi-edebiyat","6":"product_cat-edebiyat","7":"pa_cilt-ciltsiz","8":"pa_tur-kitap","9":"pa_yayinevi-kirmizi-kedi-yayinevi","10":"pa_yazar-h-ibrahim-firtina","12":"first","13":"instock","14":"sale","15":"shipping-taxable","16":"purchasable","17":"product-type-simple"},"_links":{"self":[{"href":"https:\/\/roveyayinevi.com.tr\/index.php\/wp-json\/wp\/v2\/product\/715057","targetHints":{"allow":["GET"]}}],"collection":[{"href":"https:\/\/roveyayinevi.com.tr\/index.php\/wp-json\/wp\/v2\/product"}],"about":[{"href":"https:\/\/roveyayinevi.com.tr\/index.php\/wp-json\/wp\/v2\/types\/product"}],"wp:attachment":[{"href":"https:\/\/roveyayinevi.com.tr\/index.php\/wp-json\/wp\/v2\/media?parent=715057"}],"wp:term":[{"taxonomy":"product_brand","embeddable":true,"href":"https:\/\/roveyayinevi.com.tr\/index.php\/wp-json\/wp\/v2\/product_brand?post=715057"},{"taxonomy":"product_cat","embeddable":true,"href":"https:\/\/roveyayinevi.com.tr\/index.php\/wp-json\/wp\/v2\/product_cat?post=715057"},{"taxonomy":"product_tag","embeddable":true,"href":"https:\/\/roveyayinevi.com.tr\/index.php\/wp-json\/wp\/v2\/product_tag?post=715057"}],"curies":[{"name":"wp","href":"https:\/\/api.w.org\/{rel}","templated":true}]}}

Orgeneral Muzaffer Ergüder&#8217;in Havacılık Anıları 1922 &#8211; 1930

<p>Türk Hava Kuvvetleri’nin bugünkü başarılı yeri, Kurtuluş Savaşı’ndaki bir avuç kararlı havacının çabalarının üzerinde gelişti. İşte  Orgeneral Muzaffer Ergüder o çabaların üzerine, 1924 ve 1927 yıllarında yaptığı inceleme gezisi raporlarını ve 1926 yılında hazırladığı Hava Kuvveti Rehberi’ni ekleyerek, bu sınıfa eğitim ve uygulamada bilimsel ölçütler getirmiş; böylece Hava Kuvvetleri hızla çağdaş ülkeler seviyesine çıkmaya başlamıştır&#8230; </p>

<p>Türk Hava Kuvvetleri’nin bugünkü başarılı yeri, Kurtuluş Savaşı’ndaki bir avuç kararlı havacının çabalarının üzerinde gelişti. İşte Orgeneral Muzaffer Ergüder o çabaların üzerine, 1924 ve 1927 yıllarında<span class="excerpt-hellip"> […]</span></p>
