{"id":715056,"date":"2025-08-27T17:25:49","date_gmt":"2025-08-27T14:25:49","guid":{"rendered":"https:\/\/roveyayinevi.com.tr\/index.php\/urun\/felsefe-ve-devrim\/"},"modified":"2026-04-16T02:23:19","modified_gmt":"2026-04-15T23:23:19","slug":"felsefe-ve-devrim","status":"publish","type":"product","link":"https:\/\/roveyayinevi.com.tr\/index.php\/urun\/felsefe-ve-devrim\/","title":{"rendered":"Felsefe ve Devrim"},"content":{"rendered":"<p>Felsefe ve Devrim ile ili\u015fkili g\u00fcncel tart\u0131\u015fmalar\u0131n \u00e7e\u015fitli perspektiflerden ele al\u0131nd\u0131\u011f\u0131 yaz\u0131lar\u0131 kapsayan bu kitap, okuru olduk\u00e7a zengin bir s\u00f6ylem ve kar\u015f\u0131 s\u00f6ylem alan\u0131na davet etti\u011fi gibi g\u00fcncelli\u011fi ve ivedili\u011fi tart\u0131\u015fmas\u0131z olan bir konuda (felsefe ve devrim ili\u015fkisi) sorumluluk almaya da \u00e7a\u011f\u0131r\u0131yor. Felsefe ve Devrim tart\u0131\u015fmalar\u0131 i\u00e7in bir k\u0131v\u0131lc\u0131m, yeniden canlanan bir umut olmas\u0131 dile\u011fiyle&#8230;<\/p>\n","protected":false},"excerpt":{"rendered":"<p>Felsefe ve Devrim ile ili\u015fkili g\u00fcncel tart\u0131\u015fmalar\u0131n \u00e7e\u015fitli perspektiflerden ele al\u0131nd\u0131\u011f\u0131 yaz\u0131lar\u0131 kapsayan bu kitap, okuru olduk\u00e7a zengin bir s\u00f6ylem ve kar\u015f\u0131 s\u00f6ylem alan\u0131na davet etti\u011fi<span class=\"excerpt-hellip\"> [\u2026]<\/span><\/p>\n","protected":false},"featured_media":0,"template":"","meta":{"_monsterinsights_skip_tracking":false,"_monsterinsights_sitenote_active":false,"_monsterinsights_sitenote_note":"","_monsterinsights_sitenote_category":0},"product_brand":[],"product_cat":[12388,15536],"product_tag":[],"class_list":{"0":"post-715056","1":"product","2":"type-product","3":"status-publish","5":"product_cat-felsefe","6":"product_cat-siyaset-felsefesi","7":"pa_cilt-ciltsiz","8":"pa_tur-kitap","9":"pa_yayinevi-pinhan-yayincilik","10":"pa_yazar-kolektif","12":"first","13":"instock","14":"sale","15":"shipping-taxable","16":"purchasable","17":"product-type-simple"},"_links":{"self":[{"href":"https:\/\/roveyayinevi.com.tr\/index.php\/wp-json\/wp\/v2\/product\/715056","targetHints":{"allow":["GET"]}}],"collection":[{"href":"https:\/\/roveyayinevi.com.tr\/index.php\/wp-json\/wp\/v2\/product"}],"about":[{"href":"https:\/\/roveyayinevi.com.tr\/index.php\/wp-json\/wp\/v2\/types\/product"}],"wp:attachment":[{"href":"https:\/\/roveyayinevi.com.tr\/index.php\/wp-json\/wp\/v2\/media?parent=715056"}],"wp:term":[{"taxonomy":"product_brand","embeddable":true,"href":"https:\/\/roveyayinevi.com.tr\/index.php\/wp-json\/wp\/v2\/product_brand?post=715056"},{"taxonomy":"product_cat","embeddable":true,"href":"https:\/\/roveyayinevi.com.tr\/index.php\/wp-json\/wp\/v2\/product_cat?post=715056"},{"taxonomy":"product_tag","embeddable":true,"href":"https:\/\/roveyayinevi.com.tr\/index.php\/wp-json\/wp\/v2\/product_tag?post=715056"}],"curies":[{"name":"wp","href":"https:\/\/api.w.org\/{rel}","templated":true}]}}