{"id":715053,"date":"2025-08-27T17:25:47","date_gmt":"2025-08-27T14:25:47","guid":{"rendered":"https:\/\/roveyayinevi.com.tr\/index.php\/urun\/kanini-satan-adam\/"},"modified":"2026-04-16T02:23:19","modified_gmt":"2026-04-15T23:23:19","slug":"kanini-satan-adam","status":"publish","type":"product","link":"https:\/\/roveyayinevi.com.tr\/index.php\/urun\/kanini-satan-adam\/","title":{"rendered":"Kan\u0131n\u0131 Satan Adam"},"content":{"rendered":"<p>Zor bir hayata do\u011fmu\u015ftur Xu Sanguan: Babas\u0131 \u00e7ocukken \u00f6l\u00fcr, annesiyse ba\u015fka bir adamla evlenip onu terk eder. Dedesi ve amcas\u0131n\u0131n sahip \u00e7\u0131k\u0131p b\u00fcy\u00fctt\u00fc\u011f\u00fc Xu Sanguan art\u0131k \u015fehirdeki ipek fabrikas\u0131nda \u00e7al\u0131\u015fan gen\u00e7 bir i\u015f\u00e7idir. Amcas\u0131n\u0131 ziyaret etti\u011fi bir g\u00fcn, kan satmaya giden iki arkada\u015f\u0131n\u0131n yard\u0131m\u0131yla o da kan\u0131n\u0131 satar. Eline ge\u00e7en paray\u0131 sadece ailesi i\u00e7in harcamas\u0131 gerekti\u011fine inand\u0131\u011f\u0131 i\u00e7in evlenmeye karar verir. Xu Yulan\u2019la evlenir ve \u00fc\u00e7 o\u011flu olur. B\u00fcy\u00fck o\u011flu Yile hakk\u0131ndaki bir ger\u00e7e\u011fin ortaya \u00e7\u0131kmas\u0131yla sars\u0131l\u0131r. K\u00fclt\u00fcr Devrimi, k\u0131tl\u0131k y\u0131llar\u0131 gibi zor ve toplumu alt\u00fcst eden d\u00f6nemlerde ne zaman ba\u015f\u0131 s\u0131k\u0131\u015fsa bir kuyudan su \u00e7eker gibi damarlar\u0131ndan kan \u00e7ektiren ve m\u00fccadeleden asla vazge\u00e7meyen Xu Sanguan\u2019\u0131n \u00f6yk\u00fcs\u00fc, t\u00fcm bunlar\u0131n yan\u0131nda ya\u015fama dair bir\u00e7ok tuhafl\u0131\u011f\u0131 da bar\u0131nd\u0131r\u0131r.Kalbin tek bir at\u0131\u015f\u0131yla kan\u0131n t\u00fcm v\u00fccuda yay\u0131lmas\u0131 gibi, Yu Hua da basit fakat usta i\u015fi c\u00fcmlelerle kurdu\u011fu bu ola\u011fan\u00fcst\u00fc \u00f6yk\u00fcde, \u00e2deta insan ruhunun ve ya\u015fam\u0131n k\u0131lcal damarlar\u0131na ula\u015f\u0131r.Daha \u00f6nce Ya\u015famak adl\u0131 roman\u0131n\u0131 yay\u0131mlad\u0131\u011f\u0131m\u0131z Yu Hua\u2019n\u0131n en \u00f6nemli eserlerinden Kan\u0131n\u0131 Satan Adam\u2019\u0131 Erdem Kurtuldu \u00c7ince asl\u0131ndan \u00e7evirdi.<\/p>\n","protected":false},"excerpt":{"rendered":"<p>Zor bir hayata do\u011fmu\u015ftur Xu Sanguan: Babas\u0131 \u00e7ocukken \u00f6l\u00fcr, annesiyse ba\u015fka bir adamla evlenip onu terk eder. Dedesi ve amcas\u0131n\u0131n sahip \u00e7\u0131k\u0131p b\u00fcy\u00fctt\u00fc\u011f\u00fc Xu Sanguan art\u0131k<span class=\"excerpt-hellip\"> [\u2026]<\/span><\/p>\n","protected":false},"featured_media":0,"template":"","meta":{"_monsterinsights_skip_tracking":false,"_monsterinsights_sitenote_active":false,"_monsterinsights_sitenote_note":"","_monsterinsights_sitenote_category":0},"product_brand":[],"product_cat":[12291,12711],"product_tag":[],"class_list":{"0":"post-715053","1":"product","2":"type-product","3":"status-publish","5":"product_cat-edebiyat","6":"product_cat-roman-oyku","7":"pa_cilt-ciltsiz","8":"pa_tur-kitap","9":"pa_yayinevi-jaguar-kitap","10":"pa_yazar-yu-hua","12":"first","13":"instock","14":"sale","15":"shipping-taxable","16":"purchasable","17":"product-type-simple"},"_links":{"self":[{"href":"https:\/\/roveyayinevi.com.tr\/index.php\/wp-json\/wp\/v2\/product\/715053","targetHints":{"allow":["GET"]}}],"collection":[{"href":"https:\/\/roveyayinevi.com.tr\/index.php\/wp-json\/wp\/v2\/product"}],"about":[{"href":"https:\/\/roveyayinevi.com.tr\/index.php\/wp-json\/wp\/v2\/types\/product"}],"wp:attachment":[{"href":"https:\/\/roveyayinevi.com.tr\/index.php\/wp-json\/wp\/v2\/media?parent=715053"}],"wp:term":[{"taxonomy":"product_brand","embeddable":true,"href":"https:\/\/roveyayinevi.com.tr\/index.php\/wp-json\/wp\/v2\/product_brand?post=715053"},{"taxonomy":"product_cat","embeddable":true,"href":"https:\/\/roveyayinevi.com.tr\/index.php\/wp-json\/wp\/v2\/product_cat?post=715053"},{"taxonomy":"product_tag","embeddable":true,"href":"https:\/\/roveyayinevi.com.tr\/index.php\/wp-json\/wp\/v2\/product_tag?post=715053"}],"curies":[{"name":"wp","href":"https:\/\/api.w.org\/{rel}","templated":true}]}}