{"id":715052,"date":"2025-08-27T17:25:46","date_gmt":"2025-08-27T14:25:46","guid":{"rendered":"https:\/\/roveyayinevi.com.tr\/index.php\/urun\/inaniyorum-oyleyse-varim\/"},"modified":"2026-04-16T02:23:19","modified_gmt":"2026-04-15T23:23:19","slug":"inaniyorum-oyleyse-varim","status":"publish","type":"product","link":"https:\/\/roveyayinevi.com.tr\/index.php\/urun\/inaniyorum-oyleyse-varim\/","title":{"rendered":"\u0130nan\u0131yorum \u00d6yleyse Var\u0131m"},"content":{"rendered":"<p>Sorular ruha batm\u0131\u015f dikenlerdir demi\u015ftin bir konu\u015fmam\u0131zda. Ger\u00e7ekten \u00f6yle. Bug\u00fcne dek \u00fcst\u00fcn\u00fc \u00f6rterek ya\u015fad\u0131m. Ruhumun derin dehlizlerinde bekleyen bir s\u00fcr\u00fc kuruntu akl\u0131m\u0131 t\u0131rmalad\u0131 durdu. Kemirgen sorularla koyun koyunayd\u0131m.Yan\u0131t aramay\u0131 hep erteledim. Y\u00fczle\u015fmekten korktum a\u00e7\u0131k\u00e7as\u0131. Yok sayd\u0131m onlar\u0131. Tatl\u0131 hayat\u0131ma s\u0131n\u0131rlar \u00e7izer diye kayg\u0131land\u0131m. Fakat yok saymakla yok olmuyorlar. D\u00fc\u015f\u00fcnmemek dindirmiyor i\u00e7imdeki s\u0131z\u0131y\u0131. Yeter art\u0131k! Kendimi tan\u0131mak, kuruntular\u0131mdan ar\u0131nmak, al\u0131n yaz\u0131mla bar\u0131\u015fmak, huzur bulmak istiyorum.Felsefeyi konu\u015fal\u0131m biraz. Felsefeyi \u00e7a\u011fda\u015fl\u0131k olarak g\u00f6ren arkada\u015flar\u0131m var. Her biri bir felsefe ak\u0131m\u0131n\u0131 benimsemi\u015f. Maddeciler, do\u011falc\u0131lar, evrimciler, olgucular, yararc\u0131lar, hazc\u0131lar falan. Her f\u0131rsatta dine, inanca sald\u0131r\u0131yorlar. Durmadan tart\u0131\u015f\u0131yoruz.Evren nas\u0131l olu\u015ftu? \u0130nsan nereden gelir, nereye gider? Ya\u015fam\u0131n amac\u0131 nedir? \u0130yi, g\u00fczel, do\u011fru gibi kavramlar neye g\u00f6re belirlenmeli? Bilginin kayna\u011f\u0131 ne olmal\u0131? Daha da bir s\u00fcr\u00fc soru&#8230;Bir \u00e7anta dolusu felsefe kitab\u0131 ald\u0131m, ba\u015flad\u0131m okumaya. Ruhum darald\u0131. Kapal\u0131 bir dil kullan\u0131yorlar nedense&#8230; B\u00fcy\u00fcc\u00fc dili gibi&#8230; Temel felsefeleri sen anlat bana. En derin konular\u0131 bile hayattan misallerle \u00e7ok g\u00fczel a\u00e7\u0131kl\u0131yorsun. Dilin sade, anlat\u0131m\u0131n ak\u0131c\u0131 ve etkili.Hadi yaz bana. Yan\u0131ts\u0131z b\u0131rakma. Sana ba\u015fka anlatacaklar\u0131m da var. Kimselere a\u00e7amad\u0131\u011f\u0131m sorunlar\u0131m birikti.<\/p>\n","protected":false},"excerpt":{"rendered":"<p>Sorular ruha batm\u0131\u015f dikenlerdir demi\u015ftin bir konu\u015fmam\u0131zda. Ger\u00e7ekten \u00f6yle. Bug\u00fcne dek \u00fcst\u00fcn\u00fc \u00f6rterek ya\u015fad\u0131m. Ruhumun derin dehlizlerinde bekleyen bir s\u00fcr\u00fc kuruntu akl\u0131m\u0131 t\u0131rmalad\u0131 durdu. Kemirgen sorularla<span class=\"excerpt-hellip\"> [\u2026]<\/span><\/p>\n","protected":false},"featured_media":0,"template":"","meta":{"_monsterinsights_skip_tracking":false,"_monsterinsights_sitenote_active":false,"_monsterinsights_sitenote_note":"","_monsterinsights_sitenote_category":0},"product_brand":[],"product_cat":[12291,12711],"product_tag":[],"class_list":{"0":"post-715052","1":"product","2":"type-product","3":"status-publish","5":"product_cat-edebiyat","6":"product_cat-roman-oyku","7":"pa_cilt-ciltsiz","8":"pa_tur-kitap","9":"pa_yayinevi-carpe-diem-kitaplari","10":"pa_yazar-omer-sevincgul","12":"first","13":"instock","14":"sale","15":"shipping-taxable","16":"purchasable","17":"product-type-simple"},"_links":{"self":[{"href":"https:\/\/roveyayinevi.com.tr\/index.php\/wp-json\/wp\/v2\/product\/715052","targetHints":{"allow":["GET"]}}],"collection":[{"href":"https:\/\/roveyayinevi.com.tr\/index.php\/wp-json\/wp\/v2\/product"}],"about":[{"href":"https:\/\/roveyayinevi.com.tr\/index.php\/wp-json\/wp\/v2\/types\/product"}],"wp:attachment":[{"href":"https:\/\/roveyayinevi.com.tr\/index.php\/wp-json\/wp\/v2\/media?parent=715052"}],"wp:term":[{"taxonomy":"product_brand","embeddable":true,"href":"https:\/\/roveyayinevi.com.tr\/index.php\/wp-json\/wp\/v2\/product_brand?post=715052"},{"taxonomy":"product_cat","embeddable":true,"href":"https:\/\/roveyayinevi.com.tr\/index.php\/wp-json\/wp\/v2\/product_cat?post=715052"},{"taxonomy":"product_tag","embeddable":true,"href":"https:\/\/roveyayinevi.com.tr\/index.php\/wp-json\/wp\/v2\/product_tag?post=715052"}],"curies":[{"name":"wp","href":"https:\/\/api.w.org\/{rel}","templated":true}]}}