{"id":715045,"date":"2025-08-27T17:25:42","date_gmt":"2025-08-27T14:25:42","guid":{"rendered":"https:\/\/roveyayinevi.com.tr\/index.php\/urun\/minik-caglar-anaokuluna-basliyor\/"},"modified":"2026-04-16T02:23:19","modified_gmt":"2026-04-15T23:23:19","slug":"minik-caglar-anaokuluna-basliyor","status":"publish","type":"product","link":"https:\/\/roveyayinevi.com.tr\/index.php\/urun\/minik-caglar-anaokuluna-basliyor\/","title":{"rendered":"Minik \u00c7a\u011flar Anaokuluna Ba\u015fl\u0131yor"},"content":{"rendered":"<p>\u00c7a\u011flar anaokuluna ba\u015flad\u0131\u011f\u0131 g\u00fcn heyecandan yerinde duram\u0131yordu. Yeni arkada\u015flar edindi. Kocaman bir \u015fato resmi \u00e7izdi. \u00d6\u011fle yeme\u011finde domates soslu makarna yedi. Ve \u00f6\u011fle uykusuna yatt\u0131. Annesi onu almaya geldi\u011finde, zaman\u0131n nas\u0131l ge\u00e7ti\u011fini anlayamad\u0131.<\/p>\n","protected":false},"excerpt":{"rendered":"<p>\u00c7a\u011flar anaokuluna ba\u015flad\u0131\u011f\u0131 g\u00fcn heyecandan yerinde duram\u0131yordu. Yeni arkada\u015flar edindi. Kocaman bir \u015fato resmi \u00e7izdi. \u00d6\u011fle yeme\u011finde domates soslu makarna yedi. Ve \u00f6\u011fle uykusuna yatt\u0131. Annesi<span class=\"excerpt-hellip\"> [\u2026]<\/span><\/p>\n","protected":false},"featured_media":0,"template":"","meta":{"_monsterinsights_skip_tracking":false,"_monsterinsights_sitenote_active":false,"_monsterinsights_sitenote_note":"","_monsterinsights_sitenote_category":0},"product_brand":[],"product_cat":[12274,12518],"product_tag":[],"class_list":{"0":"post-715045","1":"product","2":"type-product","3":"status-publish","5":"product_cat-cocuk-ve-genclik-kitaplari","6":"product_cat-okul-oncesi-kitaplar","7":"pa_cilt-ciltsiz","8":"pa_tur-kitap","9":"pa_yayinevi-is-bankasi-kultur-yayinlari","10":"pa_yazar-christian-tielmann","12":"first","13":"instock","14":"sale","15":"shipping-taxable","16":"purchasable","17":"product-type-simple"},"_links":{"self":[{"href":"https:\/\/roveyayinevi.com.tr\/index.php\/wp-json\/wp\/v2\/product\/715045","targetHints":{"allow":["GET"]}}],"collection":[{"href":"https:\/\/roveyayinevi.com.tr\/index.php\/wp-json\/wp\/v2\/product"}],"about":[{"href":"https:\/\/roveyayinevi.com.tr\/index.php\/wp-json\/wp\/v2\/types\/product"}],"wp:attachment":[{"href":"https:\/\/roveyayinevi.com.tr\/index.php\/wp-json\/wp\/v2\/media?parent=715045"}],"wp:term":[{"taxonomy":"product_brand","embeddable":true,"href":"https:\/\/roveyayinevi.com.tr\/index.php\/wp-json\/wp\/v2\/product_brand?post=715045"},{"taxonomy":"product_cat","embeddable":true,"href":"https:\/\/roveyayinevi.com.tr\/index.php\/wp-json\/wp\/v2\/product_cat?post=715045"},{"taxonomy":"product_tag","embeddable":true,"href":"https:\/\/roveyayinevi.com.tr\/index.php\/wp-json\/wp\/v2\/product_tag?post=715045"}],"curies":[{"name":"wp","href":"https:\/\/api.w.org\/{rel}","templated":true}]}}