{"id":715041,"date":"2025-08-27T17:25:39","date_gmt":"2025-08-27T14:25:39","guid":{"rendered":"https:\/\/roveyayinevi.com.tr\/index.php\/urun\/gul-ve-hac-kardesligi\/"},"modified":"2026-04-16T02:23:19","modified_gmt":"2026-04-15T23:23:19","slug":"gul-ve-hac-kardesligi","status":"publish","type":"product","link":"https:\/\/roveyayinevi.com.tr\/index.php\/urun\/gul-ve-hac-kardesligi\/","title":{"rendered":"G\u00fcl ve Ha\u00e7 Karde\u015fli\u011fi"},"content":{"rendered":"<p>Aytun\u00e7 Alt\u0131ndal, G\u00fcl ve Ha\u00e7 Karde\u015fli\u011fi\u2019nde Avrupa Birli\u011fi\u2019nin T\u00fcrkiye\u2019de hi\u00e7 bilinmeyen \u201cgnostik-masonik\u201d y\u00fcz\u00fcn\u00fc ve \u00f6z\u00fcn\u00fc anlat\u0131yor. Bug\u00fcnk\u00fc Avrupa Birli\u011fi\u2019ni kuran fikirlerin hangi gizli \u00f6rg\u00fctlerce ne zaman ve nas\u0131l ortaya at\u0131ld\u0131klar\u0131n\u0131, Avrupa Birli\u011fi\u2019nde kullan\u0131lan sembollerin, \u00f6rne\u011fin 12 y\u0131ld\u0131zl\u0131 bayra\u011f\u0131n ger\u00e7ekte neyin sembol\u00fc oldu\u011funu a\u00e7\u0131kl\u0131yor.\u201cG\u00f6ze g\u00f6r\u00fcnmeden\u201d hayatlar\u0131m\u0131za y\u00f6n veren gizli ki\u015fileri, \u00f6rg\u00fctleri ve bunlar\u0131n T\u00fcrkiye ba\u011flant\u0131lar\u0131n\u0131, ismen G\u00fcl ve Ha\u00e7 Karde\u015fli\u011fi\u2019nde okuyacaks\u0131n\u0131z.\u201cG\u00fcl ve Ha\u00e7 Karde\u015fli\u011fi, Tap\u0131nak \u015e\u00f6valyeleri ve masonlar 18. y\u00fczy\u0131ldan bu yana ortak (syncretic) bir strateji izleyerek Avrupa Birli\u011fi\u2019ni kurmaya \u00e7al\u0131\u015fmaktad\u0131rlar. S\u00f6z konusu \u00fc\u00e7 gizli \u00f6rg\u00fct\u00fcn \u00fc\u00e7 locas\u0131 son y\u00fczy\u0131ld\u0131r \u00f6zellikle Avrupa siyasetinin \u2018perde arkas\u0131ndaki\u2019 en g\u00fc\u00e7l\u00fc temsilcileridirler.\u201d<\/p>\n","protected":false},"excerpt":{"rendered":"<p>Aytun\u00e7 Alt\u0131ndal, G\u00fcl ve Ha\u00e7 Karde\u015fli\u011fi\u2019nde Avrupa Birli\u011fi\u2019nin T\u00fcrkiye\u2019de hi\u00e7 bilinmeyen \u201cgnostik-masonik\u201d y\u00fcz\u00fcn\u00fc ve \u00f6z\u00fcn\u00fc anlat\u0131yor. Bug\u00fcnk\u00fc Avrupa Birli\u011fi\u2019ni kuran fikirlerin hangi gizli \u00f6rg\u00fctlerce ne zaman<span class=\"excerpt-hellip\"> [\u2026]<\/span><\/p>\n","protected":false},"featured_media":0,"template":"","meta":{"_monsterinsights_skip_tracking":false,"_monsterinsights_sitenote_active":false,"_monsterinsights_sitenote_note":"","_monsterinsights_sitenote_category":0},"product_brand":[],"product_cat":[13590,12337],"product_tag":[],"class_list":{"0":"post-715041","1":"product","2":"type-product","3":"status-publish","5":"product_cat-arastirma-inceleme-politika-siyaset","6":"product_cat-politika-siyaset","7":"pa_cilt-ciltsiz","8":"pa_tur-kitap","9":"pa_yayinevi-destek-yayinlari","10":"pa_yazar-aytunc-altindal","12":"first","13":"instock","14":"sale","15":"shipping-taxable","16":"purchasable","17":"product-type-simple"},"_links":{"self":[{"href":"https:\/\/roveyayinevi.com.tr\/index.php\/wp-json\/wp\/v2\/product\/715041","targetHints":{"allow":["GET"]}}],"collection":[{"href":"https:\/\/roveyayinevi.com.tr\/index.php\/wp-json\/wp\/v2\/product"}],"about":[{"href":"https:\/\/roveyayinevi.com.tr\/index.php\/wp-json\/wp\/v2\/types\/product"}],"wp:attachment":[{"href":"https:\/\/roveyayinevi.com.tr\/index.php\/wp-json\/wp\/v2\/media?parent=715041"}],"wp:term":[{"taxonomy":"product_brand","embeddable":true,"href":"https:\/\/roveyayinevi.com.tr\/index.php\/wp-json\/wp\/v2\/product_brand?post=715041"},{"taxonomy":"product_cat","embeddable":true,"href":"https:\/\/roveyayinevi.com.tr\/index.php\/wp-json\/wp\/v2\/product_cat?post=715041"},{"taxonomy":"product_tag","embeddable":true,"href":"https:\/\/roveyayinevi.com.tr\/index.php\/wp-json\/wp\/v2\/product_tag?post=715041"}],"curies":[{"name":"wp","href":"https:\/\/api.w.org\/{rel}","templated":true}]}}