{"id":715036,"date":"2025-08-27T17:25:25","date_gmt":"2025-08-27T14:25:25","guid":{"rendered":"https:\/\/roveyayinevi.com.tr\/index.php\/urun\/harry-potter-sihir-tarihi-ciltli\/"},"modified":"2026-04-16T02:23:19","modified_gmt":"2026-04-15T23:23:19","slug":"harry-potter-sihir-tarihi-ciltli","status":"publish","type":"product","link":"https:\/\/roveyayinevi.com.tr\/index.php\/urun\/harry-potter-sihir-tarihi-ciltli\/","title":{"rendered":"Harry Potter &#8211; Sihir Tarihi (Ciltli)"},"content":{"rendered":"<p>Harry Potter ve Felsefe Ta\u015f\u0131\u2019n\u0131n yay\u0131mlan\u0131\u015f\u0131n\u0131n yirminci y\u0131l\u0131 \u015ferefine sihir tarihini ke\u015ffetmeye davetlisiniz&#8230;   \u201cFevkalade bir yolculu\u011fa \u00e7\u0131kmak \u00fczere oldu\u011fum, d\u00fcnyan\u0131n her taraf\u0131ndan ayn\u0131 yolculu\u011fa \u00e7\u0131kan \u00e7ok say\u0131da yol arkada\u015f\u0131ndan sadece biri oldu\u011fum ve hepimizin bu bilinmeyen yazar\u0131n, J.K. Rowling\u2019in b\u00fcy\u00fcs\u00fcne, yirmi y\u0131l sonra daha da g\u00fc\u00e7l\u00fc bir hal alan o b\u00fcy\u00fcye kap\u0131laca\u011f\u0131m\u0131z akl\u0131mdan hayalimden ge\u00e7mezdi.\u201d   Steve Kloves <\/p>\n","protected":false},"excerpt":{"rendered":"<p>Harry Potter ve Felsefe Ta\u015f\u0131\u2019n\u0131n yay\u0131mlan\u0131\u015f\u0131n\u0131n yirminci y\u0131l\u0131 \u015ferefine sihir tarihini ke\u015ffetmeye davetlisiniz&#8230; \u201cFevkalade bir yolculu\u011fa \u00e7\u0131kmak \u00fczere oldu\u011fum, d\u00fcnyan\u0131n her taraf\u0131ndan ayn\u0131 yolculu\u011fa \u00e7\u0131kan \u00e7ok<span class=\"excerpt-hellip\"> [\u2026]<\/span><\/p>\n","protected":false},"featured_media":0,"template":"","meta":{"_monsterinsights_skip_tracking":false,"_monsterinsights_sitenote_active":false,"_monsterinsights_sitenote_note":"","_monsterinsights_sitenote_category":0},"product_brand":[],"product_cat":[12291,14777],"product_tag":[],"class_list":{"0":"post-715036","1":"product","2":"type-product","3":"status-publish","5":"product_cat-edebiyat","6":"product_cat-fantastik","7":"pa_cilt-ciltli","8":"pa_tur-kitap","9":"pa_yayinevi-yapi-kredi-yayinlari-ozel-basim","10":"pa_yazar-kolektif","12":"first","13":"instock","14":"sale","15":"shipping-taxable","16":"purchasable","17":"product-type-simple"},"_links":{"self":[{"href":"https:\/\/roveyayinevi.com.tr\/index.php\/wp-json\/wp\/v2\/product\/715036","targetHints":{"allow":["GET"]}}],"collection":[{"href":"https:\/\/roveyayinevi.com.tr\/index.php\/wp-json\/wp\/v2\/product"}],"about":[{"href":"https:\/\/roveyayinevi.com.tr\/index.php\/wp-json\/wp\/v2\/types\/product"}],"wp:attachment":[{"href":"https:\/\/roveyayinevi.com.tr\/index.php\/wp-json\/wp\/v2\/media?parent=715036"}],"wp:term":[{"taxonomy":"product_brand","embeddable":true,"href":"https:\/\/roveyayinevi.com.tr\/index.php\/wp-json\/wp\/v2\/product_brand?post=715036"},{"taxonomy":"product_cat","embeddable":true,"href":"https:\/\/roveyayinevi.com.tr\/index.php\/wp-json\/wp\/v2\/product_cat?post=715036"},{"taxonomy":"product_tag","embeddable":true,"href":"https:\/\/roveyayinevi.com.tr\/index.php\/wp-json\/wp\/v2\/product_tag?post=715036"}],"curies":[{"name":"wp","href":"https:\/\/api.w.org\/{rel}","templated":true}]}}