{"id":715014,"date":"2025-08-27T17:25:12","date_gmt":"2025-08-27T14:25:12","guid":{"rendered":"https:\/\/roveyayinevi.com.tr\/index.php\/urun\/kuyudaki-tas-kuantum\/"},"modified":"2026-04-16T02:23:18","modified_gmt":"2026-04-15T23:23:18","slug":"kuyudaki-tas-kuantum","status":"publish","type":"product","link":"https:\/\/roveyayinevi.com.tr\/index.php\/urun\/kuyudaki-tas-kuantum\/","title":{"rendered":"Kuyudaki Ta\u015f &#8211; Kuantum"},"content":{"rendered":"<p>Kuantum bilgi d\u00fcnyas\u0131n\u0131n korkulan bir konusu gibi g\u00f6sterilir. Ancak bu kitap kuantumun korkulacak bir yan\u0131n\u0131n olmad\u0131\u011f\u0131n\u0131 g\u00f6steriyor. \u201cKuantum\u201d, kesinlikle kuantum \u201cbilenler\u201din korkuttuklar\u0131 gibi bir konu de\u011fil. \u00c7\u00fcnk\u00fc kuantum da maddenin hareketi ile ilgilidir. Klasik fizik, atomlardan gezegenlere kadar geni\u015fleyen bir aral\u0131kta g\u00f6rd\u00fc\u011f\u00fcm\u00fcz, alg\u0131lad\u0131\u011f\u0131m\u0131z \u201cb\u00fcy\u00fck\u201d nesnelerin hareketlerini inceler. Alg\u0131lanan \u201c\u00e2lemin\u201d alt\u0131ndaki \u00e7ok k\u00fc\u00e7\u00fck par\u00e7alar\u0131n incelenmesine s\u0131ra geldi\u011finde \u201cklasik fizik\u201d yetersiz kalmaktad\u0131r. \u0130\u015fte bu yetersizlik nedeniyle kuantum (nicem) \u00e2leminden yararlanmak gerekmektedir. Kuantum \u00e2lemi atom alt\u0131 d\u00fcnyad\u0131r: Fizik bu d\u00fcnyada protonlar\u0131n, n\u00f6tronlar\u0131n, elektronlar\u0131n ve kuarklar\u0131n nas\u0131l hareket etti\u011fini, h\u0131zlar\u0131n\u0131 ve konumlar\u0131n\u0131 inceler. Erkan Afacan bu kitapta kuantum konusunu herkes i\u00e7in anla\u015f\u0131l\u0131r hale getiriyor. Minerva\u2019n\u0131n Gen\u00e7 Bayku\u015fu ad\u0131n\u0131 verdi\u011fimiz dizide, kavramlar\u0131 ve olgular\u0131 ilk gen\u00e7lik \u00e7a\u011f\u0131ndaki bireylere anlat\u0131yoruz: A\u015fk, Sanat, Demokrasi, Su, Bar\u0131\u015f, Temsiliyet, Allah, Ahl\u00e2k, Etik, Sosyal Medya, Ekoloji, Tar\u0131m, Ayr\u0131mc\u0131l\u0131k, Feminizm, Veganl\u0131k, Milliyet\u00e7ilik, \u015eiddet, Fl\u00f6rt \u015eiddeti ve daha bir\u00e7ok-bir\u00e7ok kavram\u2026 Buradan yola \u00e7\u0131karak hem \u00fclkemizdeki hem de d\u00fcnyadaki sorunlar\u0131n kaynaklar\u0131n\u0131 anlayabilece\u011fimizi ve anlamland\u0131rabilece\u011fimizi d\u00fc\u015f\u00fcn\u00fcyoruz. Neden Minerva\u2019n\u0131n Gen\u00e7 Bayku\u015fu? Minerva\u2019n\u0131n Bayku\u015fu bilginin ta\u015f\u0131y\u0131c\u0131s\u0131d\u0131r. Her kavram insanl\u0131\u011f\u0131n ortak ya\u015famla, ortak tarihle deneyimledi\u011fi bilgi \u00fcst\u00fcne kurulur. Bayku\u015f bu ya\u015fanm\u0131\u015f bilgiyi ta\u015f\u0131r. Bu bilgi temeldir. Her gen\u00e7 insan da bu d\u00fcnyan\u0131n temelidir. Her gen\u00e7 insan \u201colgunla\u015fmam\u0131\u015f\u201d bir hayatla bulu\u015fur, her gen\u00e7 insan kendisinin olgunla\u015ft\u0131raca\u011f\u0131, m\u00fcdahale edebilece\u011fi ve sadece kendisinin de\u011fi\u015ftirebilece\u011fi bir hayatla bulu\u015fur. Her gen\u00e7 insan i\u00e7in hayat yeni ba\u015flamaktad\u0131r, \u201cg\u00fcn daha yeni do\u011fmaktad\u0131r.\u201d Bir\u00e7o\u011fu akademisyen olan dizi yazarlar\u0131m\u0131z, ya\u015fad\u0131\u011f\u0131m\u0131z \u00fclkenin sorunlar\u0131n\u0131n \u00e7\u00f6z\u00fcm\u00fc i\u00e7in enerji harcayan, risk alan, bedel \u00f6deyen, \u00e7aba harcayan duyarl\u0131 insanlar. Yazarlar\u0131m\u0131z\u0131n uzmanl\u0131klar\u0131 hem T\u00fcrkiye\u2019de hem de uluslararas\u0131 alanda kabul edilmektedir. Birikimlerinin herkese ula\u015fmas\u0131 i\u00e7in yazd\u0131lar. Minerva\u2019n\u0131n Gen\u00e7 Bayku\u015fu dizisindeki kitaplar\u0131n bir k\u0131sm\u0131 9 ya\u015f bir k\u0131sm\u0131 da 12 ya\u015f \u00fcst\u00fc gen\u00e7lere y\u00f6neliktir. Elbette dizimiz, giri\u015f niteli\u011findeki bilgiye ula\u015fmak isteyen herkese a\u00e7\u0131kt\u0131r. <\/p>\n","protected":false},"excerpt":{"rendered":"<p>Kuantum bilgi d\u00fcnyas\u0131n\u0131n korkulan bir konusu gibi g\u00f6sterilir. Ancak bu kitap kuantumun korkulacak bir yan\u0131n\u0131n olmad\u0131\u011f\u0131n\u0131 g\u00f6steriyor. \u201cKuantum\u201d, kesinlikle kuantum \u201cbilenler\u201din korkuttuklar\u0131 gibi bir konu de\u011fil.<span class=\"excerpt-hellip\"> [\u2026]<\/span><\/p>\n","protected":false},"featured_media":0,"template":"","meta":{"_monsterinsights_skip_tracking":false,"_monsterinsights_sitenote_active":false,"_monsterinsights_sitenote_note":"","_monsterinsights_sitenote_category":0},"product_brand":[],"product_cat":[43754,13005],"product_tag":[],"class_list":{"0":"post-715014","1":"product","2":"type-product","3":"status-publish","5":"product_cat-astronomi","6":"product_cat-bilim-muhendislik","7":"pa_cilt-ciltsiz","8":"pa_tur-kitap","9":"pa_yayinevi-epos-yayinlari","10":"pa_yazar-erkan-afacan","12":"first","13":"instock","14":"sale","15":"shipping-taxable","16":"purchasable","17":"product-type-simple"},"_links":{"self":[{"href":"https:\/\/roveyayinevi.com.tr\/index.php\/wp-json\/wp\/v2\/product\/715014","targetHints":{"allow":["GET"]}}],"collection":[{"href":"https:\/\/roveyayinevi.com.tr\/index.php\/wp-json\/wp\/v2\/product"}],"about":[{"href":"https:\/\/roveyayinevi.com.tr\/index.php\/wp-json\/wp\/v2\/types\/product"}],"wp:attachment":[{"href":"https:\/\/roveyayinevi.com.tr\/index.php\/wp-json\/wp\/v2\/media?parent=715014"}],"wp:term":[{"taxonomy":"product_brand","embeddable":true,"href":"https:\/\/roveyayinevi.com.tr\/index.php\/wp-json\/wp\/v2\/product_brand?post=715014"},{"taxonomy":"product_cat","embeddable":true,"href":"https:\/\/roveyayinevi.com.tr\/index.php\/wp-json\/wp\/v2\/product_cat?post=715014"},{"taxonomy":"product_tag","embeddable":true,"href":"https:\/\/roveyayinevi.com.tr\/index.php\/wp-json\/wp\/v2\/product_tag?post=715014"}],"curies":[{"name":"wp","href":"https:\/\/api.w.org\/{rel}","templated":true}]}}