{"id":715009,"date":"2025-08-27T17:25:09","date_gmt":"2025-08-27T14:25:09","guid":{"rendered":"https:\/\/roveyayinevi.com.tr\/index.php\/urun\/guvercin-adimlari\/"},"modified":"2026-04-16T02:23:18","modified_gmt":"2026-04-15T23:23:18","slug":"guvercin-adimlari","status":"publish","type":"product","link":"https:\/\/roveyayinevi.com.tr\/index.php\/urun\/guvercin-adimlari\/","title":{"rendered":"G\u00fcvercin Ad\u0131mlar\u0131"},"content":{"rendered":"<p>T\u00fcrk\u00e7e edebiyat\u0131n g\u00fc\u00e7l\u00fc kalemlerinden Mehmet Atilla\u2019n\u0131n yeni roman\u0131 G\u00fcvercin Ad\u0131mlar\u0131, ki\u015fisel, k\u00fclt\u00fcrel ve toplumsal yarg\u0131lar \u00fczerine d\u00fc\u015f\u00fcnme f\u0131rsat\u0131 sunan ger\u00e7ek\u00e7i bir roman.\u00c7ok katmanl\u0131 yap\u0131s\u0131yla 10 ya\u015f ve \u00fczeri okurlar\u0131n ilgisini \u00e7ekecek G\u00fcvercin Ad\u0131mlar\u0131, farkl\u0131 etnik k\u00fclt\u00fcrler i\u00e7erisinde b\u00fcy\u00fcm\u00fc\u015f \u00fc\u00e7 \u00e7ocu\u011fu ortak bir hedef etraf\u0131nda bulu\u015fturan umut verici bir hik\u00e2ye anlat\u0131yor.Yeti\u015fkinlerin d\u00fcnyas\u0131ndaki ho\u015fg\u00f6r\u00fcs\u00fczl\u00fc\u011f\u00fcn \u00e7ocuklar\u0131n \u201csaf\u201d duygular\u0131yla nas\u0131l yumu\u015fayabilece\u011fini g\u00f6steren G\u00fcvercin Ad\u0131mlar\u0131, edebiyat\u0131n iyile\u015ftirici ve birle\u015ftirici g\u00fcc\u00fcn\u00fc kullanarak farkl\u0131l\u0131klar\u0131n zenginli\u011fine vurgu yap\u0131yor.\u0130lkay, Berfin ve Arman. Farkl\u0131 k\u00f6kenlerden ve k\u00fclt\u00fcrlerden gelen \u00fc\u00e7 s\u0131n\u0131f arkada\u015f\u0131, \u00f6\u011fretmenleri Kemal Bey\u2019in rehberli\u011finde valilik taraf\u0131ndan d\u00fczenlenen bir robot tasarlama yar\u0131\u015fmas\u0131na kat\u0131l\u0131rlar. Tatl\u0131 bir tesad\u00fcfle bir araya gelen bu \u00fc\u00e7 \u00f6\u011frenci ekip \u00e7al\u0131\u015fmas\u0131 yapmak \u00fczere birbirlerinin evlerinde topland\u0131klar\u0131nda, kendi \u00e7ocuk d\u00fcnyalar\u0131nda daha \u00f6nce hi\u00e7 rastlamad\u0131klar\u0131 bir sorunla kar\u015f\u0131la\u015f\u0131rlar. Ebeveynlerinin \u00f6nyarg\u0131lar\u0131 ve ho\u015fg\u00f6r\u00fcs\u00fczl\u00fc\u011f\u00fc&#8230;Ya\u015fad\u0131\u011f\u0131m\u0131z \u00e7a\u011f\u0131n en b\u00fcy\u00fck sorunlar\u0131ndan etnik ayr\u0131mc\u0131l\u0131\u011fa ele\u015ftirel bir yakla\u015f\u0131m getirenG\u00fcvercin Ad\u0131mlar\u0131, g\u00fcncel toplumsal konular\u0131n yan\u0131 s\u0131ra teknolojik geli\u015fmelere de yer vererek robotlarla insanlar\u0131n birlikte ya\u015fayacaklar\u0131 gelece\u011fe dair \u00f6ng\u00f6r\u00fclerde bulunuyor.  \u00d6d\u00fcll\u00fc yazar Mehmet Atilla, G\u00fcvercin Ad\u0131mlar\u0131\u2019nda, genel roman kurgusu aras\u0131na yerle\u015ftirdi\u011fi bir \u00fcst anlat\u0131c\u0131 ile okuruna do\u011frudan sorular y\u00f6nelterek etkile\u015fimli bir okuma deneyimi sunuyor.<\/p>\n","protected":false},"excerpt":{"rendered":"<p>T\u00fcrk\u00e7e edebiyat\u0131n g\u00fc\u00e7l\u00fc kalemlerinden Mehmet Atilla\u2019n\u0131n yeni roman\u0131 G\u00fcvercin Ad\u0131mlar\u0131, ki\u015fisel, k\u00fclt\u00fcrel ve toplumsal yarg\u0131lar \u00fczerine d\u00fc\u015f\u00fcnme f\u0131rsat\u0131 sunan ger\u00e7ek\u00e7i bir roman.\u00c7ok katmanl\u0131 yap\u0131s\u0131yla 10 ya\u015f<span class=\"excerpt-hellip\"> [\u2026]<\/span><\/p>\n","protected":false},"featured_media":0,"template":"","meta":{"_monsterinsights_skip_tracking":false,"_monsterinsights_sitenote_active":false,"_monsterinsights_sitenote_note":"","_monsterinsights_sitenote_category":0},"product_brand":[],"product_cat":[12291,12711],"product_tag":[],"class_list":{"0":"post-715009","1":"product","2":"type-product","3":"status-publish","5":"product_cat-edebiyat","6":"product_cat-roman-oyku","7":"pa_cilt-ciltsiz","8":"pa_tur-kitap","9":"pa_yayinevi-tudem-yayinlari","10":"pa_yazar-mehmet-atilla","12":"first","13":"instock","14":"sale","15":"shipping-taxable","16":"purchasable","17":"product-type-simple"},"_links":{"self":[{"href":"https:\/\/roveyayinevi.com.tr\/index.php\/wp-json\/wp\/v2\/product\/715009","targetHints":{"allow":["GET"]}}],"collection":[{"href":"https:\/\/roveyayinevi.com.tr\/index.php\/wp-json\/wp\/v2\/product"}],"about":[{"href":"https:\/\/roveyayinevi.com.tr\/index.php\/wp-json\/wp\/v2\/types\/product"}],"wp:attachment":[{"href":"https:\/\/roveyayinevi.com.tr\/index.php\/wp-json\/wp\/v2\/media?parent=715009"}],"wp:term":[{"taxonomy":"product_brand","embeddable":true,"href":"https:\/\/roveyayinevi.com.tr\/index.php\/wp-json\/wp\/v2\/product_brand?post=715009"},{"taxonomy":"product_cat","embeddable":true,"href":"https:\/\/roveyayinevi.com.tr\/index.php\/wp-json\/wp\/v2\/product_cat?post=715009"},{"taxonomy":"product_tag","embeddable":true,"href":"https:\/\/roveyayinevi.com.tr\/index.php\/wp-json\/wp\/v2\/product_tag?post=715009"}],"curies":[{"name":"wp","href":"https:\/\/api.w.org\/{rel}","templated":true}]}}