{"id":714999,"date":"2025-08-27T17:25:03","date_gmt":"2025-08-27T14:25:03","guid":{"rendered":"https:\/\/roveyayinevi.com.tr\/index.php\/urun\/kizil-dosya-sherlock-holmes\/"},"modified":"2026-04-16T02:23:18","modified_gmt":"2026-04-15T23:23:18","slug":"kizil-dosya-sherlock-holmes","status":"publish","type":"product","link":"https:\/\/roveyayinevi.com.tr\/index.php\/urun\/kizil-dosya-sherlock-holmes\/","title":{"rendered":"K\u0131z\u0131l Dosya &#8211; Sherlock Holmes"},"content":{"rendered":"<p>\u201cRenksiz hayat \u00e7ilesinin i\u00e7inden k\u0131z\u0131l bir cinayet ipli\u011fi ge\u00e7er&#8230; &#8230;ve bizim g\u00f6revimiz onu \u00e7\u00f6zmektir!\u201d   Kana bulanm\u0131\u015f odada bir ceset bulunur ama \u00fczerinde tek \u00e7izik bile yoktur. Sadece duvara kanla yaz\u0131lm\u0131\u015f, yar\u0131m kalm\u0131\u015f bir isim ve sonradan ortaya \u00e7\u0131kan bir nik\u00e2h y\u00fcz\u00fc\u011f\u00fc&#8230; SherlockHolmes, Londra\u2019daki bir evden Vah\u015fi Bat\u0131\u2019ya uzanan bu \u00e7arp\u0131c\u0131 \u00f6yk\u00fcde, zamanla imzas\u0131 haline gelecek \u201c\u00e7\u0131kar\u0131m bilimi\u201dni ilk kez s\u0131nayacak. Yeni arkada\u015f\u0131 Dr. Watson i\u00e7in ise h\u00e2l\u00e2 en b\u00fcy\u00fck esrar, SherlockHolmes\u2019un ta kendisi.   \u0130ngiltere\u2019nin \u00e7izgi roman d\u00fcnyas\u0131ndaki \u00f6nemli temsilcilerinden IanEdginton ve I.N.J. Culbardtaraf\u0131ndan uyarlanan bu d\u00f6rt Arthur ConanDoyle klasi\u011finden ilki K\u0131z\u0131l Dosya\u2019y\u0131Kutlukhan Kutlu \u00e7evirisiyle be\u011feninize sunmaktan mutluluk duyuyoruz.   \u201cCulbard tam tad\u0131nda f\u0131r\u00e7a darbeleriyle karakterlere hayat veriyor. Edginton ise roman\u0131 uyarlamak konusunda harika i\u015f \u00e7\u0131karm\u0131\u015f.\u201d \u2013Newsarama <\/p>\n","protected":false},"excerpt":{"rendered":"<p>\u201cRenksiz hayat \u00e7ilesinin i\u00e7inden k\u0131z\u0131l bir cinayet ipli\u011fi ge\u00e7er&#8230; &#8230;ve bizim g\u00f6revimiz onu \u00e7\u00f6zmektir!\u201d Kana bulanm\u0131\u015f odada bir ceset bulunur ama \u00fczerinde tek \u00e7izik bile yoktur.<span class=\"excerpt-hellip\"> [\u2026]<\/span><\/p>\n","protected":false},"featured_media":0,"template":"","meta":{"_monsterinsights_skip_tracking":false,"_monsterinsights_sitenote_active":false,"_monsterinsights_sitenote_note":"","_monsterinsights_sitenote_category":0},"product_brand":[],"product_cat":[12689,12274],"product_tag":[],"class_list":{"0":"post-714999","1":"product","2":"type-product","3":"status-publish","5":"product_cat-cizgi-roman-cocuk-ve-genclik-kitaplari","6":"product_cat-cocuk-ve-genclik-kitaplari","7":"pa_cilt-ciltsiz","8":"pa_tur-kitap","9":"pa_yayinevi-domingo-yayinevi","10":"pa_yazar-sir-arthur-conan-doyle-ian-edginton-i-n-j-culbard","12":"first","13":"instock","14":"sale","15":"shipping-taxable","16":"purchasable","17":"product-type-simple"},"_links":{"self":[{"href":"https:\/\/roveyayinevi.com.tr\/index.php\/wp-json\/wp\/v2\/product\/714999","targetHints":{"allow":["GET"]}}],"collection":[{"href":"https:\/\/roveyayinevi.com.tr\/index.php\/wp-json\/wp\/v2\/product"}],"about":[{"href":"https:\/\/roveyayinevi.com.tr\/index.php\/wp-json\/wp\/v2\/types\/product"}],"wp:attachment":[{"href":"https:\/\/roveyayinevi.com.tr\/index.php\/wp-json\/wp\/v2\/media?parent=714999"}],"wp:term":[{"taxonomy":"product_brand","embeddable":true,"href":"https:\/\/roveyayinevi.com.tr\/index.php\/wp-json\/wp\/v2\/product_brand?post=714999"},{"taxonomy":"product_cat","embeddable":true,"href":"https:\/\/roveyayinevi.com.tr\/index.php\/wp-json\/wp\/v2\/product_cat?post=714999"},{"taxonomy":"product_tag","embeddable":true,"href":"https:\/\/roveyayinevi.com.tr\/index.php\/wp-json\/wp\/v2\/product_tag?post=714999"}],"curies":[{"name":"wp","href":"https:\/\/api.w.org\/{rel}","templated":true}]}}