{"id":714996,"date":"2025-08-27T17:25:01","date_gmt":"2025-08-27T14:25:01","guid":{"rendered":"https:\/\/roveyayinevi.com.tr\/index.php\/urun\/tyt-tum-dersler-konu-ozetli-video-cozumlu-soru-bankasi\/"},"modified":"2026-04-06T02:35:16","modified_gmt":"2026-04-05T23:35:16","slug":"tyt-tum-dersler-konu-ozetli-video-cozumlu-soru-bankasi","status":"publish","type":"product","link":"https:\/\/roveyayinevi.com.tr\/index.php\/urun\/tyt-tum-dersler-konu-ozetli-video-cozumlu-soru-bankasi\/","title":{"rendered":"TYT T\u00fcm Dersler Konu \u00d6zetli Video \u00c7\u00f6z\u00fcml\u00fc Soru Bankas\u0131"},"content":{"rendered":"<p>Konu \u00f6zetli soru bankas\u0131nda yeni nesil sorular, en kolay soru yan\u0131nda zor sorulara, farkl\u0131 soru kal\u0131plar\u0131 yan\u0131nda \u00d6SYM ve MEB\u2019in s\u0131navlar\u0131nda kullan\u0131lan soru kal\u0131plar\u0131na, \u00f6\u011frenciye hat\u0131rlama, kavrama, analiz, sentez yapt\u0131racak sorulara, konular\u0131n \u00f6z\u00fcn\u00fc testlerden \u00f6nce veren konu \u00f6zetlerine yer verilmi\u015ftir. Bu kitaptaki sorular\u0131 \u00e7\u00f6zerek okul ve s\u0131navlardaki ba\u015far\u0131n\u0131z, sorular\u0131 \u00e7\u00f6zme h\u0131z\u0131n\u0131z artacakt\u0131r. Sorular\u0131n tamam\u0131 video \u00e7\u00f6z\u00fcml\u00fcd\u00fcr. Video \u00e7\u00f6z\u00fcmleri \u00f6\u011frencilerin konu tekrar\u0131 yapmalar\u0131n\u0131 sa\u011flayarak bilgilerini peki\u015ftirir.  <\/p>\n","protected":false},"excerpt":{"rendered":"<p>Konu \u00f6zetli soru bankas\u0131nda yeni nesil sorular, en kolay soru yan\u0131nda zor sorulara, farkl\u0131 soru kal\u0131plar\u0131 yan\u0131nda \u00d6SYM ve MEB\u2019in s\u0131navlar\u0131nda kullan\u0131lan soru kal\u0131plar\u0131na, \u00f6\u011frenciye hat\u0131rlama,<span class=\"excerpt-hellip\"> [\u2026]<\/span><\/p>\n","protected":false},"featured_media":0,"template":"","meta":{"_monsterinsights_skip_tracking":false,"_monsterinsights_sitenote_active":false,"_monsterinsights_sitenote_note":"","_monsterinsights_sitenote_category":0},"product_brand":[],"product_cat":[12566,13473,51999,52037,52038,51998],"product_tag":[],"class_list":{"0":"post-714996","1":"product","2":"type-product","3":"status-publish","5":"product_cat-egitim","6":"product_cat-sinavlara-hazirlik-okula-yardimci-kaynaklar","7":"product_cat-tyt-kitaplari","8":"product_cat-tyt-soru-bankalari","9":"product_cat-tyt-tum-dersler-soru-bankasi","10":"product_cat-yks-kitaplari","11":"pa_cilt-ciltsiz","12":"pa_tur-kitap","13":"pa_yayinevi-evrensel-iletisim-yayinlari","14":"pa_yazar-evrensel-kolektif","16":"first","17":"instock","18":"sale","19":"shipping-taxable","20":"purchasable","21":"product-type-simple"},"_links":{"self":[{"href":"https:\/\/roveyayinevi.com.tr\/index.php\/wp-json\/wp\/v2\/product\/714996","targetHints":{"allow":["GET"]}}],"collection":[{"href":"https:\/\/roveyayinevi.com.tr\/index.php\/wp-json\/wp\/v2\/product"}],"about":[{"href":"https:\/\/roveyayinevi.com.tr\/index.php\/wp-json\/wp\/v2\/types\/product"}],"wp:attachment":[{"href":"https:\/\/roveyayinevi.com.tr\/index.php\/wp-json\/wp\/v2\/media?parent=714996"}],"wp:term":[{"taxonomy":"product_brand","embeddable":true,"href":"https:\/\/roveyayinevi.com.tr\/index.php\/wp-json\/wp\/v2\/product_brand?post=714996"},{"taxonomy":"product_cat","embeddable":true,"href":"https:\/\/roveyayinevi.com.tr\/index.php\/wp-json\/wp\/v2\/product_cat?post=714996"},{"taxonomy":"product_tag","embeddable":true,"href":"https:\/\/roveyayinevi.com.tr\/index.php\/wp-json\/wp\/v2\/product_tag?post=714996"}],"curies":[{"name":"wp","href":"https:\/\/api.w.org\/{rel}","templated":true}]}}