{"id":714990,"date":"2025-08-27T17:24:58","date_gmt":"2025-08-27T14:24:58","guid":{"rendered":"https:\/\/roveyayinevi.com.tr\/index.php\/urun\/duygularim-oynuyorum-ve-kendimi-taniyorum\/"},"modified":"2026-04-16T02:23:18","modified_gmt":"2026-04-15T23:23:18","slug":"duygularim-oynuyorum-ve-kendimi-taniyorum","status":"publish","type":"product","link":"https:\/\/roveyayinevi.com.tr\/index.php\/urun\/duygularim-oynuyorum-ve-kendimi-taniyorum\/","title":{"rendered":"Duygular\u0131m \u2013 Oynuyorum ve Kendimi Tan\u0131yorum"},"content":{"rendered":"<p>Evet k\u00fc\u00e7\u00fck dostum, sen de bazen her \u015feyi k\u0131r\u0131p d\u00f6kmek,  \u00e7\u0131lg\u0131nlar gibi ko\u015fmak, en iyi arkada\u015f\u0131na s\u0131ms\u0131k\u0131 sar\u0131lmak,  sevin\u00e7ten z\u0131plamak, h\u0131\u00e7k\u0131ra h\u0131\u00e7k\u0131ra a\u011flamak m\u0131 istiyorsun? \u00d6yle mi? Bu ya\u015fad\u0131klar\u0131na duygu patlamas\u0131 denir. Haydi, kitab\u0131 a\u00e7 ve kendi i\u00e7inde neler olup bitti\u011fini anla. Fransa\u2019da pozitif ebeveynlik y\u00f6nteminde \u00f6nc\u00fc psikoterapist IsabelleFilliozat ile psikoterapist ve \u00e7ocuk terapisti VirginieLimousin taraf\u0131ndan kaleme al\u0131nan, yay\u0131mland\u0131\u011f\u0131 g\u00fcnden bu yana pek \u00e7ok \u00fclkede \u00e7oksatanlar listelerinde bulunan Duygular\u0131m \u2013 Oynuyorum ve Kendimi Tan\u0131yorum, 100\u2019den fazla etkinlik ve ebeveyn kitap\u00e7\u0131\u011f\u0131yla birlikte \u00e7ocuklar\u0131n i\u00e7lerinde neler olup bitti\u011fini anlayabilmeleri, \u201cduygular\u0131n\u0131n efendileri\u201d olabilmeleri i\u00e7in \u00f6zel olarak haz\u0131rland\u0131. \u201cDuyguyu anlama ve aktarma becerisi i\u00e7in k\u0131ymetli bir kitap bu. Ebeveynlerin de mutlaka okumas\u0131n\u0131 dilerim.\u201d  Dr. G\u00fclcan \u00d6zer &#8220;\u00c7ocuklar\u0131n duygusal beyin geli\u015fimleri devam etti\u011fii\u00e7ind\u00fcnyalar\u0131 zengin ve co\u015fkundur. Bu co\u015fkuyudo\u011fru y\u00f6nlendirebilmek ve g\u00fcnl\u00fck ya\u015fam\u0131 onlarla birliktekeyif i\u00e7indeya\u015famaki\u00e7in,\u00e7ocuklar\u0131nduygusalzek\u00e2lar\u0131n\u0131 beslemekson derece\u00f6nemlidir.B\u00fcy\u00fcd\u00fcklerinde onlara profesyonel ya da \u00f6zel hayatlar\u0131nda ba\u015far\u0131 ve mutlulukgetirecek olan \u015fey iyi notlardan ziyade kalp zek\u00e2s\u0131d\u0131r. Tan\u0131mlamakgerekirse duygusalzek\u00e2,verilen duygusalve stresedayal\u0131 tepkileri y\u00f6netebilme kapasitesi,kendimizeait hisleri tan\u0131mlayabilme ve ifade edebilme, nereden kaynakland\u0131klar\u0131n\u0131 anlay\u0131p onlar\u0131 anl\u0131k tetikleyen unsurlar\u0131 ve en derinlerde yatan sebepleri sezinleyebilme yetisidir. Ne hissetti\u011fimizin ba\u015fkalar\u0131n\u0131 k\u0131rmadan anla\u015f\u0131lmas\u0131n\u0131 sa\u011flamak, onlar\u0131 uygun bir \u015fekilde ifade etmeyi bilmektir. Ba\u015fkalar\u0131na davran\u0131\u015flar\u0131m\u0131z\u0131n kar\u015f\u0131 tarafta ne t\u00fcr bir etki b\u0131rakt\u0131\u011f\u0131n\u0131 \u00f6l\u00e7ebilmektir. Ayn\u0131 zamanda ba\u015fkalar\u0131na ait duygular\u0131 da anlayabilme ve empati kurarak do\u011fru tepki verebilme kapasitesidir. Art\u0131k korkular\u0131m\u0131zdan korkmaman\u0131nve onlar\u0131 a\u015fman\u0131n yollar\u0131n\u0131 bilmektir. Bizi k\u0131zd\u0131ran ki\u015finin y\u00fcz\u00fcne kar\u015f\u0131 bunu s\u00f6yleyemedi\u011fimiz i\u00e7in, alakas\u0131z birine kar\u015f\u0131\u00f6fkelenmemeyibilmektir.\u00dczg\u00fcn oldu\u011fumuzdaa\u011flamay\u0131 bilmek, ne\u015feli oldu\u011fumuzda ise sevin\u00e7ten z\u0131plamakt\u0131r. Tepkilerimizin \u00f6l\u00e7\u00fcs\u00fcka\u00e7t\u0131\u011f\u0131ndakendimizisakinle\u015ftirmeyi bilmektir. K\u0131saca kendimiz ve ba\u015fkalar\u0131n\u0131n i\u00e7inde olup bitenlere kar\u015f\u0131 bir fark\u0131ndal\u0131k geli\u015ftirmek ve duruma uygun davran\u0131\u015f modelini olu\u015fturabilmektir. Elbette ki her \u015fey bu etkinlik kitab\u0131 sayesinde \u00f6\u011frenilemez. Bu eser bir serinin ba\u015flang\u0131c\u0131d\u0131r, duygu d\u00fcnyas\u0131na bir giri\u015ftir. \u00c7ocu\u011funuzun duygusal zek\u00e2s\u0131n\u0131 besleyecek ve yeni duygusal beceriler edinmesini sa\u011flayacak e\u011flenceli etkinlikler sunmaktad\u0131r.&#8221; <\/p>\n","protected":false},"excerpt":{"rendered":"<p>Evet k\u00fc\u00e7\u00fck dostum, sen de bazen her \u015feyi k\u0131r\u0131p d\u00f6kmek, \u00e7\u0131lg\u0131nlar gibi ko\u015fmak, en iyi arkada\u015f\u0131na s\u0131ms\u0131k\u0131 sar\u0131lmak, sevin\u00e7ten z\u0131plamak, h\u0131\u00e7k\u0131ra h\u0131\u00e7k\u0131ra a\u011flamak m\u0131 istiyorsun? \u00d6yle<span class=\"excerpt-hellip\"> [\u2026]<\/span><\/p>\n","protected":false},"featured_media":0,"template":"","meta":{"_monsterinsights_skip_tracking":false,"_monsterinsights_sitenote_active":false,"_monsterinsights_sitenote_note":"","_monsterinsights_sitenote_category":0},"product_brand":[],"product_cat":[12274,15842],"product_tag":[],"class_list":{"0":"post-714990","1":"product","2":"type-product","3":"status-publish","5":"product_cat-cocuk-ve-genclik-kitaplari","6":"product_cat-egitici-kitaplar","7":"pa_cilt-ciltsiz","8":"pa_tur-kitap","9":"pa_yayinevi-domingo-yayinevi","10":"pa_yazar-isabelle-filliozat-virginie-limousin","12":"first","13":"instock","14":"sale","15":"shipping-taxable","16":"purchasable","17":"product-type-simple"},"_links":{"self":[{"href":"https:\/\/roveyayinevi.com.tr\/index.php\/wp-json\/wp\/v2\/product\/714990","targetHints":{"allow":["GET"]}}],"collection":[{"href":"https:\/\/roveyayinevi.com.tr\/index.php\/wp-json\/wp\/v2\/product"}],"about":[{"href":"https:\/\/roveyayinevi.com.tr\/index.php\/wp-json\/wp\/v2\/types\/product"}],"wp:attachment":[{"href":"https:\/\/roveyayinevi.com.tr\/index.php\/wp-json\/wp\/v2\/media?parent=714990"}],"wp:term":[{"taxonomy":"product_brand","embeddable":true,"href":"https:\/\/roveyayinevi.com.tr\/index.php\/wp-json\/wp\/v2\/product_brand?post=714990"},{"taxonomy":"product_cat","embeddable":true,"href":"https:\/\/roveyayinevi.com.tr\/index.php\/wp-json\/wp\/v2\/product_cat?post=714990"},{"taxonomy":"product_tag","embeddable":true,"href":"https:\/\/roveyayinevi.com.tr\/index.php\/wp-json\/wp\/v2\/product_tag?post=714990"}],"curies":[{"name":"wp","href":"https:\/\/api.w.org\/{rel}","templated":true}]}}