{"id":714977,"date":"2025-08-27T17:24:50","date_gmt":"2025-08-27T14:24:50","guid":{"rendered":"https:\/\/roveyayinevi.com.tr\/index.php\/urun\/montaigneden-montaignee-devrimci-bir-bilim-etnografya\/"},"modified":"2026-04-16T02:23:18","modified_gmt":"2026-04-15T23:23:18","slug":"montaigneden-montaignee-devrimci-bir-bilim-etnografya","status":"publish","type":"product","link":"https:\/\/roveyayinevi.com.tr\/index.php\/urun\/montaigneden-montaignee-devrimci-bir-bilim-etnografya\/","title":{"rendered":"Montaigne&#8217;den Montaigne&#8217;e Devrimci Bir Bilim &#8211; Etnografya"},"content":{"rendered":"<p>Montaigne\u2019den Montaigne\u2019e modern antropolojinin ve etnografyan\u0131n \u00f6nc\u00fc ismi Claude L\u00e9vi-Strauss\u2019un, deneme t\u00fcr\u00fcn\u00fcn mucidi Montaigne \u00fczerine 55 y\u0131l arayla ger\u00e7ekle\u015ftirdi\u011fi iki konferans konu\u015fmas\u0131n\u0131 bir araya getiriyor. Bu iki konu\u015fma, hem L\u00e9vi-Strauss\u2019un mesle\u011finin erken d\u00f6nemlerinde zihnini kurcalayan soru ve temalar\u0131n, mesle\u011finde duayen haline geldi\u011fi bir d\u00f6nemde nas\u0131l evrim ge\u00e7irdi\u011fini hem de etnografyan\u0131n devrimci bir bilim olarak g\u00fcncelli\u011fini nas\u0131l korudu\u011funu g\u00f6steriyor. \u0130nsan\u0131n bir ba\u015fkas\u0131yla kar\u015f\u0131la\u015fmas\u0131n\u0131n epik ve trajik suretlerini, d\u00f6nemin entelekt\u00fceli Montaigne\u2019in ge\u00e7erlili\u011fini her \u00e7a\u011fda koruyan evrensel d\u00fc\u015f\u00fcncesine ba\u015fvurarak anlamaya \u00e7al\u0131\u015f\u0131yor. L\u00e9vi-Strauss \u00fczerine \u00e7al\u0131\u015fmalar\u0131yla da tan\u0131nan Frans\u0131z ara\u015ft\u0131rmac\u0131 Emmanuel D\u00e9sveaux\u2019nun da bu modern zamanlar \u00e2limi ile Montaigne aras\u0131ndaki 400 y\u0131ll\u0131k sohbeti yetkin bir sunu\u015fla ba\u011flam\u0131na oturttu\u011fu Montaigne\u2019den Montaigne\u2019e, Devrimci Bir Bilim: Etnografya bizleri insanl\u0131\u011f\u0131n \u00e7etin yolculu\u011funu yeniden d\u00fc\u015f\u00fcnmeye davet ediyor. <\/p>\n","protected":false},"excerpt":{"rendered":"<p>Montaigne\u2019den Montaigne\u2019e modern antropolojinin ve etnografyan\u0131n \u00f6nc\u00fc ismi Claude L\u00e9vi-Strauss\u2019un, deneme t\u00fcr\u00fcn\u00fcn mucidi Montaigne \u00fczerine 55 y\u0131l arayla ger\u00e7ekle\u015ftirdi\u011fi iki konferans konu\u015fmas\u0131n\u0131 bir araya getiriyor. Bu<span class=\"excerpt-hellip\"> [\u2026]<\/span><\/p>\n","protected":false},"featured_media":0,"template":"","meta":{"_monsterinsights_skip_tracking":false,"_monsterinsights_sitenote_active":false,"_monsterinsights_sitenote_note":"","_monsterinsights_sitenote_category":0},"product_brand":[],"product_cat":[12835,12324],"product_tag":[],"class_list":{"0":"post-714977","1":"product","2":"type-product","3":"status-publish","5":"product_cat-genel-sosyoloji","6":"product_cat-sosyoloji","7":"pa_cilt-ciltsiz","8":"pa_tur-kitap","9":"pa_yayinevi-sel-yayincilik","10":"pa_yazar-claude-levi-strauss","12":"first","13":"instock","14":"sale","15":"shipping-taxable","16":"purchasable","17":"product-type-simple"},"_links":{"self":[{"href":"https:\/\/roveyayinevi.com.tr\/index.php\/wp-json\/wp\/v2\/product\/714977","targetHints":{"allow":["GET"]}}],"collection":[{"href":"https:\/\/roveyayinevi.com.tr\/index.php\/wp-json\/wp\/v2\/product"}],"about":[{"href":"https:\/\/roveyayinevi.com.tr\/index.php\/wp-json\/wp\/v2\/types\/product"}],"wp:attachment":[{"href":"https:\/\/roveyayinevi.com.tr\/index.php\/wp-json\/wp\/v2\/media?parent=714977"}],"wp:term":[{"taxonomy":"product_brand","embeddable":true,"href":"https:\/\/roveyayinevi.com.tr\/index.php\/wp-json\/wp\/v2\/product_brand?post=714977"},{"taxonomy":"product_cat","embeddable":true,"href":"https:\/\/roveyayinevi.com.tr\/index.php\/wp-json\/wp\/v2\/product_cat?post=714977"},{"taxonomy":"product_tag","embeddable":true,"href":"https:\/\/roveyayinevi.com.tr\/index.php\/wp-json\/wp\/v2\/product_tag?post=714977"}],"curies":[{"name":"wp","href":"https:\/\/api.w.org\/{rel}","templated":true}]}}