{"id":714976,"date":"2025-08-27T17:24:49","date_gmt":"2025-08-27T14:24:49","guid":{"rendered":"https:\/\/roveyayinevi.com.tr\/index.php\/urun\/feminizm-2\/"},"modified":"2026-04-16T02:23:18","modified_gmt":"2026-04-15T23:23:18","slug":"feminizm-2","status":"publish","type":"product","link":"https:\/\/roveyayinevi.com.tr\/index.php\/urun\/feminizm-2\/","title":{"rendered":"Feminizm"},"content":{"rendered":"<p>\u00dclkemizde oldu\u011fu gibi d\u00fcnyan\u0131n d\u00f6rt bir yan\u0131nda da kad\u0131nlara y\u00f6nelik tarihsel ayr\u0131mc\u0131l\u0131k ve \u015fiddet \u00e7e\u015fitli boyutlar\u0131yla h\u0131z kesmeden devam ederken feminizme duyulan ihtiya\u00e7 g\u00fcn ge\u00e7tik\u00e7e art\u0131yor. Nikki van der Gaag, bu yak\u0131c\u0131 ihtiyac\u0131n nedenlerini feminizmin anlam\u0131na, tarihine, kar\u015f\u0131la\u015ft\u0131\u011f\u0131 g\u00fc\u00e7l\u00fcklere ve kuram\u0131n kendi i\u00e7indeki farkl\u0131l\u0131klar\u0131na da de\u011finerek, sarih bir bi\u00e7imde \u00f6zetliyor. G\u00fcndelik hayat, sosyal ili\u015fkiler, toplumsal roller ya da i\u015f ya\u015fam\u0131\u2026 S\u00f6z konusu mek\u00e2n ya da konum ne olursa olsun kad\u0131nlar\u0131n hayatlar\u0131n\u0131 de\u011fi\u015ftirmelerinin \u015fart ve m\u00fcmk\u00fcn oldu\u011funu belirterek, hem zorluklara hem de ilham verici de\u011fi\u015fim hik\u00e2yelerine kulak kabart\u0131yor ve toplumsal cinsiyet e\u015fitsizli\u011finin sonu\u00e7lar\u0131n\u0131 \u00e7arp\u0131c\u0131 istatistiklerle ortaya koyarak \u015fiddetten sakatl\u0131\u011fa, i\u015f d\u00fcnyas\u0131ndaki erkek merkezlilikten sanal zorbal\u0131\u011fa, pek \u00e7ok temel ve g\u00fcncel meseleyi ger\u00e7ek ya\u015famdan \u00f6rneklerle ortaya seriyor. Kad\u0131nlar\u0131n d\u00fcnyan\u0131n farkl\u0131 yerlerinde olsalar da ortak sorunlar\u0131na nas\u0131l \u00e7\u00f6z\u00fcmler buldu\u011funu aktararak deneyim yolda\u015fl\u0131\u011f\u0131 kurmay\u0131 da ama\u00e7layan bir ba\u015fvuru kitab\u0131.<\/p>\n","protected":false},"excerpt":{"rendered":"<p>\u00dclkemizde oldu\u011fu gibi d\u00fcnyan\u0131n d\u00f6rt bir yan\u0131nda da kad\u0131nlara y\u00f6nelik tarihsel ayr\u0131mc\u0131l\u0131k ve \u015fiddet \u00e7e\u015fitli boyutlar\u0131yla h\u0131z kesmeden devam ederken feminizme duyulan ihtiya\u00e7 g\u00fcn ge\u00e7tik\u00e7e art\u0131yor.<span class=\"excerpt-hellip\"> [\u2026]<\/span><\/p>\n","protected":false},"featured_media":0,"template":"","meta":{"_monsterinsights_skip_tracking":false,"_monsterinsights_sitenote_active":false,"_monsterinsights_sitenote_note":"","_monsterinsights_sitenote_category":0},"product_brand":[],"product_cat":[14741,13488],"product_tag":[],"class_list":{"0":"post-714976","1":"product","2":"type-product","3":"status-publish","5":"product_cat-kadin-sorunlari-feminizm","6":"product_cat-toplum-ve-insan","7":"pa_cilt-ciltsiz","8":"pa_tur-kitap","9":"pa_yayinevi-sel-yayincilik","10":"pa_yazar-nikki-van-der-gaag","12":"first","13":"instock","14":"sale","15":"shipping-taxable","16":"purchasable","17":"product-type-simple"},"_links":{"self":[{"href":"https:\/\/roveyayinevi.com.tr\/index.php\/wp-json\/wp\/v2\/product\/714976","targetHints":{"allow":["GET"]}}],"collection":[{"href":"https:\/\/roveyayinevi.com.tr\/index.php\/wp-json\/wp\/v2\/product"}],"about":[{"href":"https:\/\/roveyayinevi.com.tr\/index.php\/wp-json\/wp\/v2\/types\/product"}],"wp:attachment":[{"href":"https:\/\/roveyayinevi.com.tr\/index.php\/wp-json\/wp\/v2\/media?parent=714976"}],"wp:term":[{"taxonomy":"product_brand","embeddable":true,"href":"https:\/\/roveyayinevi.com.tr\/index.php\/wp-json\/wp\/v2\/product_brand?post=714976"},{"taxonomy":"product_cat","embeddable":true,"href":"https:\/\/roveyayinevi.com.tr\/index.php\/wp-json\/wp\/v2\/product_cat?post=714976"},{"taxonomy":"product_tag","embeddable":true,"href":"https:\/\/roveyayinevi.com.tr\/index.php\/wp-json\/wp\/v2\/product_tag?post=714976"}],"curies":[{"name":"wp","href":"https:\/\/api.w.org\/{rel}","templated":true}]}}