{"id":714973,"date":"2025-08-27T17:24:48","date_gmt":"2025-08-27T14:24:48","guid":{"rendered":"https:\/\/roveyayinevi.com.tr\/index.php\/urun\/kabuller-bir-beyin-cerrahinin-sinir-tanimayan-hikayesi\/"},"modified":"2026-04-16T02:23:18","modified_gmt":"2026-04-15T23:23:18","slug":"kabuller-bir-beyin-cerrahinin-sinir-tanimayan-hikayesi","status":"publish","type":"product","link":"https:\/\/roveyayinevi.com.tr\/index.php\/urun\/kabuller-bir-beyin-cerrahinin-sinir-tanimayan-hikayesi\/","title":{"rendered":"Kabuller \u2013 Bir Beyin Cerrah\u0131n\u0131n S\u0131n\u0131r Tan\u0131mayan Hikayesi"},"content":{"rendered":"<p>Henry Marsh, ya\u015fam\u0131n\u0131 \u00f6l\u00fcm-kal\u0131m a\u015famas\u0131ndaki hastalar\u0131 kurtarmaya adam\u0131\u015f bir beyin cerrah\u0131. Kimi zaman kendini bir kahraman gibi hissederken kimi zaman da ailelere ac\u0131 haberi veren ki\u015fi olmak zorunda kalm\u0131\u015f. Her \u015feye ra\u011fmen mesle\u011fini seven bir doktor olarak beyin cerrahisine katk\u0131da bulunmak i\u00e7in elinden gelenin en iyisini yapm\u0131\u015f. \u0130ngiltere\u2019de emekli olmas\u0131na kar\u015f\u0131n Nepal\u2019de ve Ukrayna\u2019da hastalara \u015fifa da\u011f\u0131tma \u00e7abas\u0131n\u0131 s\u00fcrd\u00fcren Marsh\u2019\u0131n k\u0131rk y\u0131ll\u0131k meslek ya\u015fam\u0131na ili\u015fkin muhasebesi niteli\u011findeki Kabuller: Bir Beyin Cerrah\u0131n\u0131n S\u0131n\u0131r Tan\u0131mayan Hik\u00e2yesi hayat\u0131n b\u00fct\u00fcn\u00fcne ve \u00f6l\u00fcme dair zihin a\u00e7\u0131c\u0131 bir kitap. Londra\u2019daki hastanede tedavi etti\u011fi hastalar\u0131yla ili\u015fkilerinden, yurtd\u0131\u015f\u0131nda kar\u015f\u0131la\u015ft\u0131\u011f\u0131 zorlu ko\u015fullarda insanlara yard\u0131m eli uzatma \u00e7abas\u0131ndan, ya\u015fam\u0131n\u0131 anlaml\u0131 k\u0131lmak i\u00e7in se\u00e7ti\u011fi ba\u015fka u\u011fra\u015flardan s\u00f6z eden Marsh, bir cerrah olarak ikilemlerini, zaman zaman da \u00e7aresizli\u011fini d\u00fcr\u00fcst\u00e7e dile getiriyor. T\u0131p e\u011fitimi ald\u0131\u011f\u0131 d\u00f6nemi, gen\u00e7 bir cerrahken ya\u015fad\u0131\u011f\u0131 \u00f6nemli deneyimleri, mesle\u011finin en g\u00fc\u00e7 y\u00f6nlerini, hastalar\u0131n\u0131n ya\u015fam\u0131n\u0131 uzatmak i\u00e7in ortaya koydu\u011fu \u00e7abay\u0131 anlat\u0131rken de\u011findi\u011fi noktalar ya\u015fam\u0131n ne kadar de\u011ferli oldu\u011funu derinden hissettiriyor. <\/p>\n","protected":false},"excerpt":{"rendered":"<p>Henry Marsh, ya\u015fam\u0131n\u0131 \u00f6l\u00fcm-kal\u0131m a\u015famas\u0131ndaki hastalar\u0131 kurtarmaya adam\u0131\u015f bir beyin cerrah\u0131. Kimi zaman kendini bir kahraman gibi hissederken kimi zaman da ailelere ac\u0131 haberi veren ki\u015fi<span class=\"excerpt-hellip\"> [\u2026]<\/span><\/p>\n","protected":false},"featured_media":0,"template":"","meta":{"_monsterinsights_skip_tracking":false,"_monsterinsights_sitenote_active":false,"_monsterinsights_sitenote_note":"","_monsterinsights_sitenote_category":0},"product_brand":[],"product_cat":[14009,12291],"product_tag":[],"class_list":{"0":"post-714973","1":"product","2":"type-product","3":"status-publish","5":"product_cat-biyografi-otobiyografi-edebiyat","6":"product_cat-edebiyat","7":"pa_cilt-ciltsiz","8":"pa_tur-kitap","9":"pa_yayinevi-koc-universitesi-yayinlari","10":"pa_yazar-henry-marsh","12":"first","13":"instock","14":"sale","15":"shipping-taxable","16":"purchasable","17":"product-type-simple"},"_links":{"self":[{"href":"https:\/\/roveyayinevi.com.tr\/index.php\/wp-json\/wp\/v2\/product\/714973","targetHints":{"allow":["GET"]}}],"collection":[{"href":"https:\/\/roveyayinevi.com.tr\/index.php\/wp-json\/wp\/v2\/product"}],"about":[{"href":"https:\/\/roveyayinevi.com.tr\/index.php\/wp-json\/wp\/v2\/types\/product"}],"wp:attachment":[{"href":"https:\/\/roveyayinevi.com.tr\/index.php\/wp-json\/wp\/v2\/media?parent=714973"}],"wp:term":[{"taxonomy":"product_brand","embeddable":true,"href":"https:\/\/roveyayinevi.com.tr\/index.php\/wp-json\/wp\/v2\/product_brand?post=714973"},{"taxonomy":"product_cat","embeddable":true,"href":"https:\/\/roveyayinevi.com.tr\/index.php\/wp-json\/wp\/v2\/product_cat?post=714973"},{"taxonomy":"product_tag","embeddable":true,"href":"https:\/\/roveyayinevi.com.tr\/index.php\/wp-json\/wp\/v2\/product_tag?post=714973"}],"curies":[{"name":"wp","href":"https:\/\/api.w.org\/{rel}","templated":true}]}}