{"id":714972,"date":"2025-08-27T17:24:47","date_gmt":"2025-08-27T14:24:47","guid":{"rendered":"https:\/\/roveyayinevi.com.tr\/index.php\/urun\/kutu-oyunu-ugurbocegi-sevecen-ile-salyangoz-tomurcuk-28\/"},"modified":"2026-04-16T02:23:18","modified_gmt":"2026-04-15T23:23:18","slug":"kutu-oyunu-ugurbocegi-sevecen-ile-salyangoz-tomurcuk-28","status":"publish","type":"product","link":"https:\/\/roveyayinevi.com.tr\/index.php\/urun\/kutu-oyunu-ugurbocegi-sevecen-ile-salyangoz-tomurcuk-28\/","title":{"rendered":"Kutu Oyunu U\u011furb\u00f6ce\u011fi Sevecen \u0130le Salyangoz Tomurcuk: 28"},"content":{"rendered":"<p>G\u00fczel bir ilkbahar g\u00fcn\u00fc, Salyangoz Tomurcuk ve Kelebek Peri tepede oturmu\u015f, kutu oyunu oynuyorlard\u0131. Her seferinde oyunu \u00f6nde bitiren Tomurcuk, son elde zaferini Peri\u2019ye kapt\u0131r\u0131nca hem arkada\u015f\u0131n\u0131n kalbini k\u0131rd\u0131 hem de yaln\u0131z kald\u0131&#8230; Neyse ki \u00e7ok ge\u00e7meden \u00f6nemli olan\u0131n kazanmak ya da kaybetmek de\u011fil, beraberce e\u011flenmek oldu\u011funu anlayacakt\u0131. <\/p>\n","protected":false},"excerpt":{"rendered":"<p>G\u00fczel bir ilkbahar g\u00fcn\u00fc, Salyangoz Tomurcuk ve Kelebek Peri tepede oturmu\u015f, kutu oyunu oynuyorlard\u0131. Her seferinde oyunu \u00f6nde bitiren Tomurcuk, son elde zaferini Peri\u2019ye kapt\u0131r\u0131nca hem<span class=\"excerpt-hellip\"> [\u2026]<\/span><\/p>\n","protected":false},"featured_media":0,"template":"","meta":{"_monsterinsights_skip_tracking":false,"_monsterinsights_sitenote_active":false,"_monsterinsights_sitenote_note":"","_monsterinsights_sitenote_category":0},"product_brand":[],"product_cat":[12913,12274],"product_tag":[],"class_list":{"0":"post-714972","1":"product","2":"type-product","3":"status-publish","5":"product_cat-3-6-yas-kitaplari","6":"product_cat-cocuk-ve-genclik-kitaplari","7":"pa_cilt-ciltsiz","8":"pa_tur-kitap","9":"pa_yayinevi-yapi-kredi-yayinlari","10":"pa_yazar-erika-bartos","12":"first","13":"instock","14":"sale","15":"shipping-taxable","16":"purchasable","17":"product-type-simple"},"_links":{"self":[{"href":"https:\/\/roveyayinevi.com.tr\/index.php\/wp-json\/wp\/v2\/product\/714972","targetHints":{"allow":["GET"]}}],"collection":[{"href":"https:\/\/roveyayinevi.com.tr\/index.php\/wp-json\/wp\/v2\/product"}],"about":[{"href":"https:\/\/roveyayinevi.com.tr\/index.php\/wp-json\/wp\/v2\/types\/product"}],"wp:attachment":[{"href":"https:\/\/roveyayinevi.com.tr\/index.php\/wp-json\/wp\/v2\/media?parent=714972"}],"wp:term":[{"taxonomy":"product_brand","embeddable":true,"href":"https:\/\/roveyayinevi.com.tr\/index.php\/wp-json\/wp\/v2\/product_brand?post=714972"},{"taxonomy":"product_cat","embeddable":true,"href":"https:\/\/roveyayinevi.com.tr\/index.php\/wp-json\/wp\/v2\/product_cat?post=714972"},{"taxonomy":"product_tag","embeddable":true,"href":"https:\/\/roveyayinevi.com.tr\/index.php\/wp-json\/wp\/v2\/product_tag?post=714972"}],"curies":[{"name":"wp","href":"https:\/\/api.w.org\/{rel}","templated":true}]}}