{"id":714947,"date":"2025-08-27T17:24:32","date_gmt":"2025-08-27T14:24:32","guid":{"rendered":"https:\/\/roveyayinevi.com.tr\/index.php\/urun\/mustafa-kemal-ataturk-mucadelesi-ve-ozel-hayati\/"},"modified":"2026-04-16T02:23:17","modified_gmt":"2026-04-15T23:23:17","slug":"mustafa-kemal-ataturk-mucadelesi-ve-ozel-hayati","status":"publish","type":"product","link":"https:\/\/roveyayinevi.com.tr\/index.php\/urun\/mustafa-kemal-ataturk-mucadelesi-ve-ozel-hayati\/","title":{"rendered":"Mustafa Kemal Atat\u00fcrk M\u00fccadelesi ve \u00d6zel Hayat\u0131"},"content":{"rendered":"<p>Ali R\u0131za Efendi ve Z\u00fcbeyde Han\u0131m\u2019\u0131n o\u011flu, Latife Han\u0131m\u2019\u0131n e\u015fi, bize bu g\u00fczel vatan\u0131 b\u0131rakan Mustafa Kemal ATAT\u00dcRK, g\u00f6zden ka\u00e7m\u0131\u015f i\u00e7 d\u00fcnyas\u0131, m\u00fccadelesi ve \u00f6zel hayat\u0131yla&#8230; Muhterem Valideci\u011fim Ger\u00e7ekte vatan ve milletimizi kurtarabilmek i\u00e7in, askerli\u011fi b\u0131rak\u0131p serbest olarak milletin ba\u015f\u0131na ge\u00e7mek ve milleti tek v\u00fccut bir hale getirmekle do\u011facak kudret ve ulusal g\u00fcc\u00fc kullanmaktan ba\u015fka \u00e7are yoktu. Ben de \u00f6yle yapt\u0131m. Elhamd\u00fclillah ba\u015far\u0131l\u0131 oluyorum. Pek yak\u0131nda elle tutulur sonucu b\u00fct\u00fcn d\u00fcnya g\u00f6recektir. Ben, birka\u00e7 g\u00fcne kadar bir kongre i\u00e7in Sivas\u2019a gidece\u011fim. Tekrar Erzurum\u2019a d\u00f6nece\u011fim. Tekrar ediyorum: Her i\u015fitti\u011finize \u00f6nem vermeyiniz. Pek\u00e2l\u00e2 bilirsiniz ki ben, yapt\u0131\u011f\u0131m\u0131 bilirim. Netice g\u00f6rmeseydim ba\u015flamazd\u0131m. Bu mektubumu getirecek olan (&#8230;) size benim hakk\u0131mda istedi\u011finiz kadar bilgi verecektir. Kendisiyle bana baz\u0131 elbiselerimi g\u00f6nderiniz. A\u011fustos 1919, Erzurum                                                                         Latife Han\u0131m ve Halide Edib kitaplar\u0131n\u0131n yazar\u0131 \u0130pek \u00c7al\u0131\u015flar\u2019\u0131n, roman ak\u0131c\u0131l\u0131\u011f\u0131nda kaleme ald\u0131\u011f\u0131 bu kitap; titiz, derinlikli bir ara\u015ft\u0131rmaya, Mustafa Kemal\u2019in hayat\u0131n\u0131n ge\u00e7ti\u011fi yerlere yap\u0131lan yolculuklara, tan\u0131kl\u0131klara ve belgelere dayan\u0131yor. Anlat\u0131ya e\u015flik eden foto\u011fraflar ve zengin kaynak\u00e7as\u0131yla Mustafa Kemal Atat\u00fcrk benzersiz bir biyografi. <\/p>\n","protected":false},"excerpt":{"rendered":"<p>Ali R\u0131za Efendi ve Z\u00fcbeyde Han\u0131m\u2019\u0131n o\u011flu, Latife Han\u0131m\u2019\u0131n e\u015fi, bize bu g\u00fczel vatan\u0131 b\u0131rakan Mustafa Kemal ATAT\u00dcRK, g\u00f6zden ka\u00e7m\u0131\u015f i\u00e7 d\u00fcnyas\u0131, m\u00fccadelesi ve \u00f6zel hayat\u0131yla&#8230;<span class=\"excerpt-hellip\"> [\u2026]<\/span><\/p>\n","protected":false},"featured_media":0,"template":"","meta":{"_monsterinsights_skip_tracking":false,"_monsterinsights_sitenote_active":false,"_monsterinsights_sitenote_note":"","_monsterinsights_sitenote_category":0},"product_brand":[],"product_cat":[14009,12291],"product_tag":[],"class_list":{"0":"post-714947","1":"product","2":"type-product","3":"status-publish","5":"product_cat-biyografi-otobiyografi-edebiyat","6":"product_cat-edebiyat","7":"pa_cilt-ciltsiz","8":"pa_tur-kitap","9":"pa_yayinevi-yapi-kredi-yayinlari","10":"pa_yazar-ipek-calislar","12":"first","13":"instock","14":"sale","15":"shipping-taxable","16":"purchasable","17":"product-type-simple"},"_links":{"self":[{"href":"https:\/\/roveyayinevi.com.tr\/index.php\/wp-json\/wp\/v2\/product\/714947","targetHints":{"allow":["GET"]}}],"collection":[{"href":"https:\/\/roveyayinevi.com.tr\/index.php\/wp-json\/wp\/v2\/product"}],"about":[{"href":"https:\/\/roveyayinevi.com.tr\/index.php\/wp-json\/wp\/v2\/types\/product"}],"wp:attachment":[{"href":"https:\/\/roveyayinevi.com.tr\/index.php\/wp-json\/wp\/v2\/media?parent=714947"}],"wp:term":[{"taxonomy":"product_brand","embeddable":true,"href":"https:\/\/roveyayinevi.com.tr\/index.php\/wp-json\/wp\/v2\/product_brand?post=714947"},{"taxonomy":"product_cat","embeddable":true,"href":"https:\/\/roveyayinevi.com.tr\/index.php\/wp-json\/wp\/v2\/product_cat?post=714947"},{"taxonomy":"product_tag","embeddable":true,"href":"https:\/\/roveyayinevi.com.tr\/index.php\/wp-json\/wp\/v2\/product_tag?post=714947"}],"curies":[{"name":"wp","href":"https:\/\/api.w.org\/{rel}","templated":true}]}}

Mustafa Kemal Atatürk Mücadelesi ve Özel Hayatı

<p>Ali Rıza Efendi ve Zübeyde Hanım’ın oğlu, Latife Hanım’ın eşi, bize bu güzel vatanı bırakan Mustafa Kemal ATATÜRK, gözden kaçmış iç dünyası, mücadelesi ve özel hayatıyla&#8230; Muhterem Valideciğim Gerçekte vatan ve milletimizi kurtarabilmek için, askerliği bırakıp serbest olarak milletin başına geçmek ve milleti tek vücut bir hale getirmekle doğacak kudret ve ulusal gücü kullanmaktan başka çare yoktu. Ben de öyle yaptım. Elhamdülillah başarılı oluyorum. Pek yakında elle tutulur sonucu bütün dünya görecektir. Ben, birkaç güne kadar bir kongre için Sivas’a gideceğim. Tekrar Erzurum’a döneceğim. Tekrar ediyorum: Her işittiğinize önem vermeyiniz. Pekâlâ bilirsiniz ki ben, yaptığımı bilirim. Netice görmeseydim başlamazdım. Bu mektubumu getirecek olan (&#8230;) size benim hakkımda istediğiniz kadar bilgi verecektir. Kendisiyle bana bazı elbiselerimi gönderiniz. Ağustos 1919, Erzurum                                                                         Latife Hanım ve Halide Edib kitaplarının yazarı İpek Çalışlar’ın, roman akıcılığında kaleme aldığı bu kitap; titiz, derinlikli bir araştırmaya, Mustafa Kemal’in hayatının geçtiği yerlere yapılan yolculuklara, tanıklıklara ve belgelere dayanıyor. Anlatıya eşlik eden fotoğraflar ve zengin kaynakçasıyla Mustafa Kemal Atatürk benzersiz bir biyografi. </p>

<p>Ali Rıza Efendi ve Zübeyde Hanım’ın oğlu, Latife Hanım’ın eşi, bize bu güzel vatanı bırakan Mustafa Kemal ATATÜRK, gözden kaçmış iç dünyası, mücadelesi ve özel hayatıyla&#8230;<span class="excerpt-hellip"> […]</span></p>
