{"id":714924,"date":"2025-08-27T17:24:18","date_gmt":"2025-08-27T14:24:18","guid":{"rendered":"https:\/\/roveyayinevi.com.tr\/index.php\/urun\/filozof-mese\/"},"modified":"2026-04-16T02:23:17","modified_gmt":"2026-04-15T23:23:17","slug":"filozof-mese","status":"publish","type":"product","link":"https:\/\/roveyayinevi.com.tr\/index.php\/urun\/filozof-mese\/","title":{"rendered":"Filozof Me\u015fe"},"content":{"rendered":"<p>Herkes \u00fczerine d\u00fc\u015feni yapmazsa ne olur? Y\u00fck\u00fcm\u00fcz\u00fc ba\u015fkas\u0131na ta\u015f\u0131tt\u0131rmak istesek ne olur? Toplu halde tembellik iyi midir? Rahata d\u00fc\u015fk\u00fcnl\u00fc\u011f\u00fcn bedeli nedir?  Uzun zaman \u00f6nce yap\u0131lm\u0131\u015f hatalar d\u00fczeltilebilir mi? Bir hatay\u0131 kabul etmemek ikinci hata m\u0131d\u0131r? Do\u011fruyu yanl\u0131\u015ftan ay\u0131ran nedir? Neden baz\u0131lar\u0131 do\u011frulara inanmak istemez? Neden baz\u0131lar\u0131 sorunlar\u0131 \u00e7\u00f6zmek yerine onlarla ya\u015famay\u0131 ve ac\u0131 \u00e7ekmeyi sever? Ac\u0131 \u00e7ekmek kader mi? D\u00fc\u015f\u00fcnmek \u00e7ok zor bir i\u015f mi? Dedikodu bir d\u00fc\u015f\u00fcnme \u015fekli mi? Kendisini ele\u015ftirmeyen toplumu ne bekler? Tek ba\u015f\u0131na kalmak yan\u0131lmak m\u0131 demektir? Vazge\u00e7meyenler i\u00e7in bir olas\u0131l\u0131k daha var m\u0131d\u0131r?   Bu sorulardan baz\u0131lar\u0131n\u0131 merak ediyorsan\u0131z Filozof Me\u015fe&#8217;yi okuman\u0131z gerekebilir.<\/p>\n","protected":false},"excerpt":{"rendered":"<p>Herkes \u00fczerine d\u00fc\u015feni yapmazsa ne olur? Y\u00fck\u00fcm\u00fcz\u00fc ba\u015fkas\u0131na ta\u015f\u0131tt\u0131rmak istesek ne olur? Toplu halde tembellik iyi midir? Rahata d\u00fc\u015fk\u00fcnl\u00fc\u011f\u00fcn bedeli nedir? Uzun zaman \u00f6nce yap\u0131lm\u0131\u015f hatalar<span class=\"excerpt-hellip\"> [\u2026]<\/span><\/p>\n","protected":false},"featured_media":0,"template":"","meta":{"_monsterinsights_skip_tracking":false,"_monsterinsights_sitenote_active":false,"_monsterinsights_sitenote_note":"","_monsterinsights_sitenote_category":0},"product_brand":[],"product_cat":[12274,12284],"product_tag":[],"class_list":{"0":"post-714924","1":"product","2":"type-product","3":"status-publish","5":"product_cat-cocuk-ve-genclik-kitaplari","6":"product_cat-hikayeler","7":"pa_cilt-ciltsiz","8":"pa_tur-kitap","9":"pa_yayinevi-bilgi-yayinevi-cocuk","10":"pa_yazar-anooshirvan-miandji","12":"first","13":"instock","14":"sale","15":"shipping-taxable","16":"purchasable","17":"product-type-simple"},"_links":{"self":[{"href":"https:\/\/roveyayinevi.com.tr\/index.php\/wp-json\/wp\/v2\/product\/714924","targetHints":{"allow":["GET"]}}],"collection":[{"href":"https:\/\/roveyayinevi.com.tr\/index.php\/wp-json\/wp\/v2\/product"}],"about":[{"href":"https:\/\/roveyayinevi.com.tr\/index.php\/wp-json\/wp\/v2\/types\/product"}],"wp:attachment":[{"href":"https:\/\/roveyayinevi.com.tr\/index.php\/wp-json\/wp\/v2\/media?parent=714924"}],"wp:term":[{"taxonomy":"product_brand","embeddable":true,"href":"https:\/\/roveyayinevi.com.tr\/index.php\/wp-json\/wp\/v2\/product_brand?post=714924"},{"taxonomy":"product_cat","embeddable":true,"href":"https:\/\/roveyayinevi.com.tr\/index.php\/wp-json\/wp\/v2\/product_cat?post=714924"},{"taxonomy":"product_tag","embeddable":true,"href":"https:\/\/roveyayinevi.com.tr\/index.php\/wp-json\/wp\/v2\/product_tag?post=714924"}],"curies":[{"name":"wp","href":"https:\/\/api.w.org\/{rel}","templated":true}]}}