{"id":714912,"date":"2025-08-27T17:24:11","date_gmt":"2025-08-27T14:24:11","guid":{"rendered":"https:\/\/roveyayinevi.com.tr\/index.php\/urun\/kamu-sekterone-entegre-raporlama\/"},"modified":"2026-04-16T02:23:16","modified_gmt":"2026-04-15T23:23:16","slug":"kamu-sekterone-entegre-raporlama","status":"publish","type":"product","link":"https:\/\/roveyayinevi.com.tr\/index.php\/urun\/kamu-sekterone-entegre-raporlama\/","title":{"rendered":"Kamu Sekter\u00f6ne Entegre Raporlama"},"content":{"rendered":"<p>Kamu Sekt\u00f6r\u00fcnde Entegre Raporlama Ve Kavramsal \u00c7er\u00e7eve \u00dcniversitelered Mevcut Raporlama D\u00fczeni ve Entegre Rapor Temel Bile\u015fenleri \u00dcniversitelerde Entegre Raporlama Uygulamas\u0131 <\/p>\n","protected":false},"excerpt":{"rendered":"<p>Kamu Sekt\u00f6r\u00fcnde Entegre Raporlama Ve Kavramsal \u00c7er\u00e7eve \u00dcniversitelered Mevcut Raporlama D\u00fczeni ve Entegre Rapor Temel Bile\u015fenleri \u00dcniversitelerde Entegre Raporlama Uygulamas\u0131<\/p>\n","protected":false},"featured_media":0,"template":"","meta":{"_monsterinsights_skip_tracking":false,"_monsterinsights_sitenote_active":false,"_monsterinsights_sitenote_note":"","_monsterinsights_sitenote_category":0},"product_brand":[],"product_cat":[13043,14381],"product_tag":[],"class_list":{"0":"post-714912","1":"product","2":"type-product","3":"status-publish","5":"product_cat-ekonomi","6":"product_cat-isletme-muhasebe-maliye","7":"pa_cilt-ciltsiz","8":"pa_tur-kitap","9":"pa_yayinevi-gazi-kitabevi","10":"pa_yazar-serafettin-sevim-busra-bayhan","12":"first","13":"instock","14":"sale","15":"shipping-taxable","16":"purchasable","17":"product-type-simple"},"_links":{"self":[{"href":"https:\/\/roveyayinevi.com.tr\/index.php\/wp-json\/wp\/v2\/product\/714912","targetHints":{"allow":["GET"]}}],"collection":[{"href":"https:\/\/roveyayinevi.com.tr\/index.php\/wp-json\/wp\/v2\/product"}],"about":[{"href":"https:\/\/roveyayinevi.com.tr\/index.php\/wp-json\/wp\/v2\/types\/product"}],"wp:attachment":[{"href":"https:\/\/roveyayinevi.com.tr\/index.php\/wp-json\/wp\/v2\/media?parent=714912"}],"wp:term":[{"taxonomy":"product_brand","embeddable":true,"href":"https:\/\/roveyayinevi.com.tr\/index.php\/wp-json\/wp\/v2\/product_brand?post=714912"},{"taxonomy":"product_cat","embeddable":true,"href":"https:\/\/roveyayinevi.com.tr\/index.php\/wp-json\/wp\/v2\/product_cat?post=714912"},{"taxonomy":"product_tag","embeddable":true,"href":"https:\/\/roveyayinevi.com.tr\/index.php\/wp-json\/wp\/v2\/product_tag?post=714912"}],"curies":[{"name":"wp","href":"https:\/\/api.w.org\/{rel}","templated":true}]}}