{"id":714910,"date":"2025-08-27T17:24:10","date_gmt":"2025-08-27T14:24:10","guid":{"rendered":"https:\/\/roveyayinevi.com.tr\/index.php\/urun\/hayvanlari-taniyalim-kopekler\/"},"modified":"2026-04-16T02:23:16","modified_gmt":"2026-04-15T23:23:16","slug":"hayvanlari-taniyalim-kopekler","status":"publish","type":"product","link":"https:\/\/roveyayinevi.com.tr\/index.php\/urun\/hayvanlari-taniyalim-kopekler\/","title":{"rendered":"Hayvanlar\u0131 Tan\u0131yal\u0131m &#8211; K\u00f6pekler"},"content":{"rendered":"<p>En sad\u0131k arkada\u015flar\u0131m\u0131z k\u00f6pekler hakk\u0131nda \u00f6\u011frenmek istedi\u011fin t\u00fcm bilgileri bu kitapta okuyabilirsin. K\u00f6peklerin \u201chav hav\u201d diye ba\u011f\u0131rd\u0131\u011f\u0131n\u0131 biliyorsun. Peki, burunlar\u0131n\u0131n siyah ve her zaman \u0131slak oldu\u011funu biliyor muydun? Harika \u00e7izimleriyle Hayvanlar\u0131 Tan\u0131yal\u0131m dizisini \u00e7ok sevecek ve hayvanlar hakk\u0131nda yeni bilgiler \u00f6\u011freneceksin.<\/p>\n","protected":false},"excerpt":{"rendered":"<p>En sad\u0131k arkada\u015flar\u0131m\u0131z k\u00f6pekler hakk\u0131nda \u00f6\u011frenmek istedi\u011fin t\u00fcm bilgileri bu kitapta okuyabilirsin. K\u00f6peklerin \u201chav hav\u201d diye ba\u011f\u0131rd\u0131\u011f\u0131n\u0131 biliyorsun. Peki, burunlar\u0131n\u0131n siyah ve her zaman \u0131slak oldu\u011funu<span class=\"excerpt-hellip\"> [\u2026]<\/span><\/p>\n","protected":false},"featured_media":0,"template":"","meta":{"_monsterinsights_skip_tracking":false,"_monsterinsights_sitenote_active":false,"_monsterinsights_sitenote_note":"","_monsterinsights_sitenote_category":0},"product_brand":[],"product_cat":[12274,15842],"product_tag":[],"class_list":{"0":"post-714910","1":"product","2":"type-product","3":"status-publish","5":"product_cat-cocuk-ve-genclik-kitaplari","6":"product_cat-egitici-kitaplar","7":"pa_cilt-ciltsiz","8":"pa_tur-kitap","9":"pa_yayinevi-1001-cicek-kitaplar","10":"pa_yazar-emilie-belineau","12":"first","13":"instock","14":"sale","15":"shipping-taxable","16":"purchasable","17":"product-type-simple"},"_links":{"self":[{"href":"https:\/\/roveyayinevi.com.tr\/index.php\/wp-json\/wp\/v2\/product\/714910","targetHints":{"allow":["GET"]}}],"collection":[{"href":"https:\/\/roveyayinevi.com.tr\/index.php\/wp-json\/wp\/v2\/product"}],"about":[{"href":"https:\/\/roveyayinevi.com.tr\/index.php\/wp-json\/wp\/v2\/types\/product"}],"wp:attachment":[{"href":"https:\/\/roveyayinevi.com.tr\/index.php\/wp-json\/wp\/v2\/media?parent=714910"}],"wp:term":[{"taxonomy":"product_brand","embeddable":true,"href":"https:\/\/roveyayinevi.com.tr\/index.php\/wp-json\/wp\/v2\/product_brand?post=714910"},{"taxonomy":"product_cat","embeddable":true,"href":"https:\/\/roveyayinevi.com.tr\/index.php\/wp-json\/wp\/v2\/product_cat?post=714910"},{"taxonomy":"product_tag","embeddable":true,"href":"https:\/\/roveyayinevi.com.tr\/index.php\/wp-json\/wp\/v2\/product_tag?post=714910"}],"curies":[{"name":"wp","href":"https:\/\/api.w.org\/{rel}","templated":true}]}}