{"id":714908,"date":"2025-08-27T17:24:09","date_gmt":"2025-08-27T14:24:09","guid":{"rendered":"https:\/\/roveyayinevi.com.tr\/index.php\/urun\/fripin-asiri-israrci-pirtlaklari\/"},"modified":"2026-04-16T02:23:16","modified_gmt":"2026-04-15T23:23:16","slug":"fripin-asiri-israrci-pirtlaklari","status":"publish","type":"product","link":"https:\/\/roveyayinevi.com.tr\/index.php\/urun\/fripin-asiri-israrci-pirtlaklari\/","title":{"rendered":"Frip&#8217;in A\u015f\u0131r\u0131 Israrc\u0131 P\u0131rtlaklar\u0131"},"content":{"rendered":"<p>\u0130lk roman\u0131 Arafta ile 2017 y\u0131l\u0131nda Man Booker \u00d6d\u00fcl\u00fc\u2019n\u00fc kazanan Amerikal\u0131 yazar George Saunders\u2019tan, dayan\u0131\u015fma, ahlak ve birlikte ya\u015fama k\u00fclt\u00fcr\u00fc \u00fczerine hiciv dolu bir \u00f6yk\u00fc! Her ya\u015ftan kitapseverin keyif alarak okuyaca\u011f\u0131 Frip\u2019in A\u015f\u0131r\u0131 Israrc\u0131 P\u0131rtlaklar\u0131, George Saunders\u2019\u0131n incelikle \u00f6r\u00fclm\u00fc\u015f anlat\u0131s\u0131n\u0131 Lane Smith\u2019in yenilik\u00e7i \u00e7izimleriyle bulu\u015fturuyor. Usta i\u015fi bir kara mizah \u00fcr\u00fcn\u00fc olan Frip\u2019in A\u015f\u0131r\u0131 Israrc\u0131 P\u0131rtlaklar\u0131, Becerikli adl\u0131 bir k\u0131z\u0131n k\u00f6ydeki ke\u00e7ilere musallat olan p\u0131rtlaklarla (bir beyzbol topu b\u00fcy\u00fckl\u00fc\u011f\u00fcnde, dikenli, turuncu canl\u0131lar!) m\u00fccadelesini konu edinen, s\u0131rad\u0131\u015f\u0131 bir \u00f6yk\u00fc anlat\u0131yor. \u00dc\u00e7 haneli, k\u00fc\u00e7\u00fck bir sahil k\u00f6y\u00fc olan Frip\u2019te, ebeveynler, \u00e7ocuklar, ke\u00e7iler ve ke\u00e7ileri \u00e7ok sevdikleri i\u00e7in s\u00fcrekli onlara yap\u0131\u015f\u0131p ciyaklayan \u201ca\u015f\u0131r\u0131 \u0131srarc\u0131\u201d PIRTLAKLAR ya\u015f\u0131yor! Ke\u00e7ilerin strese girip s\u00fctlerinin kesilmesine neden olan bu p\u0131rtlaklar k\u00f6y\u00fcn en \u201cBecerikli\u201d \u00e7ocu\u011funu can\u0131ndan bezdiriyor. Kibirli ve bencil k\u00f6yl\u00fclerin dayan\u0131\u015fma g\u00f6stermemesine \u00fcz\u00fclen ve p\u0131rtlaklarla tek ba\u015f\u0131na m\u00fccadele etmekten yorulan Becerikli ise \u00e7\u00f6z\u00fcm\u00fc ke\u00e7ilerini satmakta buluyor. Dur durak bilmeyen p\u0131rtlaklar s\u0131rayla k\u00f6ydeki di\u011fer ke\u00e7ilerin postlar\u0131na musallat oluyor ve Frip\u2019te i\u015fler kar\u0131\u015f\u0131yor\u2026 George Saunders, Frip\u2019in A\u015f\u0131r\u0131 Israrc\u0131 P\u0131rtlaklar\u0131\u2019nda i\u015fledi\u011fi yard\u0131mla\u015fma, dayan\u0131\u015fma, ba\u011f\u0131\u015flay\u0131c\u0131l\u0131k gibi insanl\u0131\u011fa dair evrensel temalarla \u00fc\u00e7boyutlu karakterler yaratmadaki ustal\u0131\u011f\u0131n\u0131 bir kez daha konu\u015fturuyor. Niran El\u00e7i\u2019nin p\u00fcr\u00fczs\u00fcz T\u00fcrk\u00e7esi ile raflardaki yerini alan bu e\u011flenceli kitap, kara mizah yoluyla, okurlar\u0131 kendi duygu ve davran\u0131\u015flar\u0131n\u0131 sorgulamaya te\u015fvik ediyor. \u201cPek \u00e7ok insan\u0131n ayn\u0131 \u015feyi y\u00fcksek sesle, tekrar tekrar s\u00f6ylemesi, o \u015feyin do\u011fru oldu\u011fu anlam\u0131na gelmez.\u201d<\/p>\n","protected":false},"excerpt":{"rendered":"<p>\u0130lk roman\u0131 Arafta ile 2017 y\u0131l\u0131nda Man Booker \u00d6d\u00fcl\u00fc\u2019n\u00fc kazanan Amerikal\u0131 yazar George Saunders\u2019tan, dayan\u0131\u015fma, ahlak ve birlikte ya\u015fama k\u00fclt\u00fcr\u00fc \u00fczerine hiciv dolu bir \u00f6yk\u00fc! Her<span class=\"excerpt-hellip\"> [\u2026]<\/span><\/p>\n","protected":false},"featured_media":0,"template":"","meta":{"_monsterinsights_skip_tracking":false,"_monsterinsights_sitenote_active":false,"_monsterinsights_sitenote_note":"","_monsterinsights_sitenote_category":0},"product_brand":[],"product_cat":[12291,12711],"product_tag":[],"class_list":{"0":"post-714908","1":"product","2":"type-product","3":"status-publish","5":"product_cat-edebiyat","6":"product_cat-roman-oyku","7":"pa_cilt-ciltsiz","8":"pa_tur-kitap","9":"pa_yayinevi-delidolu","10":"pa_yazar-george-saunders","12":"first","13":"instock","14":"sale","15":"shipping-taxable","16":"purchasable","17":"product-type-simple"},"_links":{"self":[{"href":"https:\/\/roveyayinevi.com.tr\/index.php\/wp-json\/wp\/v2\/product\/714908","targetHints":{"allow":["GET"]}}],"collection":[{"href":"https:\/\/roveyayinevi.com.tr\/index.php\/wp-json\/wp\/v2\/product"}],"about":[{"href":"https:\/\/roveyayinevi.com.tr\/index.php\/wp-json\/wp\/v2\/types\/product"}],"wp:attachment":[{"href":"https:\/\/roveyayinevi.com.tr\/index.php\/wp-json\/wp\/v2\/media?parent=714908"}],"wp:term":[{"taxonomy":"product_brand","embeddable":true,"href":"https:\/\/roveyayinevi.com.tr\/index.php\/wp-json\/wp\/v2\/product_brand?post=714908"},{"taxonomy":"product_cat","embeddable":true,"href":"https:\/\/roveyayinevi.com.tr\/index.php\/wp-json\/wp\/v2\/product_cat?post=714908"},{"taxonomy":"product_tag","embeddable":true,"href":"https:\/\/roveyayinevi.com.tr\/index.php\/wp-json\/wp\/v2\/product_tag?post=714908"}],"curies":[{"name":"wp","href":"https:\/\/api.w.org\/{rel}","templated":true}]}}