{"id":714904,"date":"2025-08-27T17:24:06","date_gmt":"2025-08-27T14:24:06","guid":{"rendered":"https:\/\/roveyayinevi.com.tr\/index.php\/urun\/nefesi-tutku-olan-kadin-afife-jale\/"},"modified":"2026-04-16T02:23:16","modified_gmt":"2026-04-15T23:23:16","slug":"nefesi-tutku-olan-kadin-afife-jale","status":"publish","type":"product","link":"https:\/\/roveyayinevi.com.tr\/index.php\/urun\/nefesi-tutku-olan-kadin-afife-jale\/","title":{"rendered":"Nefesi Tutku Olan Kad\u0131n Afife Jale"},"content":{"rendered":"<p>Osmanl\u0131\u2019n\u0131n ilk M\u00fcsl\u00fcman kad\u0131n oyuncusuydu Afife Jale. Babas\u0131ndan \u015eeyh\u00fclislam\u2019a, Dahiliye Naz\u0131r\u0131\u2019ndan \u015eehremini\u2019ne kadar kimler u\u011fra\u015fmad\u0131 ki onunla, y\u0131lmad\u0131. Teyzesinin o\u011flu \u00e7ok \u00e2\u015f\u0131kt\u0131 g\u00fczel k\u0131za. O da seviyordu d\u00fcnya yak\u0131\u015f\u0131kl\u0131s\u0131 delikanl\u0131y\u0131. Aralar\u0131na \u00f6nce sahne, sonra Afife\u2019nin \u201cbeyninde ta\u015f\u0131d\u0131\u011f\u0131 han\u00e7er\u201d girdi. \u201cBir Bahar Ak\u015fam\u0131\u201d ikinci a\u015fk\u0131 Selahattin\u2019e (P\u0131nar) rastlad\u0131 Afife. B\u00fcy\u00fck bir a\u015fkla sar\u0131ld\u0131 \u00fcnl\u00fc sanat\u00e7\u0131 g\u00fczel Afife\u2019ye. Pa\u015fa dedesinin de tutkusu olan tiyatroya be\u015fikten mezara ve \u00f6l\u00fcm\u00fcne ba\u011fl\u0131 kald\u0131 Afife. Son nefesini Bak\u0131rk\u00f6y Ruh ve Sinir Hastal\u0131klar\u0131 Hastanesi\u2019nde verirken, \u201cg\u00f6zlere y\u0131ld\u0131z tozu serpmeyi\u201d s\u00fcrd\u00fcr\u00fcyordu ku\u015fkusuz.  Osman Balc\u0131gil, sat\u0131\u015f rekorlar\u0131 k\u0131ran CEL\u0130LE, YE\u015e\u0130L M\u00dcREKKEP ve \u0130PEK SABAHLIK\u2019ta oldu\u011fu gibi, NEFES\u0130 TUTKU OLAN KADIN AF\u0130FE JALE\u2019de de ya\u015fad\u0131\u011f\u0131m\u0131z co\u011frafyan\u0131n tarihsel ve toplumsal derinliklerine b\u00fcy\u00fck bir ustal\u0131kla iniyor. <\/p>\n","protected":false},"excerpt":{"rendered":"<p>Osmanl\u0131\u2019n\u0131n ilk M\u00fcsl\u00fcman kad\u0131n oyuncusuydu Afife Jale. Babas\u0131ndan \u015eeyh\u00fclislam\u2019a, Dahiliye Naz\u0131r\u0131\u2019ndan \u015eehremini\u2019ne kadar kimler u\u011fra\u015fmad\u0131 ki onunla, y\u0131lmad\u0131. Teyzesinin o\u011flu \u00e7ok \u00e2\u015f\u0131kt\u0131 g\u00fczel k\u0131za. O da<span class=\"excerpt-hellip\"> [\u2026]<\/span><\/p>\n","protected":false},"featured_media":0,"template":"","meta":{"_monsterinsights_skip_tracking":false,"_monsterinsights_sitenote_active":false,"_monsterinsights_sitenote_note":"","_monsterinsights_sitenote_category":0},"product_brand":[],"product_cat":[12291,12711],"product_tag":[],"class_list":{"0":"post-714904","1":"product","2":"type-product","3":"status-publish","5":"product_cat-edebiyat","6":"product_cat-roman-oyku","7":"pa_cilt-ciltsiz","8":"pa_tur-kitap","9":"pa_yayinevi-destek-yayinlari","10":"pa_yazar-osman-balcigil","12":"first","13":"instock","14":"sale","15":"shipping-taxable","16":"purchasable","17":"product-type-simple"},"_links":{"self":[{"href":"https:\/\/roveyayinevi.com.tr\/index.php\/wp-json\/wp\/v2\/product\/714904","targetHints":{"allow":["GET"]}}],"collection":[{"href":"https:\/\/roveyayinevi.com.tr\/index.php\/wp-json\/wp\/v2\/product"}],"about":[{"href":"https:\/\/roveyayinevi.com.tr\/index.php\/wp-json\/wp\/v2\/types\/product"}],"wp:attachment":[{"href":"https:\/\/roveyayinevi.com.tr\/index.php\/wp-json\/wp\/v2\/media?parent=714904"}],"wp:term":[{"taxonomy":"product_brand","embeddable":true,"href":"https:\/\/roveyayinevi.com.tr\/index.php\/wp-json\/wp\/v2\/product_brand?post=714904"},{"taxonomy":"product_cat","embeddable":true,"href":"https:\/\/roveyayinevi.com.tr\/index.php\/wp-json\/wp\/v2\/product_cat?post=714904"},{"taxonomy":"product_tag","embeddable":true,"href":"https:\/\/roveyayinevi.com.tr\/index.php\/wp-json\/wp\/v2\/product_tag?post=714904"}],"curies":[{"name":"wp","href":"https:\/\/api.w.org\/{rel}","templated":true}]}}