{"id":714903,"date":"2025-08-27T17:24:06","date_gmt":"2025-08-27T14:24:06","guid":{"rendered":"https:\/\/roveyayinevi.com.tr\/index.php\/urun\/guz-kitabi\/"},"modified":"2026-04-16T02:23:16","modified_gmt":"2026-04-15T23:23:16","slug":"guz-kitabi","status":"publish","type":"product","link":"https:\/\/roveyayinevi.com.tr\/index.php\/urun\/guz-kitabi\/","title":{"rendered":"G\u00fcz Kitab\u0131"},"content":{"rendered":"<p>K\u0131\u015f, bahar ve yaz mevsimlerinden sonra g\u00fcz geldi. Kent sakinleri, doyas\u0131ya dans edipm\u00fczik dinlemek i\u00e7in g\u00fcz festivalinde bulu\u015fuyor; k\u00fclt\u00fcr merkezinde balkaba\u011f\u0131 yar\u0131\u015fmas\u0131d\u00fczenleniyor. Hans Christian Andersen \u00f6d\u00fcll\u00fc (2016) \u00e7izer Rotraut Susanne Berner, G\u00fczKitab\u0131\u2019nda da onlarca k\u00fc\u00e7\u00fck resimle k\u0131sa \u00f6yk\u00fcler anlatmaya devam ediyor: Bu seferyabankazlar\u0131n\u0131n, eski dostlar\u0131n, bir balay\u0131n\u0131n ve ka\u00e7ak bir ku\u015fun \u00f6yk\u00fcs\u00fcn\u00fc&#8230;Bir ku\u015fa\u011f\u0131 b\u00fcy\u00fcten Wimmel kitaplar\u0131n\u0131n d\u00f6rd\u00fcnc\u00fcs\u00fc, G\u00fcz Kitab\u0131 art\u0131k T\u00fcrk\u00e7ede.Bask\u0131 kalitesi, sa\u011flaml\u0131\u011f\u0131 ve kocaman ebat\u0131yla \u00e7ocu\u011funuzun uzun s\u00fcre elindenb\u0131rakamayaca\u011f\u0131 bu evladiyelik kitab\u0131 muhtemelen torunlan\u0131z da okuyacak.G\u00fcz Kitab\u0131\u2019n\u0131 ke\u015ffederken birer anlat\u0131c\u0131ya veya yazara d\u00f6n\u00fc\u015fecek \u00e7ocuklar\u0131n\u0131zla birlikteS\u0130Z DE e\u015fsiz bir deneyim ya\u015fayacaks\u0131n\u0131z.<\/p>\n","protected":false},"excerpt":{"rendered":"<p>K\u0131\u015f, bahar ve yaz mevsimlerinden sonra g\u00fcz geldi. Kent sakinleri, doyas\u0131ya dans edipm\u00fczik dinlemek i\u00e7in g\u00fcz festivalinde bulu\u015fuyor; k\u00fclt\u00fcr merkezinde balkaba\u011f\u0131 yar\u0131\u015fmas\u0131d\u00fczenleniyor. Hans Christian Andersen \u00f6d\u00fcll\u00fc<span class=\"excerpt-hellip\"> [\u2026]<\/span><\/p>\n","protected":false},"featured_media":0,"template":"","meta":{"_monsterinsights_skip_tracking":false,"_monsterinsights_sitenote_active":false,"_monsterinsights_sitenote_note":"","_monsterinsights_sitenote_category":0},"product_brand":[],"product_cat":[12274,12284],"product_tag":[],"class_list":{"0":"post-714903","1":"product","2":"type-product","3":"status-publish","5":"product_cat-cocuk-ve-genclik-kitaplari","6":"product_cat-hikayeler","7":"pa_cilt-ciltsiz","8":"pa_tur-kitap","9":"pa_yayinevi-kuraldisi-yayinevi","10":"pa_yazar-rotraut-susanne-berner","12":"first","13":"instock","14":"sale","15":"shipping-taxable","16":"purchasable","17":"product-type-simple"},"_links":{"self":[{"href":"https:\/\/roveyayinevi.com.tr\/index.php\/wp-json\/wp\/v2\/product\/714903","targetHints":{"allow":["GET"]}}],"collection":[{"href":"https:\/\/roveyayinevi.com.tr\/index.php\/wp-json\/wp\/v2\/product"}],"about":[{"href":"https:\/\/roveyayinevi.com.tr\/index.php\/wp-json\/wp\/v2\/types\/product"}],"wp:attachment":[{"href":"https:\/\/roveyayinevi.com.tr\/index.php\/wp-json\/wp\/v2\/media?parent=714903"}],"wp:term":[{"taxonomy":"product_brand","embeddable":true,"href":"https:\/\/roveyayinevi.com.tr\/index.php\/wp-json\/wp\/v2\/product_brand?post=714903"},{"taxonomy":"product_cat","embeddable":true,"href":"https:\/\/roveyayinevi.com.tr\/index.php\/wp-json\/wp\/v2\/product_cat?post=714903"},{"taxonomy":"product_tag","embeddable":true,"href":"https:\/\/roveyayinevi.com.tr\/index.php\/wp-json\/wp\/v2\/product_tag?post=714903"}],"curies":[{"name":"wp","href":"https:\/\/api.w.org\/{rel}","templated":true}]}}