{"id":714881,"date":"2025-08-27T17:23:52","date_gmt":"2025-08-27T14:23:52","guid":{"rendered":"https:\/\/roveyayinevi.com.tr\/index.php\/urun\/akiskanlar-mekanigi-2\/"},"modified":"2026-04-16T02:23:16","modified_gmt":"2026-04-15T23:23:16","slug":"akiskanlar-mekanigi-2","status":"publish","type":"product","link":"https:\/\/roveyayinevi.com.tr\/index.php\/urun\/akiskanlar-mekanigi-2\/","title":{"rendered":"Ak\u0131\u015fkanlar Mekani\u011fi"},"content":{"rendered":"<p>\u00dclkemizde \u00fcniversitelerimizin m\u00fchendislik fak\u00fcltelerinde ve benzeri e\u011fitim kurumlar\u0131nda oldu\u011fu kadar ilgili m\u00fchendislik alanlar\u0131nda da gereksinim duyulan kapsaml\u0131 ve modern bir T\u00fcrk\u00e7e ak\u0131\u015fkanlar mekani\u011fi kitab\u0131na y\u00f6nelik ilk ad\u0131m Prof. Frank M. White taraf\u0131ndan yaz\u0131lan Ak\u0131\u015fkanlar Mekani\u011fi kitab\u0131n\u0131n d\u00f6rd\u00fcnc\u00fc bas\u0131m\u0131n\u0131n 2004 y\u0131l\u0131nda terc\u00fcmesi ile at\u0131lm\u0131\u015ft\u0131. Bu \u00e7eviri, daha sonralar\u0131 T\u00fcrk\u00e7emize kazand\u0131r\u0131lan di\u011fer Ak\u0131\u015fkanlar Mekani\u011fi kitaplar\u0131nda yer alan ingilizce terimlerin T\u00fcrk\u00e7e kar\u015f\u0131l\u0131klar\u0131 i\u00e7in de bir referans olmu\u015ftur. S\u00f6z konusu kitab\u0131n yedinci bas\u0131m\u0131nda ak\u0131\u015fkanlar mekani\u011fi prensiplerini temel alan, okuyanlar\u0131n hayal g\u00fcc\u00fcn\u00fc geni\u015fleten, g\u00fcncel ve pratik \u00f6rneklerin say\u0131s\u0131 artt\u0131r\u0131lm\u0131\u015f ve konuya ilgi duyanlar i\u00e7in bir kaynak olma niteli\u011fi iyile\u015ftirilmi\u015ftir. Bu kitap konular\u0131n kapsaml\u0131 olarak anlat\u0131mlar\u203a d\u0131\u015f\u0131nda, b\u00f6l\u00fcm i\u00e7i \u00e7\u00f6z\u00fcml\u00fc \u00f6rnekler ile b\u00f6l\u00fcm sonu problemler olmak \u00fczere toplam 2000 civar\u0131ndaki problemi de i\u00e7ermektedir. Bu \u00e7e\u015fit yo\u011fun bir uygulama ve \u00e7\u00f6z\u00fcm y\u00fcklemesi konular\u0131n tam olarak \u00f6\u011frenilmesi i\u00e7in b\u00fcy\u00fck bir yarar sa\u011flamaktad\u0131r. \u00c7o\u011fu problem sadece ait oldu\u011fu konuya \u00f6zg\u00fc tek kavram\u0131n kullan\u0131m\u0131na y\u00f6nelik olmay\u0131p k\u00fcm\u00fclatif bilgi kullan\u0131m\u0131n\u0131 gerektiren yap\u0131dad\u0131r. T\u00fcrk\u00e7e \u00e7evirinin sonuna, ak\u0131\u015fkanlar mekani\u011finin temel terim ve deyimlerini i\u00e7eren T\u00fcrk\u00e7e-ingilizce dizin \u015feklinde bir s\u00f6zl\u00fck eklenmi\u015ftir.<\/p>\n","protected":false},"excerpt":{"rendered":"<p>\u00dclkemizde \u00fcniversitelerimizin m\u00fchendislik fak\u00fcltelerinde ve benzeri e\u011fitim kurumlar\u0131nda oldu\u011fu kadar ilgili m\u00fchendislik alanlar\u0131nda da gereksinim duyulan kapsaml\u0131 ve modern bir T\u00fcrk\u00e7e ak\u0131\u015fkanlar mekani\u011fi kitab\u0131na y\u00f6nelik ilk<span class=\"excerpt-hellip\"> [\u2026]<\/span><\/p>\n","protected":false},"featured_media":0,"template":"","meta":{"_monsterinsights_skip_tracking":false,"_monsterinsights_sitenote_active":false,"_monsterinsights_sitenote_note":"","_monsterinsights_sitenote_category":0},"product_brand":[],"product_cat":[13005,37328],"product_tag":[],"class_list":{"0":"post-714881","1":"product","2":"type-product","3":"status-publish","5":"product_cat-bilim-muhendislik","6":"product_cat-diger-bilim-muhendislik","7":"pa_cilt-ciltsiz","8":"pa_tur-kitap","9":"pa_yayinevi-literatur-yayinevi-akademik","10":"pa_yazar-frank-m-white","12":"first","13":"instock","14":"sale","15":"shipping-taxable","16":"purchasable","17":"product-type-simple"},"_links":{"self":[{"href":"https:\/\/roveyayinevi.com.tr\/index.php\/wp-json\/wp\/v2\/product\/714881","targetHints":{"allow":["GET"]}}],"collection":[{"href":"https:\/\/roveyayinevi.com.tr\/index.php\/wp-json\/wp\/v2\/product"}],"about":[{"href":"https:\/\/roveyayinevi.com.tr\/index.php\/wp-json\/wp\/v2\/types\/product"}],"wp:attachment":[{"href":"https:\/\/roveyayinevi.com.tr\/index.php\/wp-json\/wp\/v2\/media?parent=714881"}],"wp:term":[{"taxonomy":"product_brand","embeddable":true,"href":"https:\/\/roveyayinevi.com.tr\/index.php\/wp-json\/wp\/v2\/product_brand?post=714881"},{"taxonomy":"product_cat","embeddable":true,"href":"https:\/\/roveyayinevi.com.tr\/index.php\/wp-json\/wp\/v2\/product_cat?post=714881"},{"taxonomy":"product_tag","embeddable":true,"href":"https:\/\/roveyayinevi.com.tr\/index.php\/wp-json\/wp\/v2\/product_tag?post=714881"}],"curies":[{"name":"wp","href":"https:\/\/api.w.org\/{rel}","templated":true}]}}