{"id":714860,"date":"2025-08-27T17:23:39","date_gmt":"2025-08-27T14:23:39","guid":{"rendered":"https:\/\/roveyayinevi.com.tr\/index.php\/urun\/felsefe-dersleri\/"},"modified":"2026-04-16T02:23:15","modified_gmt":"2026-04-15T23:23:15","slug":"felsefe-dersleri","status":"publish","type":"product","link":"https:\/\/roveyayinevi.com.tr\/index.php\/urun\/felsefe-dersleri\/","title":{"rendered":"Felsefe Dersleri"},"content":{"rendered":"<p>1882 y\u0131l\u0131n\u0131n sonbahar aylar\u0131nda \u00c9mile Durkheim hen\u00fcz 24 ya\u015f\u0131ndayken Fransa\u2019n\u0131n 13 bin n\u00fcfuslu Sens kasabas\u0131na felsefe \u00f6\u011fretmeni olarak atand\u0131 ve buradaki lisede dersler vermeye ba\u015flad\u0131. 1883-1884 d\u00f6neminin \u00f6\u011frencilerinden biri, daha sonra \u00fcnl\u00fc ve \u00fcretken bir filozof olacak olan Andr\u00e9 Lalande idi. Lalande\u2019\u0131n tuttu\u011fu notlardan olu\u015fan ve seksen temel ba\u015fl\u0131k i\u00e7eren bu dersler psikoloji, mant\u0131k, etik ve metafizik disiplinlerini kaps\u0131yor. Felsefe Dersleri, ge\u00e7en y\u00fczy\u0131l\u0131n en etkin bilim dallar\u0131ndan birini yani sosyolojiyi kuracak olan gen\u00e7 bir entelekt\u00fcelin en temel konular\u0131 lise \u00f6\u011frencilerine olabildi\u011fince sade ve anla\u015f\u0131l\u0131r bi\u00e7imde aktard\u0131\u011f\u0131 bir eserdir.  <\/p>\n","protected":false},"excerpt":{"rendered":"<p>1882 y\u0131l\u0131n\u0131n sonbahar aylar\u0131nda \u00c9mile Durkheim hen\u00fcz 24 ya\u015f\u0131ndayken Fransa\u2019n\u0131n 13 bin n\u00fcfuslu Sens kasabas\u0131na felsefe \u00f6\u011fretmeni olarak atand\u0131 ve buradaki lisede dersler vermeye ba\u015flad\u0131. 1883-1884<span class=\"excerpt-hellip\"> [\u2026]<\/span><\/p>\n","protected":false},"featured_media":0,"template":"","meta":{"_monsterinsights_skip_tracking":false,"_monsterinsights_sitenote_active":false,"_monsterinsights_sitenote_note":"","_monsterinsights_sitenote_category":0},"product_brand":[],"product_cat":[12388,13555],"product_tag":[],"class_list":{"0":"post-714860","1":"product","2":"type-product","3":"status-publish","5":"product_cat-felsefe","6":"product_cat-genel-felsefe","7":"pa_cilt-ciltsiz","8":"pa_tur-kitap","9":"pa_yayinevi-pinhan-yayincilik","10":"pa_yazar-emile-durkheim","12":"first","13":"instock","14":"sale","15":"shipping-taxable","16":"purchasable","17":"product-type-simple"},"_links":{"self":[{"href":"https:\/\/roveyayinevi.com.tr\/index.php\/wp-json\/wp\/v2\/product\/714860","targetHints":{"allow":["GET"]}}],"collection":[{"href":"https:\/\/roveyayinevi.com.tr\/index.php\/wp-json\/wp\/v2\/product"}],"about":[{"href":"https:\/\/roveyayinevi.com.tr\/index.php\/wp-json\/wp\/v2\/types\/product"}],"wp:attachment":[{"href":"https:\/\/roveyayinevi.com.tr\/index.php\/wp-json\/wp\/v2\/media?parent=714860"}],"wp:term":[{"taxonomy":"product_brand","embeddable":true,"href":"https:\/\/roveyayinevi.com.tr\/index.php\/wp-json\/wp\/v2\/product_brand?post=714860"},{"taxonomy":"product_cat","embeddable":true,"href":"https:\/\/roveyayinevi.com.tr\/index.php\/wp-json\/wp\/v2\/product_cat?post=714860"},{"taxonomy":"product_tag","embeddable":true,"href":"https:\/\/roveyayinevi.com.tr\/index.php\/wp-json\/wp\/v2\/product_tag?post=714860"}],"curies":[{"name":"wp","href":"https:\/\/api.w.org\/{rel}","templated":true}]}}