{"id":714858,"date":"2025-08-27T17:23:38","date_gmt":"2025-08-27T14:23:38","guid":{"rendered":"https:\/\/roveyayinevi.com.tr\/index.php\/urun\/insan-dogasi\/"},"modified":"2026-04-16T02:23:15","modified_gmt":"2026-04-15T23:23:15","slug":"insan-dogasi","status":"publish","type":"product","link":"https:\/\/roveyayinevi.com.tr\/index.php\/urun\/insan-dogasi\/","title":{"rendered":"\u0130nsan Do\u011fas\u0131"},"content":{"rendered":"<p>\u201cSistematik olarak yak\u0131n tarihlerde ara\u015ft\u0131r\u0131lmaya ba\u015flanm\u0131\u015f olsa da insan do\u011fas\u0131na ili\u015fkin \u00e7ok say\u0131da g\u00f6zlem ve varsay\u0131m daima mevcut olmu\u015ftur. Hukuk, tarih, teoloji ve siyasete ili\u015fkin ilk sistematik incelemeler, insan\u0131n do\u011fas\u0131na ili\u015fkin az \u00e7ok saf\u00e7a varsay\u0131mlardan hareket eder. Roma hukukunun sahas\u0131 geni\u015flerken tebaaya ili\u015fkin ayr\u0131m jus gentium ile jus naturae, yani belirli bir halka mahsus yasalara kar\u015f\u0131l\u0131k her halkta m\u00fc\u015fterek olan ve insan\u0131n do\u011fas\u0131ndan t\u00fcreyen \u00e2detler ve yasalar aras\u0131nda yap\u0131l\u0131yordu.\u201d Robert Ezra Park bu kez insan do\u011fas\u0131n\u0131 ele al\u0131yor. Biyolojiden psikolojiye, antropoloji ve sosyolojiden siyaset bilimine pek \u00e7ok ara\u015ft\u0131rman\u0131n esas dayana\u011f\u0131 olan bu mesele Park\u2019\u0131n d\u00f6neminde sosyal bilimin ula\u015ft\u0131\u011f\u0131 a\u015famay\u0131 da g\u00f6steriyor. O g\u00fcne kadar yay\u0131mlanm\u0131\u015f \u00e7al\u0131\u015fmalardan al\u0131nan k\u0131sa okuma par\u00e7alar\u0131, se\u00e7ili bir kaynak\u00e7a hatta bug\u00fcn bile tart\u0131\u015fmaya de\u011fer sorular e\u015fli\u011finde, sosyal bilimin belki de en temel meselesi bu kitab\u0131n i\u00e7eri\u011fini olu\u015fturuyor.<\/p>\n","protected":false},"excerpt":{"rendered":"<p>\u201cSistematik olarak yak\u0131n tarihlerde ara\u015ft\u0131r\u0131lmaya ba\u015flanm\u0131\u015f olsa da insan do\u011fas\u0131na ili\u015fkin \u00e7ok say\u0131da g\u00f6zlem ve varsay\u0131m daima mevcut olmu\u015ftur. Hukuk, tarih, teoloji ve siyasete ili\u015fkin ilk<span class=\"excerpt-hellip\"> [\u2026]<\/span><\/p>\n","protected":false},"featured_media":0,"template":"","meta":{"_monsterinsights_skip_tracking":false,"_monsterinsights_sitenote_active":false,"_monsterinsights_sitenote_note":"","_monsterinsights_sitenote_category":0},"product_brand":[],"product_cat":[12324,27533],"product_tag":[],"class_list":{"0":"post-714858","1":"product","2":"type-product","3":"status-publish","5":"product_cat-sosyoloji","6":"product_cat-sosyolojiye-giris","7":"pa_cilt-ciltsiz","8":"pa_tur-kitap","9":"pa_yayinevi-pinhan-yayincilik","10":"pa_yazar-robert-ezra-park","12":"first","13":"instock","14":"sale","15":"shipping-taxable","16":"purchasable","17":"product-type-simple"},"_links":{"self":[{"href":"https:\/\/roveyayinevi.com.tr\/index.php\/wp-json\/wp\/v2\/product\/714858","targetHints":{"allow":["GET"]}}],"collection":[{"href":"https:\/\/roveyayinevi.com.tr\/index.php\/wp-json\/wp\/v2\/product"}],"about":[{"href":"https:\/\/roveyayinevi.com.tr\/index.php\/wp-json\/wp\/v2\/types\/product"}],"wp:attachment":[{"href":"https:\/\/roveyayinevi.com.tr\/index.php\/wp-json\/wp\/v2\/media?parent=714858"}],"wp:term":[{"taxonomy":"product_brand","embeddable":true,"href":"https:\/\/roveyayinevi.com.tr\/index.php\/wp-json\/wp\/v2\/product_brand?post=714858"},{"taxonomy":"product_cat","embeddable":true,"href":"https:\/\/roveyayinevi.com.tr\/index.php\/wp-json\/wp\/v2\/product_cat?post=714858"},{"taxonomy":"product_tag","embeddable":true,"href":"https:\/\/roveyayinevi.com.tr\/index.php\/wp-json\/wp\/v2\/product_tag?post=714858"}],"curies":[{"name":"wp","href":"https:\/\/api.w.org\/{rel}","templated":true}]}}