{"id":714847,"date":"2025-08-27T17:23:30","date_gmt":"2025-08-27T14:23:30","guid":{"rendered":"https:\/\/roveyayinevi.com.tr\/index.php\/urun\/malazgirt-zaferi-bin-yillik-miras\/"},"modified":"2026-04-16T02:23:15","modified_gmt":"2026-04-15T23:23:15","slug":"malazgirt-zaferi-bin-yillik-miras","status":"publish","type":"product","link":"https:\/\/roveyayinevi.com.tr\/index.php\/urun\/malazgirt-zaferi-bin-yillik-miras\/","title":{"rendered":"Malazgirt Zaferi : Bin Y\u0131ll\u0131k Miras"},"content":{"rendered":"<p>Anadolu\u2019da T\u00fcrk varl\u0131\u011f\u0131n\u0131n mutlak surette in\u015fas\u0131n\u0131 sa\u011flayan en \u00f6nemli hadise hi\u00e7 \u015f\u00fcphe yok ki Malazgirt Zaferi\u2019dir. Bu do\u011frultuda son d\u00f6nemlerde tarih \u00f6\u011fretmenlerinden devlet y\u00f6neticilerine, film y\u00f6netmenlerinden m\u00fczik yap\u0131mc\u0131lar\u0131na kadar bir\u00e7ok farkl\u0131 kimse taraf\u0131ndan bir\u00e7ok farkl\u0131 alanda Malazgirt temas\u0131 i\u015flenmekte ve bir k\u00fclt\u00fcr olarak tarih severlerin de ilgisine sunulmaktad\u0131r. Fakat Malazgirt Sava\u015f\u0131\u2019na dair bir\u00e7ok \u00fcr\u00fcn ortaya konmakla birlikte, hen\u00fcz tarih yay\u0131nc\u0131l\u0131\u011f\u0131 anlam\u0131nda konuya ili\u015fkin g\u00fc\u00e7l\u00fc bir birikimin olu\u015ftu\u011funu s\u00f6ylemek de m\u00fcmk\u00fcn de\u011fildir. Bu durumun sebepleri aras\u0131nda, sava\u015fa dair hen\u00fcz yeterli bilgi birikiminin bulunmamas\u0131, \u00e7apraz okuma giri\u015fimlerinin yap\u0131lmamas\u0131 ve meselenin sadece tarih disiplininin konusu olmaktan \u00e7\u0131kar\u0131larak di\u011fer alanlar\u0131n konusu haline getirilmemesi gibi maddeler zikredilebilir.\u201cMalazgirt k\u00fclt\u00fcr\u00fc\u201d \u00fczerine uzun y\u0131llard\u0131r bir\u00e7ok farkl\u0131 alanda emek veren, bu anlamda \u00f6nemli gayretler g\u00f6steren, tarih merakl\u0131lar\u0131n\u0131n ihtiya\u00e7 duyduklar\u0131 tarih\u00ee bilgiyi \u015fekillendirme do\u011frultusunda akademi i\u00e7inden sahih bir kaynak sunmay\u0131 gaye edinen isimlerin bir araya geldi\u011fi bu \u00e7al\u0131\u015fma, bir t\u00fcr \u201csorumluluk bilinci\u201d ile olu\u015fturulmu\u015ftur. Malazgirt Sava\u015f\u0131\u2019n\u0131n mevkiisinden cereyan\u0131na kadar t\u00fcm teferruat\u0131yla incelendi\u011fi, Sel\u00e7uklu Sultan\u0131 Alparslan\u2019\u0131n ve Bizans \u0130mparatoru Romanos Diogenes\u2019in kar\u015f\u0131la\u015ft\u0131rmal\u0131 olarak de\u011ferlendirildi\u011fi, sava\u015ftan sonra Anadolu\u2019da ya\u015fanan k\u00fclt\u00fcrel de\u011fi\u015fimin yorumland\u0131\u011f\u0131 ve g\u00fcn\u00fcm\u00fczde de \u00e7ok merak edilen bir d\u00fc\u015f\u00fcnce hareketi olan Anadoluculuk \u00fczerine kritik makalelerin yer ald\u0131\u011f\u0131 bu metin, ayn\u0131 zamanda sava\u015f\u0131n psikolojik analizini, Sultan Alparslan\u2019\u0131n Malazgirt Hutbesi\u2019ni, Abb\u00e2s\u00ee Halifesi\u2019nin Malazgirt Sava\u015f\u0131 duas\u0131n\u0131 ve zaferin T\u00fcrk edebiyat\u0131ndaki izd\u00fc\u015f\u00fcmlerini de okuyuculara sunma gayreti i\u00e7erisindedir.\u00dclkemizde Sel\u00e7uklu tarihi \u00fczerine zihin a\u00e7\u0131c\u0131 \u00e7al\u0131\u015fmalar yapm\u0131\u015f olan Mustafa Alican\u2019\u0131n edit\u00f6rl\u00fc\u011f\u00fcnde haz\u0131rlanan Malazgirt Zaferi: Bin Y\u0131ll\u0131k Miras, hem tarih merakl\u0131lar\u0131na hem de ara\u015ft\u0131rmac\u0131lara hitap eden \u00e7ok y\u00f6nl\u00fc bir \u00e7al\u0131\u015fma.<\/p>\n","protected":false},"excerpt":{"rendered":"<p>Anadolu\u2019da T\u00fcrk varl\u0131\u011f\u0131n\u0131n mutlak surette in\u015fas\u0131n\u0131 sa\u011flayan en \u00f6nemli hadise hi\u00e7 \u015f\u00fcphe yok ki Malazgirt Zaferi\u2019dir. Bu do\u011frultuda son d\u00f6nemlerde tarih \u00f6\u011fretmenlerinden devlet y\u00f6neticilerine, film y\u00f6netmenlerinden<span class=\"excerpt-hellip\"> [\u2026]<\/span><\/p>\n","protected":false},"featured_media":0,"template":"","meta":{"_monsterinsights_skip_tracking":false,"_monsterinsights_sitenote_active":false,"_monsterinsights_sitenote_note":"","_monsterinsights_sitenote_category":0},"product_brand":[],"product_cat":[13590,12337],"product_tag":[],"class_list":{"0":"post-714847","1":"product","2":"type-product","3":"status-publish","5":"product_cat-arastirma-inceleme-politika-siyaset","6":"product_cat-politika-siyaset","7":"pa_cilt-ciltsiz","8":"pa_tur-kitap","9":"pa_yayinevi-kronik-kitap","10":"pa_yazar-kolektif","12":"first","13":"instock","14":"sale","15":"shipping-taxable","16":"purchasable","17":"product-type-simple"},"_links":{"self":[{"href":"https:\/\/roveyayinevi.com.tr\/index.php\/wp-json\/wp\/v2\/product\/714847","targetHints":{"allow":["GET"]}}],"collection":[{"href":"https:\/\/roveyayinevi.com.tr\/index.php\/wp-json\/wp\/v2\/product"}],"about":[{"href":"https:\/\/roveyayinevi.com.tr\/index.php\/wp-json\/wp\/v2\/types\/product"}],"wp:attachment":[{"href":"https:\/\/roveyayinevi.com.tr\/index.php\/wp-json\/wp\/v2\/media?parent=714847"}],"wp:term":[{"taxonomy":"product_brand","embeddable":true,"href":"https:\/\/roveyayinevi.com.tr\/index.php\/wp-json\/wp\/v2\/product_brand?post=714847"},{"taxonomy":"product_cat","embeddable":true,"href":"https:\/\/roveyayinevi.com.tr\/index.php\/wp-json\/wp\/v2\/product_cat?post=714847"},{"taxonomy":"product_tag","embeddable":true,"href":"https:\/\/roveyayinevi.com.tr\/index.php\/wp-json\/wp\/v2\/product_tag?post=714847"}],"curies":[{"name":"wp","href":"https:\/\/api.w.org\/{rel}","templated":true}]}}