{"id":714845,"date":"2025-08-27T17:23:29","date_gmt":"2025-08-27T14:23:29","guid":{"rendered":"https:\/\/roveyayinevi.com.tr\/index.php\/urun\/buyulu-afrika\/"},"modified":"2026-04-16T02:23:15","modified_gmt":"2026-04-15T23:23:15","slug":"buyulu-afrika","status":"publish","type":"product","link":"https:\/\/roveyayinevi.com.tr\/index.php\/urun\/buyulu-afrika\/","title":{"rendered":"B\u00fcy\u00fcl\u00fc Afrika"},"content":{"rendered":"<p>Kara Afrika R\u00f6portajlar\u0131\u2026Bu kitap, H\u0131fz\u0131 Top uz\u2019un Cumhuriyet, Milliyet ve H\u00fcrriyet gazetelerinde yay\u0131nlanan Kara Afrika r\u00f6portaj dizilerinden se\u00e7ilmi\u015f yaz\u0131lar\u0131ndan olu\u015fuyor.Bu yaz\u0131larda Kara Afrika\u2019n\u0131n k\u00fclt\u00fcrel ya\u015fam\u0131 ve geleneksel de\u011ferlerinin yan\u0131 s\u0131ra s\u00f6m\u00fcrgecilikle sava\u015f, sosyalizm deneyleri ve Afrika\u2019daki diktat\u00f6rl\u00fcklerin ilgin\u00e7 \u00f6yk\u00fcleri de yer al\u0131yor. Kitapta ele al\u0131nan olaylar bug\u00fcn de ayn\u0131 \u00f6l\u00e7\u00fcde ibret verici.Bu kitapta ba\u015fka neler var?S\u00f6m\u00fcrgecilik d\u00f6neminden an\u0131lar&#8230;Sudan\u2019da Osmanl\u0131lar ve T\u00fcrkiye\u2019deki Afrikal\u0131 harema\u011falar\u0131, bac\u0131lar, cariyeler&#8230;Ba\u015fl\u0131ca gelenekler: Feti\u015fler, kara b\u00fcy\u00fcler, k\u0131zlar\u0131n s\u00fcnneti\u2026\u00c7\u0131plaklar toplulu\u011fu, \u00e7ocuk ka\u00e7\u0131ran Araplar&#8230;Kanl\u0131 liderler: Bokassa, \u0130di Amin ve Tshombe&#8230;<\/p>\n","protected":false},"excerpt":{"rendered":"<p>Kara Afrika R\u00f6portajlar\u0131\u2026Bu kitap, H\u0131fz\u0131 Top uz\u2019un Cumhuriyet, Milliyet ve H\u00fcrriyet gazetelerinde yay\u0131nlanan Kara Afrika r\u00f6portaj dizilerinden se\u00e7ilmi\u015f yaz\u0131lar\u0131ndan olu\u015fuyor.Bu yaz\u0131larda Kara Afrika\u2019n\u0131n k\u00fclt\u00fcrel ya\u015fam\u0131 ve<span class=\"excerpt-hellip\"> [\u2026]<\/span><\/p>\n","protected":false},"featured_media":0,"template":"","meta":{"_monsterinsights_skip_tracking":false,"_monsterinsights_sitenote_active":false,"_monsterinsights_sitenote_note":"","_monsterinsights_sitenote_category":0},"product_brand":[],"product_cat":[12291,12292],"product_tag":[],"class_list":{"0":"post-714845","1":"product","2":"type-product","3":"status-publish","5":"product_cat-edebiyat","6":"product_cat-turk-edebiyati","7":"pa_cilt-ciltsiz","8":"pa_tur-kitap","9":"pa_yayinevi-remzi-kitabevi","10":"pa_yazar-hifzi-topuz","12":"first","13":"instock","14":"sale","15":"shipping-taxable","16":"purchasable","17":"product-type-simple"},"_links":{"self":[{"href":"https:\/\/roveyayinevi.com.tr\/index.php\/wp-json\/wp\/v2\/product\/714845","targetHints":{"allow":["GET"]}}],"collection":[{"href":"https:\/\/roveyayinevi.com.tr\/index.php\/wp-json\/wp\/v2\/product"}],"about":[{"href":"https:\/\/roveyayinevi.com.tr\/index.php\/wp-json\/wp\/v2\/types\/product"}],"wp:attachment":[{"href":"https:\/\/roveyayinevi.com.tr\/index.php\/wp-json\/wp\/v2\/media?parent=714845"}],"wp:term":[{"taxonomy":"product_brand","embeddable":true,"href":"https:\/\/roveyayinevi.com.tr\/index.php\/wp-json\/wp\/v2\/product_brand?post=714845"},{"taxonomy":"product_cat","embeddable":true,"href":"https:\/\/roveyayinevi.com.tr\/index.php\/wp-json\/wp\/v2\/product_cat?post=714845"},{"taxonomy":"product_tag","embeddable":true,"href":"https:\/\/roveyayinevi.com.tr\/index.php\/wp-json\/wp\/v2\/product_tag?post=714845"}],"curies":[{"name":"wp","href":"https:\/\/api.w.org\/{rel}","templated":true}]}}