{"id":714844,"date":"2025-08-27T17:23:28","date_gmt":"2025-08-27T14:23:28","guid":{"rendered":"https:\/\/roveyayinevi.com.tr\/index.php\/urun\/beyoglu\/"},"modified":"2026-04-16T02:23:15","modified_gmt":"2026-04-15T23:23:15","slug":"beyoglu","status":"publish","type":"product","link":"https:\/\/roveyayinevi.com.tr\/index.php\/urun\/beyoglu\/","title":{"rendered":"Beyo\u011flu"},"content":{"rendered":"<p>Beyo\u011flu\u2019nda bir d\u00f6nemin panoramas\u0131&#8230;Beyo\u011flu, 19. Y\u00fczy\u0131l ortalar\u0131nda Avrupa devletlerinin sefaret saraylar\u0131n\u0131n in\u015fa edildi\u011fi bir b\u00f6lgeydi. \u0130stanbul\u2019a gelen Levantenler de bu d\u00f6nemde Beyo\u011flu\u2019na yerle\u015fmeye ba\u015flad\u0131. Bu yo\u011funla\u015fma sonunda, \u201cGrande Rue de Pera\u201d ve \u00e7evresi bir Avrupa semtine d\u00f6n\u00fc\u015ft\u00fc. Bat\u0131 tarz\u0131 pasajlar, oteller, balohaneler, birahaneler, pastaneler, tiyatrolar ve sinemalar ilk kez Beyo\u011flu Caddesi\u2019nde s\u0131ralanmaya ba\u015flad\u0131. Caddenin tam ortas\u0131nda y\u00fckselen Naum Tiyatrosu, Avrupa\u2019daki \u00f6nemli opera yap\u0131lar\u0131ndan biri haline geldi. Zaman i\u00e7inde Beyo\u011flu, Osmanl\u0131 Devleti\u2019nin \u00e7a\u011fda\u015f d\u00fcnyaya a\u00e7\u0131lan penceresi oldu.Ara\u015ft\u0131rmac\u0131 yazar Turan Ak\u0131nc\u0131, Beyo\u011flu\u2019nda ya\u015fanm\u0131\u015f olaylar\u0131, d\u00f6neme damga vurmu\u015f kurumlar\u0131, yap\u0131lar\u0131, \u00fcnl\u00fc aileleri, mimarlar\u0131 ve sokaklar\u0131 ayr\u0131 ayr\u0131 ba\u015fl\u0131klar alt\u0131nda sunuyor.<\/p>\n","protected":false},"excerpt":{"rendered":"<p>Beyo\u011flu\u2019nda bir d\u00f6nemin panoramas\u0131&#8230;Beyo\u011flu, 19. Y\u00fczy\u0131l ortalar\u0131nda Avrupa devletlerinin sefaret saraylar\u0131n\u0131n in\u015fa edildi\u011fi bir b\u00f6lgeydi. \u0130stanbul\u2019a gelen Levantenler de bu d\u00f6nemde Beyo\u011flu\u2019na yerle\u015fmeye ba\u015flad\u0131. Bu yo\u011funla\u015fma<span class=\"excerpt-hellip\"> [\u2026]<\/span><\/p>\n","protected":false},"featured_media":0,"template":"","meta":{"_monsterinsights_skip_tracking":false,"_monsterinsights_sitenote_active":false,"_monsterinsights_sitenote_note":"","_monsterinsights_sitenote_category":0},"product_brand":[],"product_cat":[12370,12304],"product_tag":[],"class_list":{"0":"post-714844","1":"product","2":"type-product","3":"status-publish","5":"product_cat-arastirma-inceleme","6":"product_cat-tarih","7":"pa_cilt-ciltsiz","8":"pa_tur-kitap","9":"pa_yayinevi-remzi-kitabevi","10":"pa_yazar-turan-akinci","12":"first","13":"instock","14":"sale","15":"shipping-taxable","16":"purchasable","17":"product-type-simple"},"_links":{"self":[{"href":"https:\/\/roveyayinevi.com.tr\/index.php\/wp-json\/wp\/v2\/product\/714844","targetHints":{"allow":["GET"]}}],"collection":[{"href":"https:\/\/roveyayinevi.com.tr\/index.php\/wp-json\/wp\/v2\/product"}],"about":[{"href":"https:\/\/roveyayinevi.com.tr\/index.php\/wp-json\/wp\/v2\/types\/product"}],"wp:attachment":[{"href":"https:\/\/roveyayinevi.com.tr\/index.php\/wp-json\/wp\/v2\/media?parent=714844"}],"wp:term":[{"taxonomy":"product_brand","embeddable":true,"href":"https:\/\/roveyayinevi.com.tr\/index.php\/wp-json\/wp\/v2\/product_brand?post=714844"},{"taxonomy":"product_cat","embeddable":true,"href":"https:\/\/roveyayinevi.com.tr\/index.php\/wp-json\/wp\/v2\/product_cat?post=714844"},{"taxonomy":"product_tag","embeddable":true,"href":"https:\/\/roveyayinevi.com.tr\/index.php\/wp-json\/wp\/v2\/product_tag?post=714844"}],"curies":[{"name":"wp","href":"https:\/\/api.w.org\/{rel}","templated":true}]}}