{"id":714842,"date":"2025-08-27T17:23:27","date_gmt":"2025-08-27T14:23:27","guid":{"rendered":"https:\/\/roveyayinevi.com.tr\/index.php\/urun\/albert-amca-ile-kuantum-macerasi-3\/"},"modified":"2026-04-16T02:23:15","modified_gmt":"2026-04-15T23:23:15","slug":"albert-amca-ile-kuantum-macerasi-3","status":"publish","type":"product","link":"https:\/\/roveyayinevi.com.tr\/index.php\/urun\/albert-amca-ile-kuantum-macerasi-3\/","title":{"rendered":"Albert Amca ile Kuantum Maceras\u0131 &#8211; 3"},"content":{"rendered":"<p>Deneyimli pedagog, fizik\u00e7i ve yazar Russell Stannard \u201cAlbert Amca\u201d dizisiyle, Einstein\u2019\u0131n teorilerini, \u0131\u015f\u0131k h\u0131z\u0131 ve g\u00f6relilik gibi \u00f6nemli kavramlar\u0131 ustal\u0131kl\u0131, anla\u015f\u0131l\u0131r, e\u011flenceli bir dille aktar\u0131rken, karma\u015f\u0131k bilimsel ger\u00e7eklerin g\u00fcndelik \u00f6rnekler \u00fczerinden kolayl\u0131kla anla\u015f\u0131lmas\u0131n\u0131 sa\u011fl\u0131yor.   Stannard, Einstein\u2019\u0131n bilime sa\u011flad\u0131\u011f\u0131 b\u00fcy\u00fck katk\u0131lar\u0131n yan\u0131 s\u0131ra, \u00fcnl\u00fc biliminsan\u0131n\u0131n s\u0131rad\u0131\u015f\u0131, renkli ve al\u00e7akg\u00f6n\u00fcll\u00fc karakterini de sayfalara yans\u0131t\u0131yor. Kitapta her soruyu sab\u0131rla cevaplayan, denemekten asla korkmayan, \u00e7ocuklara ve gen\u00e7lere bunun \u00f6nemini anlatan bir Einstein\u2019la kar\u015f\u0131la\u015f\u0131yoruz. *** Albert Amca dizisinin \u00fc\u00e7\u00fcnc\u00fc kitab\u0131 Kuantum Maceras\u0131\u2019nda Gedanken,  Albert Amca\u2019s\u0131n\u0131n d\u00fc\u015f\u00fcnce balonuyla bu kez Harikalar Diyar\u0131\u2019na gidiyor. Z\u0131playan kuarklar, elektronlar, molek\u00fcllerle tan\u0131\u015ft\u0131\u011f\u0131 bu diyarda Gedanken, Ba\u015f Bilimci Beyaz Tav\u015fan\u2019la kuantum fizi\u011finin gizemini \u00e7\u00f6zebilecek mi? Albert Einstein ve ye\u011feni Gedanken\u2019in merak ve hayal g\u00fcc\u00fcyle dolu d\u00fcnyalar\u0131na kat\u0131lan bu tuhaf karakterlerle kuantum hi\u00e7 bu kadar e\u011flenceli olmam\u0131\u015ft\u0131! \u0130\u015fte bu kitapta cevab\u0131n\u0131 arad\u0131\u011f\u0131m\u0131z baz\u0131 sorular:   Atom, molek\u00fcl ve elektron ger\u00e7ekten var m\u0131? Elektron dalga m\u0131d\u0131r yoksa par\u00e7ac\u0131k m\u0131? Ve bunu bilmek ne i\u015fimize yarar? I\u015f\u0131k nas\u0131l yay\u0131l\u0131r? Belirsizlik ilkesi nedir? Gelecek ger\u00e7ekten belirsiz midir? Bir \u015feye bakmad\u0131\u011f\u0131m\u0131zda onun yerinden nas\u0131l emin olabiliriz, mesela D\u00fcnya\u2019n\u0131n? <\/p>\n","protected":false},"excerpt":{"rendered":"<p>Deneyimli pedagog, fizik\u00e7i ve yazar Russell Stannard \u201cAlbert Amca\u201d dizisiyle, Einstein\u2019\u0131n teorilerini, \u0131\u015f\u0131k h\u0131z\u0131 ve g\u00f6relilik gibi \u00f6nemli kavramlar\u0131 ustal\u0131kl\u0131, anla\u015f\u0131l\u0131r, e\u011flenceli bir dille aktar\u0131rken, karma\u015f\u0131k<span class=\"excerpt-hellip\"> [\u2026]<\/span><\/p>\n","protected":false},"featured_media":0,"template":"","meta":{"_monsterinsights_skip_tracking":false,"_monsterinsights_sitenote_active":false,"_monsterinsights_sitenote_note":"","_monsterinsights_sitenote_category":0},"product_brand":[],"product_cat":[12274,12284],"product_tag":[],"class_list":{"0":"post-714842","1":"product","2":"type-product","3":"status-publish","5":"product_cat-cocuk-ve-genclik-kitaplari","6":"product_cat-hikayeler","7":"pa_cilt-ciltsiz","8":"pa_tur-kitap","9":"pa_yayinevi-kolektif-kitap","10":"pa_yazar-russell-stannard","12":"first","13":"instock","14":"sale","15":"shipping-taxable","16":"purchasable","17":"product-type-simple"},"_links":{"self":[{"href":"https:\/\/roveyayinevi.com.tr\/index.php\/wp-json\/wp\/v2\/product\/714842","targetHints":{"allow":["GET"]}}],"collection":[{"href":"https:\/\/roveyayinevi.com.tr\/index.php\/wp-json\/wp\/v2\/product"}],"about":[{"href":"https:\/\/roveyayinevi.com.tr\/index.php\/wp-json\/wp\/v2\/types\/product"}],"wp:attachment":[{"href":"https:\/\/roveyayinevi.com.tr\/index.php\/wp-json\/wp\/v2\/media?parent=714842"}],"wp:term":[{"taxonomy":"product_brand","embeddable":true,"href":"https:\/\/roveyayinevi.com.tr\/index.php\/wp-json\/wp\/v2\/product_brand?post=714842"},{"taxonomy":"product_cat","embeddable":true,"href":"https:\/\/roveyayinevi.com.tr\/index.php\/wp-json\/wp\/v2\/product_cat?post=714842"},{"taxonomy":"product_tag","embeddable":true,"href":"https:\/\/roveyayinevi.com.tr\/index.php\/wp-json\/wp\/v2\/product_tag?post=714842"}],"curies":[{"name":"wp","href":"https:\/\/api.w.org\/{rel}","templated":true}]}}