{"id":714834,"date":"2025-08-27T17:23:13","date_gmt":"2025-08-27T14:23:13","guid":{"rendered":"https:\/\/roveyayinevi.com.tr\/index.php\/urun\/egitsel-surec-ve-beden-dili\/"},"modified":"2026-04-16T02:23:15","modified_gmt":"2026-04-15T23:23:15","slug":"egitsel-surec-ve-beden-dili","status":"publish","type":"product","link":"https:\/\/roveyayinevi.com.tr\/index.php\/urun\/egitsel-surec-ve-beden-dili\/","title":{"rendered":"E\u011fitsel S\u00fcre\u00e7 ve Beden Dili"},"content":{"rendered":"<p>Hayat\u0131n her alan\u0131nda etkisini g\u00f6sterebildi\u011fi i\u00e7in e\u011fitim \u00fczerine yap\u0131lm\u0131\u015f tam ve kesin bir tan\u0131m bulunmamaktad\u0131r. E\u011fitimciler, psikologlar, de\u011fi\u015fik felsef\u00ee yakla\u015f\u0131mc\u0131lar farkl\u0131 tan\u0131mlamalar getirmi\u015flerdir. Temel e\u011fitim; her yurtta\u015fa ya\u015fam\u0131nda kar\u015f\u0131la\u015ft\u0131\u011f\u0131 ve kar\u015f\u0131la\u015faca\u011f\u0131 ki\u015fisel sorunlar\u0131 \u00e7\u00f6zmede, onu y\u00f6nlendirmede, toplumsal de\u011ferler edinmede, \u00fcretken ve tutumlu olmada temel becerileri kazand\u0131ran e\u011fitim olarak ifade edilmektedir. Yap\u0131lan temel e\u011fitim tan\u0131m\u0131nda, e\u011fitim kavram\u0131 i\u00e7erisinde nelerin bar\u0131nd\u0131r\u0131ld\u0131\u011f\u0131 a\u00e7\u0131k bir \u015fekilde anla\u015f\u0131lmaktad\u0131r. Ayr\u0131ca e\u011fitimin, insan\u0131n sosyal ve k\u00fclt\u00fcrel bir varl\u0131k olmas\u0131nda gerekli olabilecek nitelikleri sa\u011flamada etkili bir ara\u00e7 oldu\u011fu d\u00fc\u015f\u00fcn\u00fclebilir.<\/p>\n","protected":false},"excerpt":{"rendered":"<p>Hayat\u0131n her alan\u0131nda etkisini g\u00f6sterebildi\u011fi i\u00e7in e\u011fitim \u00fczerine yap\u0131lm\u0131\u015f tam ve kesin bir tan\u0131m bulunmamaktad\u0131r. E\u011fitimciler, psikologlar, de\u011fi\u015fik felsef\u00ee yakla\u015f\u0131mc\u0131lar farkl\u0131 tan\u0131mlamalar getirmi\u015flerdir. Temel e\u011fitim; her<span class=\"excerpt-hellip\"> [\u2026]<\/span><\/p>\n","protected":false},"featured_media":0,"template":"","meta":{"_monsterinsights_skip_tracking":false,"_monsterinsights_sitenote_active":false,"_monsterinsights_sitenote_note":"","_monsterinsights_sitenote_category":0},"product_brand":[],"product_cat":[12573,12566],"product_tag":[],"class_list":{"0":"post-714834","1":"product","2":"type-product","3":"status-publish","5":"product_cat-akademik-kitaplar","6":"product_cat-egitim","7":"pa_cilt-ciltsiz","8":"pa_tur-kitap","9":"pa_yayinevi-ani-yayincilik","10":"pa_yazar-nihat-caliskan-elif-kilic","12":"first","13":"instock","14":"sale","15":"shipping-taxable","16":"purchasable","17":"product-type-simple"},"_links":{"self":[{"href":"https:\/\/roveyayinevi.com.tr\/index.php\/wp-json\/wp\/v2\/product\/714834","targetHints":{"allow":["GET"]}}],"collection":[{"href":"https:\/\/roveyayinevi.com.tr\/index.php\/wp-json\/wp\/v2\/product"}],"about":[{"href":"https:\/\/roveyayinevi.com.tr\/index.php\/wp-json\/wp\/v2\/types\/product"}],"wp:attachment":[{"href":"https:\/\/roveyayinevi.com.tr\/index.php\/wp-json\/wp\/v2\/media?parent=714834"}],"wp:term":[{"taxonomy":"product_brand","embeddable":true,"href":"https:\/\/roveyayinevi.com.tr\/index.php\/wp-json\/wp\/v2\/product_brand?post=714834"},{"taxonomy":"product_cat","embeddable":true,"href":"https:\/\/roveyayinevi.com.tr\/index.php\/wp-json\/wp\/v2\/product_cat?post=714834"},{"taxonomy":"product_tag","embeddable":true,"href":"https:\/\/roveyayinevi.com.tr\/index.php\/wp-json\/wp\/v2\/product_tag?post=714834"}],"curies":[{"name":"wp","href":"https:\/\/api.w.org\/{rel}","templated":true}]}}