{"id":714811,"date":"2025-08-27T17:22:59","date_gmt":"2025-08-27T14:22:59","guid":{"rendered":"https:\/\/roveyayinevi.com.tr\/index.php\/urun\/dinleme-sanati\/"},"modified":"2026-04-16T02:23:14","modified_gmt":"2026-04-15T23:23:14","slug":"dinleme-sanati","status":"publish","type":"product","link":"https:\/\/roveyayinevi.com.tr\/index.php\/urun\/dinleme-sanati\/","title":{"rendered":"Dinleme Sanat\u0131"},"content":{"rendered":"<p>Psikanalizin insan akl\u0131n\u0131, \u00f6zellikle bilin\u00e7li olmayan k\u0131sm\u0131n\u0131 anlama su\u0308reci oldu\u011funu s\u00f6ylerken sa\u011flam bir temele dayan\u0131yoruz. Bu da \u015fiiri anlamak gibi bir sanatt\u0131r. Bu\u0308tu\u0308n sanatlar gibi kendi kurallar\u0131 ve standartlar\u0131 vard\u0131r. Bu sanat\u0131 uygulaman\u0131n temel kural\u0131, dinleyenin tam konsantrasyonudur. Dinleyenin akl\u0131nda \u00f6nemli hi\u00e7bir \u015fey olmamal\u0131, h\u0131rstan oldu\u011fu kadar endi\u015feden de en uygun bi\u00e7imde kurtulmu\u015f olmal\u0131d\u0131r. Dinleyen, kelimelerle ifade etmeye yetecek kadar somut olup \u00f6zgu\u0308rce \u00e7al\u0131\u015fan bir hayal gu\u0308cu\u0308ne sahip olmal\u0131d\u0131r. Ba\u015fka bir insanla, di\u011ferinin hissettiklerini kendisinin duygular\u0131 gibi hissedecek kadar gu\u0308\u00e7lu\u0308 bir empati kurma kapasitesine sahip olmal\u0131d\u0131r. B\u00f6yle bir empati \u015fart\u0131, sevgi kapasitesi i\u00e7in en idealidir. Ba\u015fkas\u0131n\u0131 anlamak demek onu sevmek erotik anlamda de\u011fil, ona ula\u015fma ve kendini kaybetme korkusunu yenme anlam\u0131nda demektir. Anlamak ve sevmek birbirinden ayr\u0131lamaz. E\u011fer ayr\u0131larsa bu beyinsel bir su\u0308re\u00e7tir ve ger\u00e7ek anlay\u0131\u015fa a\u00e7\u0131lan kap\u0131, kapal\u0131 kal\u0131r. <\/p>\n","protected":false},"excerpt":{"rendered":"<p>Psikanalizin insan akl\u0131n\u0131, \u00f6zellikle bilin\u00e7li olmayan k\u0131sm\u0131n\u0131 anlama su\u0308reci oldu\u011funu s\u00f6ylerken sa\u011flam bir temele dayan\u0131yoruz. Bu da \u015fiiri anlamak gibi bir sanatt\u0131r. Bu\u0308tu\u0308n sanatlar gibi kendi<span class=\"excerpt-hellip\"> [\u2026]<\/span><\/p>\n","protected":false},"featured_media":0,"template":"","meta":{"_monsterinsights_skip_tracking":false,"_monsterinsights_sitenote_active":false,"_monsterinsights_sitenote_note":"","_monsterinsights_sitenote_category":0},"product_brand":[],"product_cat":[12358,12357],"product_tag":[],"class_list":{"0":"post-714811","1":"product","2":"type-product","3":"status-publish","5":"product_cat-genel-psikoloji","6":"product_cat-psikoloji","7":"pa_cilt-ciltsiz","8":"pa_tur-kitap","9":"pa_yayinevi-say-yayinlari","10":"pa_yazar-erich-fromm","12":"first","13":"instock","14":"sale","15":"shipping-taxable","16":"purchasable","17":"product-type-simple"},"_links":{"self":[{"href":"https:\/\/roveyayinevi.com.tr\/index.php\/wp-json\/wp\/v2\/product\/714811","targetHints":{"allow":["GET"]}}],"collection":[{"href":"https:\/\/roveyayinevi.com.tr\/index.php\/wp-json\/wp\/v2\/product"}],"about":[{"href":"https:\/\/roveyayinevi.com.tr\/index.php\/wp-json\/wp\/v2\/types\/product"}],"wp:attachment":[{"href":"https:\/\/roveyayinevi.com.tr\/index.php\/wp-json\/wp\/v2\/media?parent=714811"}],"wp:term":[{"taxonomy":"product_brand","embeddable":true,"href":"https:\/\/roveyayinevi.com.tr\/index.php\/wp-json\/wp\/v2\/product_brand?post=714811"},{"taxonomy":"product_cat","embeddable":true,"href":"https:\/\/roveyayinevi.com.tr\/index.php\/wp-json\/wp\/v2\/product_cat?post=714811"},{"taxonomy":"product_tag","embeddable":true,"href":"https:\/\/roveyayinevi.com.tr\/index.php\/wp-json\/wp\/v2\/product_tag?post=714811"}],"curies":[{"name":"wp","href":"https:\/\/api.w.org\/{rel}","templated":true}]}}