{"id":714798,"date":"2025-08-27T17:22:51","date_gmt":"2025-08-27T14:22:51","guid":{"rendered":"https:\/\/roveyayinevi.com.tr\/index.php\/urun\/vatikan-ve-tapinak-sovalyeleri\/"},"modified":"2026-04-16T02:23:14","modified_gmt":"2026-04-15T23:23:14","slug":"vatikan-ve-tapinak-sovalyeleri","status":"publish","type":"product","link":"https:\/\/roveyayinevi.com.tr\/index.php\/urun\/vatikan-ve-tapinak-sovalyeleri\/","title":{"rendered":"Vatikan Ve Tap\u0131nak \u015e\u00f6valyeleri"},"content":{"rendered":"<p>\u0130hra\u00e7 mal\u0131 olarak sadece \u201cDualar ve Emirler\u201di olan bir devletin, d\u00fcnyan\u0131n en kalabal\u0131k toplulu\u011funu y\u00f6netip d\u00fcnyan\u0131n en zengin devletlerinden biri olabilmesi \u201cVatikan Mucizesi\u201dnden ba\u015fka hangi kelimelerle tan\u0131mlanabilir ki? 2000 y\u0131ld\u0131r ayakta kalan H\u0131ristiyanl\u0131k ve onun en g\u00fc\u00e7l\u00fc temsilcisi Vatikan\u2019\u0131n g\u00fcc\u00fcn\u00fcn kayna\u011f\u0131 nedir? Tarihte nice hanedanlar gelip ge\u00e7mi\u015f, nice devletler kurulup y\u0131k\u0131lm\u0131\u015flar, nice bar\u0131\u015f antla\u015fmalar\u0131 en \u00e7ok 40-50 y\u0131l dayanabilmi\u015fken, Papal\u0131k b\u00fct\u00fcn bu alt\u00fcst olu\u015flardan kendini koruyup ayakta kalmay\u0131 ba\u015farm\u0131\u015ft\u0131r. \u00dcstelik bunu, t\u00fcm bu olaylar\u0131 kenarda durup seyrederek de\u011fil, tam tersine b\u00fct\u00fcn \u00e7alkant\u0131lar\u0131n ve sorunlar\u0131n tam ortas\u0131nda yer alarak ba\u015farm\u0131\u015f ve kaybedenler daima ba\u015fkalar\u0131 olmu\u015ftur. VAT\u0130KAN VE TAPINAK \u015e\u00d6VALYELER\u0130\u2019nde Aytun\u00e7 Alt\u0131ndal d\u00fcnyan\u0131n siyasal, ekonomik ve askeri g\u00fc\u00e7ler dengesinde \u00f6nemli bir yere sahip olan Vatikan\u2019\u0131, y\u00fczy\u0131llar boyunca papalara hizmet eden ve Malta \u015e\u00f6valyeleri arac\u0131l\u0131\u011f\u0131yla bug\u00fcn de varl\u0131\u011f\u0131n\u0131 s\u00fcrd\u00fcren \u201cTap\u0131nak \u015e\u00f6valyeleri\u201dni anlat\u0131yor. 1453\u2019te tarih sayfalar\u0131ndan silinen Bizans\u2019\u0131n g\u00fcn\u00fcm\u00fczdeki devletsiz imparatoru Paleolog Hanedan\u0131, ba\u011fl\u0131 olduklar\u0131 \u015f\u00f6valye tarikatlar\u0131 ve Tap\u0131nak \u015e\u00f6valyeleri\u2019nin inisiyatifinde y\u00fcr\u00fctt\u00fckleri gizli faaliyetleri T\u00fcrkiye\u2019de ilk kez bu kitapta a\u00e7\u0131klan\u0131yor.<\/p>\n","protected":false},"excerpt":{"rendered":"<p>\u0130hra\u00e7 mal\u0131 olarak sadece \u201cDualar ve Emirler\u201di olan bir devletin, d\u00fcnyan\u0131n en kalabal\u0131k toplulu\u011funu y\u00f6netip d\u00fcnyan\u0131n en zengin devletlerinden biri olabilmesi \u201cVatikan Mucizesi\u201dnden ba\u015fka hangi kelimelerle<span class=\"excerpt-hellip\"> [\u2026]<\/span><\/p>\n","protected":false},"featured_media":0,"template":"","meta":{"_monsterinsights_skip_tracking":false,"_monsterinsights_sitenote_active":false,"_monsterinsights_sitenote_note":"","_monsterinsights_sitenote_category":0},"product_brand":[],"product_cat":[13072,12291],"product_tag":[],"class_list":{"0":"post-714798","1":"product","2":"type-product","3":"status-publish","5":"product_cat-arastirma-inceleme-referans","6":"product_cat-edebiyat","7":"pa_cilt-ciltsiz","8":"pa_tur-kitap","9":"pa_yayinevi-destek-yayinlari","10":"pa_yazar-aytunc-altindal","12":"first","13":"instock","14":"sale","15":"shipping-taxable","16":"purchasable","17":"product-type-simple"},"_links":{"self":[{"href":"https:\/\/roveyayinevi.com.tr\/index.php\/wp-json\/wp\/v2\/product\/714798","targetHints":{"allow":["GET"]}}],"collection":[{"href":"https:\/\/roveyayinevi.com.tr\/index.php\/wp-json\/wp\/v2\/product"}],"about":[{"href":"https:\/\/roveyayinevi.com.tr\/index.php\/wp-json\/wp\/v2\/types\/product"}],"wp:attachment":[{"href":"https:\/\/roveyayinevi.com.tr\/index.php\/wp-json\/wp\/v2\/media?parent=714798"}],"wp:term":[{"taxonomy":"product_brand","embeddable":true,"href":"https:\/\/roveyayinevi.com.tr\/index.php\/wp-json\/wp\/v2\/product_brand?post=714798"},{"taxonomy":"product_cat","embeddable":true,"href":"https:\/\/roveyayinevi.com.tr\/index.php\/wp-json\/wp\/v2\/product_cat?post=714798"},{"taxonomy":"product_tag","embeddable":true,"href":"https:\/\/roveyayinevi.com.tr\/index.php\/wp-json\/wp\/v2\/product_tag?post=714798"}],"curies":[{"name":"wp","href":"https:\/\/api.w.org\/{rel}","templated":true}]}}