{"id":714780,"date":"2025-08-27T17:22:40","date_gmt":"2025-08-27T14:22:40","guid":{"rendered":"https:\/\/roveyayinevi.com.tr\/index.php\/urun\/aziz\/"},"modified":"2026-04-16T02:23:13","modified_gmt":"2026-04-15T23:23:13","slug":"aziz","status":"publish","type":"product","link":"https:\/\/roveyayinevi.com.tr\/index.php\/urun\/aziz\/","title":{"rendered":"Aziz"},"content":{"rendered":"<p>Magnus MacKay ger\u00e7ek bir \u0130sko\u00e7yal\u0131d\u0131r; ma\u011frur, g\u00fc\u00e7l\u00fc ve d\u00fc\u015fmanlar\u0131na korku salacak derecede dayan\u0131kl\u0131 bir \u0130sko\u00e7yal\u0131\u2026 Kad\u0131nlara ve a\u015fka kar\u015f\u0131 mesafeli duru\u015fu y\u00fcz\u00fcnden ona tak\u0131lan Aziz lakab\u0131na ra\u011fmen, kalbinin derinliklerinde ac\u0131 bir ger\u00e7e\u011fi saklamaktad\u0131r. S\u0131r olarak saklad\u0131\u011f\u0131 bu ger\u00e7ek, onu reddederek en yak\u0131n arkada\u015flar\u0131ndan biriyle ni\u015fanlanan kad\u0131n\u0131n, Helen\u2019in a\u00e7t\u0131\u011f\u0131 a\u015fk yaras\u0131d\u0131r. Vah\u015fi ve masum g\u00fczelli\u011fiyle Helen ise, Magnus\u2019a kar\u015f\u0131 duydu\u011fu a\u015fka ra\u011fmen ailesinin ona bi\u00e7ti\u011fi rol\u00fc oynamak zorunda kalm\u0131\u015ft\u0131r. Ve bunu yapt\u0131\u011f\u0131 i\u00e7in hissetti\u011fi pi\u015fmanl\u0131k kendini, g\u00f6zlerinden yans\u0131yan \u00f6fke alevleriyle  g\u00f6stermektedir. Aradan y\u0131llar ge\u00e7tikten sonra, gen\u00e7 bir k\u0131zken yapt\u0131\u011f\u0131 bu hatay\u0131 d\u00fczeltmeye yemin eder. Magnus ise h\u00e2l\u00e2 ald\u0131\u011f\u0131 yaran\u0131n ac\u0131s\u0131ndan kurtulamam\u0131\u015ft\u0131r. Ancak onlar\u0131 bekleyen b\u00fcy\u00fck tehlike, ge\u00e7mi\u015fin s\u0131k\u0131 s\u0131k\u0131 kapanm\u0131\u015f kap\u0131lar\u0131n\u0131 yeniden a\u00e7mak zorunda kalmalar\u0131na neden olur. <\/p>\n","protected":false},"excerpt":{"rendered":"<p>Magnus MacKay ger\u00e7ek bir \u0130sko\u00e7yal\u0131d\u0131r; ma\u011frur, g\u00fc\u00e7l\u00fc ve d\u00fc\u015fmanlar\u0131na korku salacak derecede dayan\u0131kl\u0131 bir \u0130sko\u00e7yal\u0131\u2026 Kad\u0131nlara ve a\u015fka kar\u015f\u0131 mesafeli duru\u015fu y\u00fcz\u00fcnden ona tak\u0131lan Aziz lakab\u0131na<span class=\"excerpt-hellip\"> [\u2026]<\/span><\/p>\n","protected":false},"featured_media":0,"template":"","meta":{"_monsterinsights_skip_tracking":false,"_monsterinsights_sitenote_active":false,"_monsterinsights_sitenote_note":"","_monsterinsights_sitenote_category":0},"product_brand":[],"product_cat":[12291,12711],"product_tag":[],"class_list":{"0":"post-714780","1":"product","2":"type-product","3":"status-publish","5":"product_cat-edebiyat","6":"product_cat-roman-oyku","7":"pa_cilt-ciltsiz","8":"pa_tur-kitap","9":"pa_yayinevi-nemesis-kitap","10":"pa_yazar-monica-mccarty","12":"first","13":"instock","14":"sale","15":"shipping-taxable","16":"purchasable","17":"product-type-simple"},"_links":{"self":[{"href":"https:\/\/roveyayinevi.com.tr\/index.php\/wp-json\/wp\/v2\/product\/714780","targetHints":{"allow":["GET"]}}],"collection":[{"href":"https:\/\/roveyayinevi.com.tr\/index.php\/wp-json\/wp\/v2\/product"}],"about":[{"href":"https:\/\/roveyayinevi.com.tr\/index.php\/wp-json\/wp\/v2\/types\/product"}],"wp:attachment":[{"href":"https:\/\/roveyayinevi.com.tr\/index.php\/wp-json\/wp\/v2\/media?parent=714780"}],"wp:term":[{"taxonomy":"product_brand","embeddable":true,"href":"https:\/\/roveyayinevi.com.tr\/index.php\/wp-json\/wp\/v2\/product_brand?post=714780"},{"taxonomy":"product_cat","embeddable":true,"href":"https:\/\/roveyayinevi.com.tr\/index.php\/wp-json\/wp\/v2\/product_cat?post=714780"},{"taxonomy":"product_tag","embeddable":true,"href":"https:\/\/roveyayinevi.com.tr\/index.php\/wp-json\/wp\/v2\/product_tag?post=714780"}],"curies":[{"name":"wp","href":"https:\/\/api.w.org\/{rel}","templated":true}]}}