{"id":714775,"date":"2025-08-27T17:22:37","date_gmt":"2025-08-27T14:22:37","guid":{"rendered":"https:\/\/roveyayinevi.com.tr\/index.php\/urun\/kayip-gunluk\/"},"modified":"2026-04-16T02:23:13","modified_gmt":"2026-04-15T23:23:13","slug":"kayip-gunluk","status":"publish","type":"product","link":"https:\/\/roveyayinevi.com.tr\/index.php\/urun\/kayip-gunluk\/","title":{"rendered":"Kay\u0131p G\u00fcnl\u00fck"},"content":{"rendered":"<p>Sonsuzlu\u011fu aramak gecenin i\u00e7inde&#8230;Sonsuzlu\u011fun geceyi de kaplad\u0131\u011f\u0131n\u0131 bile bile&#8230;\u00c7ocuk\u00e7a bir bekleyi\u015f gibiydi durumum  asl\u0131nda. Birazdan y\u0131ld\u0131z kayacak ve dilek tutaca\u011f\u0131m. Tutaca\u011f\u0131m dilek bile \u00e7oktan haz\u0131rlanm\u0131\u015f. Ge\u00e7mi\u015fimi geri isteyece\u011fim, haf\u0131zam\u0131&#8230; Kendine bile hayr\u0131 olmayan varl\u0131\u011f\u0131 yoklu\u011fa do\u011fru s\u00fcr\u00fcklenen o y\u0131ld\u0131zdan&#8230;Umut etmek de\u011fil mi ya\u015famak?Umut de\u011fil mi \u00e7\u0131k\u0131lmaz kuyulardan sarkan sicim?Umut de\u011fil mi \u00e7\u00f6l\u00fcn kavurucu s\u0131ca\u011f\u0131nda bir \u00e7a\u011flayan olarak kar\u015f\u0131m\u0131za \u00e7\u0131kan serap&#8230;Her \u015fey umut&#8230;\u0130\u015fte yine kap\u0131m \u00e7al\u0131n\u0131yor, bu be\u015finci umut dalgas\u0131&#8230; Belki girin dedikten sonra, o surats\u0131z hem\u015fire de\u011fil de annem, babam, karde\u015fim yahut sevgilim odam\u0131 dolduracak. Hasret giderme merasiminden hemen sonra oturup dizlerime her \u015feyi bir bir  anlatacaklar&#8230;<\/p>\n","protected":false},"excerpt":{"rendered":"<p>Sonsuzlu\u011fu aramak gecenin i\u00e7inde&#8230;Sonsuzlu\u011fun geceyi de kaplad\u0131\u011f\u0131n\u0131 bile bile&#8230;\u00c7ocuk\u00e7a bir bekleyi\u015f gibiydi durumum asl\u0131nda. Birazdan y\u0131ld\u0131z kayacak ve dilek tutaca\u011f\u0131m. Tutaca\u011f\u0131m dilek bile \u00e7oktan haz\u0131rlanm\u0131\u015f. Ge\u00e7mi\u015fimi<span class=\"excerpt-hellip\"> [\u2026]<\/span><\/p>\n","protected":false},"featured_media":0,"template":"","meta":{"_monsterinsights_skip_tracking":false,"_monsterinsights_sitenote_active":false,"_monsterinsights_sitenote_note":"","_monsterinsights_sitenote_category":0},"product_brand":[],"product_cat":[12291,12711],"product_tag":[],"class_list":{"0":"post-714775","1":"product","2":"type-product","3":"status-publish","5":"product_cat-edebiyat","6":"product_cat-roman-oyku","7":"pa_cilt-ciltsiz","8":"pa_tur-kitap","9":"pa_yayinevi-sinova-yayincilik","10":"pa_yazar-ahmet-demir","12":"first","13":"instock","14":"sale","15":"shipping-taxable","16":"purchasable","17":"product-type-simple"},"_links":{"self":[{"href":"https:\/\/roveyayinevi.com.tr\/index.php\/wp-json\/wp\/v2\/product\/714775","targetHints":{"allow":["GET"]}}],"collection":[{"href":"https:\/\/roveyayinevi.com.tr\/index.php\/wp-json\/wp\/v2\/product"}],"about":[{"href":"https:\/\/roveyayinevi.com.tr\/index.php\/wp-json\/wp\/v2\/types\/product"}],"wp:attachment":[{"href":"https:\/\/roveyayinevi.com.tr\/index.php\/wp-json\/wp\/v2\/media?parent=714775"}],"wp:term":[{"taxonomy":"product_brand","embeddable":true,"href":"https:\/\/roveyayinevi.com.tr\/index.php\/wp-json\/wp\/v2\/product_brand?post=714775"},{"taxonomy":"product_cat","embeddable":true,"href":"https:\/\/roveyayinevi.com.tr\/index.php\/wp-json\/wp\/v2\/product_cat?post=714775"},{"taxonomy":"product_tag","embeddable":true,"href":"https:\/\/roveyayinevi.com.tr\/index.php\/wp-json\/wp\/v2\/product_tag?post=714775"}],"curies":[{"name":"wp","href":"https:\/\/api.w.org\/{rel}","templated":true}]}}