{"id":714759,"date":"2025-08-27T17:22:28","date_gmt":"2025-08-27T14:22:28","guid":{"rendered":"https:\/\/roveyayinevi.com.tr\/index.php\/urun\/neymar-bir-futbol-sihirbazinin-izinde\/"},"modified":"2026-04-16T02:23:13","modified_gmt":"2026-04-15T23:23:13","slug":"neymar-bir-futbol-sihirbazinin-izinde","status":"publish","type":"product","link":"https:\/\/roveyayinevi.com.tr\/index.php\/urun\/neymar-bir-futbol-sihirbazinin-izinde\/","title":{"rendered":"Neymar &#8211; Bir Futbol Sihirbaz\u0131n\u0131n \u0130zinde"},"content":{"rendered":"<p>G\u00fcn\u00fcm\u00fcz futbolunun heyecan veren yetene\u011fi Neymar da Silva Santos, Brezilya futbolunun geleneklerini en iyi \u015fekilde kullanan muhte\u015fem bir top cambaz\u0131d\u0131r. 2010-2012 y\u0131llar\u0131 aras\u0131nda Santos tak\u0131m\u0131yla birlikte alt\u0131 \u015fampiyonluk kazanm\u0131\u015f, 21 ya\u015f\u0131ndayken de Barcelona\u2019ya transfer olmu\u015ftur. Ba\u015f d\u00f6nd\u00fcr\u00fcc\u00fc performans\u0131yla yaln\u0131zca Camp Nou\u2019daki taraftarlar\u0131n de\u011fil, d\u00fcnyadaki futbol severlerin kalbini kazan\u0131p i\u015ftah\u0131n\u0131 kabartm\u0131\u015ft\u0131r.Neymar\u2019\u0131n arkada\u015flar\u0131, teknik direkt\u00f6rleri ve tak\u0131m arkada\u015flar\u0131yla yap\u0131lan \u00e7ok \u00f6zel r\u00f6portajlar\u0131n yer ald\u0131\u011f\u0131 bu kitap, futbol severleri \u00fcnl\u00fc y\u0131ld\u0131z\u0131n hayat\u0131na ve futbolun zirvesine do\u011fru yapt\u0131\u011f\u0131 s\u0131ra d\u0131\u015f\u0131 yolcu\u011fa davet ediyor.<\/p>\n","protected":false},"excerpt":{"rendered":"<p>G\u00fcn\u00fcm\u00fcz futbolunun heyecan veren yetene\u011fi Neymar da Silva Santos, Brezilya futbolunun geleneklerini en iyi \u015fekilde kullanan muhte\u015fem bir top cambaz\u0131d\u0131r. 2010-2012 y\u0131llar\u0131 aras\u0131nda Santos tak\u0131m\u0131yla birlikte<span class=\"excerpt-hellip\"> [\u2026]<\/span><\/p>\n","protected":false},"featured_media":0,"template":"","meta":{"_monsterinsights_skip_tracking":false,"_monsterinsights_sitenote_active":false,"_monsterinsights_sitenote_note":"","_monsterinsights_sitenote_category":0},"product_brand":[],"product_cat":[15563,15564],"product_tag":[],"class_list":{"0":"post-714759","1":"product","2":"type-product","3":"status-publish","5":"product_cat-hobi","6":"product_cat-spor","7":"pa_cilt-ciltsiz","8":"pa_tur-kitap","9":"pa_yayinevi-marti-yayinlari","10":"pa_yazar-luca-caioli","12":"first","13":"instock","14":"sale","15":"shipping-taxable","16":"purchasable","17":"product-type-simple"},"_links":{"self":[{"href":"https:\/\/roveyayinevi.com.tr\/index.php\/wp-json\/wp\/v2\/product\/714759","targetHints":{"allow":["GET"]}}],"collection":[{"href":"https:\/\/roveyayinevi.com.tr\/index.php\/wp-json\/wp\/v2\/product"}],"about":[{"href":"https:\/\/roveyayinevi.com.tr\/index.php\/wp-json\/wp\/v2\/types\/product"}],"wp:attachment":[{"href":"https:\/\/roveyayinevi.com.tr\/index.php\/wp-json\/wp\/v2\/media?parent=714759"}],"wp:term":[{"taxonomy":"product_brand","embeddable":true,"href":"https:\/\/roveyayinevi.com.tr\/index.php\/wp-json\/wp\/v2\/product_brand?post=714759"},{"taxonomy":"product_cat","embeddable":true,"href":"https:\/\/roveyayinevi.com.tr\/index.php\/wp-json\/wp\/v2\/product_cat?post=714759"},{"taxonomy":"product_tag","embeddable":true,"href":"https:\/\/roveyayinevi.com.tr\/index.php\/wp-json\/wp\/v2\/product_tag?post=714759"}],"curies":[{"name":"wp","href":"https:\/\/api.w.org\/{rel}","templated":true}]}}