{"id":714741,"date":"2025-08-27T17:22:16","date_gmt":"2025-08-27T14:22:16","guid":{"rendered":"https:\/\/roveyayinevi.com.tr\/index.php\/urun\/buyuk-sorular-kitabim\/"},"modified":"2026-04-11T02:28:52","modified_gmt":"2026-04-10T23:28:52","slug":"buyuk-sorular-kitabim","status":"publish","type":"product","link":"https:\/\/roveyayinevi.com.tr\/index.php\/urun\/buyuk-sorular-kitabim\/","title":{"rendered":"B\u00fcy\u00fck Sorular Kitab\u0131m"},"content":{"rendered":"<p>Resimli sorular, resimli yan\u0131tlar! B\u00fcy\u00fck Sorular Kitab\u0131m, 8 konuya ayr\u0131lm\u0131\u015f resimli sorular ve bunlar\u0131n resimli yan\u0131tlar\u0131yla, okuma ser\u00fcveninde emeklemeye ba\u015flayan merakl\u0131lara hem bilgilenecekleri hem e\u011flenecekleri rengarenk g\u00f6rsel bir \u015f\u00f6len sunuyor. Sorulara ve yan\u0131tlar\u0131na e\u015flik eden 150\u2019yi a\u015fk\u0131n sevimli resim miniklerin \u00e7evresindeki kimi nesneleri hem tan\u0131mas\u0131na hem de adland\u0131rmas\u0131na yard\u0131m edecek\u2026 <\/p>\n","protected":false},"excerpt":{"rendered":"<p>Resimli sorular, resimli yan\u0131tlar! B\u00fcy\u00fck Sorular Kitab\u0131m, 8 konuya ayr\u0131lm\u0131\u015f resimli sorular ve bunlar\u0131n resimli yan\u0131tlar\u0131yla, okuma ser\u00fcveninde emeklemeye ba\u015flayan merakl\u0131lara hem bilgilenecekleri hem e\u011flenecekleri rengarenk<span class=\"excerpt-hellip\"> [\u2026]<\/span><\/p>\n","protected":false},"featured_media":0,"template":"","meta":{"_monsterinsights_skip_tracking":false,"_monsterinsights_sitenote_active":false,"_monsterinsights_sitenote_note":"","_monsterinsights_sitenote_category":0},"product_brand":[],"product_cat":[12274,12284],"product_tag":[],"class_list":{"0":"post-714741","1":"product","2":"type-product","3":"status-publish","5":"product_cat-cocuk-ve-genclik-kitaplari","6":"product_cat-hikayeler","7":"pa_cilt-ciltsiz","8":"pa_tur-kitap","9":"pa_yayinevi-yapi-kredi-yayinlari-kultur","10":"pa_yazar-sandra-lebrun-et-loic-audrain","12":"first","13":"instock","14":"sale","15":"shipping-taxable","16":"purchasable","17":"product-type-simple"},"_links":{"self":[{"href":"https:\/\/roveyayinevi.com.tr\/index.php\/wp-json\/wp\/v2\/product\/714741","targetHints":{"allow":["GET"]}}],"collection":[{"href":"https:\/\/roveyayinevi.com.tr\/index.php\/wp-json\/wp\/v2\/product"}],"about":[{"href":"https:\/\/roveyayinevi.com.tr\/index.php\/wp-json\/wp\/v2\/types\/product"}],"wp:attachment":[{"href":"https:\/\/roveyayinevi.com.tr\/index.php\/wp-json\/wp\/v2\/media?parent=714741"}],"wp:term":[{"taxonomy":"product_brand","embeddable":true,"href":"https:\/\/roveyayinevi.com.tr\/index.php\/wp-json\/wp\/v2\/product_brand?post=714741"},{"taxonomy":"product_cat","embeddable":true,"href":"https:\/\/roveyayinevi.com.tr\/index.php\/wp-json\/wp\/v2\/product_cat?post=714741"},{"taxonomy":"product_tag","embeddable":true,"href":"https:\/\/roveyayinevi.com.tr\/index.php\/wp-json\/wp\/v2\/product_tag?post=714741"}],"curies":[{"name":"wp","href":"https:\/\/api.w.org\/{rel}","templated":true}]}}